{"id":9898,"date":"2025-09-19T13:29:04","date_gmt":"2025-09-19T11:29:04","guid":{"rendered":"https:\/\/magiiik.netstory.com.pl\/produkt\/zig-zag-illusion-by-magiiik-pl\/"},"modified":"2025-09-19T13:29:52","modified_gmt":"2025-09-19T11:29:52","slug":"zig-zag-illusion-by-magiiik-pl","status":"publish","type":"product","link":"https:\/\/magiiik.netstory.com.pl\/?product=zig-zag-illusion-by-magiiik-pl","title":{"rendered":"Zig Zag Illusion by magiiik.pl"},"content":{"rendered":"<p style=\"text-align: center;\"><span style=\"font-size: 12pt; font-family: arial, helvetica, sans-serif;\"><strong>Zig Zag Illusion<\/strong> to jedna z podstawowych iluzji, od kt\u00f3rej zaczyna wi\u0119kszo\u015b\u0107 magik\u00f3w na \u015bwiecie, rozpoczynaj\u0105c swoj\u0105 przygod\u0119 z &#8222;du\u017c\u0105 iluzj\u0105&#8221;.<\/span><\/p>\n<p style=\"text-align: center;\"><span style=\"font-size: 12pt; font-family: arial, helvetica, sans-serif;\">Iluzjonista przedstawia widowni skrzyni\u0119, do kt\u00f3rej zaprasza swoj\u0105 asystentk\u0119. Kobieta wchodzi do \u015brodka, magik zamyka drzwiczki. Dla u\u0142atwienia na skrzyni narysowana jest posta\u0107 naszej asystentki. Do tego mamy otwory na g\u0142ow\u0119, na stop\u0119 i dwie d\u0142onie. Iluzjonista bierze do r\u0119ki ostrza i przecina kobiet\u0119 w dwu miejscach. To nie koniec tej sztuczki. Teraz odci\u0119t\u0105 \u015brodkow\u0105 cz\u0119\u015b\u0107 przesuwa w bok, co pokazuje widzom, \u017ce kobieta faktycznie przeci\u0119ta jest na 3 cz\u0119\u015bci! Do tego u\u015bmiecha si\u0119, porusza stop\u0105 oraz macha do nas d\u0142o\u0144mi! Magik z powrotem sk\u0142ada skrzyni\u0119, wyci\u0105ga ostrza, otwiera drzwiczki i naszym oczom ukazuje si\u0119 pi\u0119kna, nietkni\u0119ta kobieta!\u00a0<\/span><\/p>\n<p style=\"text-align: center;\"><strong><span style=\"font-size: 12pt; font-family: arial, helvetica, sans-serif;\">Przedstawiamy Pa\u0144stwu ten genialny efekt magiczny w dobrej cenie z mo\u017cliwo\u015bci\u0105 zakupu &#8222;od r\u0119ki&#8221; w naszym sklepie, w Kutnie!<\/span><\/strong><\/p>\n<p style=\"text-align: center;\"><span style=\"font-size: 12pt; font-family: arial, helvetica, sans-serif;\">W zestawie otrzymaj\u0105 Pa\u0144stwo wszystko do wykonania tej iluzji:<\/span><\/p>\n<p style=\"text-align: center;\"><span style=\"font-size: 12pt; font-family: arial, helvetica, sans-serif;\">&#8211; skrzyni\u0119;<\/span><\/p>\n<p style=\"text-align: center;\"><span style=\"font-size: 12pt; font-family: arial, helvetica, sans-serif;\">&#8211; mechanizm zas\u0142aniaj\u0105cy otwory;<\/span><\/p>\n<p style=\"text-align: center;\"><span style=\"font-size: 12pt; font-family: arial, helvetica, sans-serif;\">&#8211; ostrza.<\/span><\/p>\n<p style=\"text-align: center;\">\u00a0<\/p>\n<p style=\"text-align: center;\"><strong><span style=\"font-size: 12pt; font-family: arial, helvetica, sans-serif; color: #ff0000;\">UWAGA!<\/span><\/strong><\/p>\n<p style=\"font-size: 12px; font-family: Tahoma, Arial, sans-serif; text-align: center;\"><strong><span style=\"color: #ff0000; font-size: 12pt; font-family: arial, helvetica, sans-serif;\">Zakup skrzyni TYLKO w sklepie stacjonarnym magiiik.pl, w Kutnie!<\/span><\/strong><\/p>\n<p style=\"font-size: 12px; font-family: Tahoma, Arial, sans-serif; text-align: center;\"><strong><span style=\"color: #ff0000; font-size: 12pt; font-family: arial, helvetica, sans-serif;\">Produkt jest NOWY, NIEU\u017bYWANY!<\/span><\/strong><\/p>\n<p style=\"font-size: 12px; font-family: Tahoma, Arial, sans-serif; text-align: center;\"><span style=\"font-size: 12pt; font-family: arial, helvetica, sans-serif;\">\u00a0<\/span><\/p>\n<p style=\"font-size: 12px; font-family: Tahoma, Arial, sans-serif; text-align: center;\"><strong><span style=\"font-size: 12pt; font-family: arial, helvetica, sans-serif;\">Polecamy,<\/span><\/strong><\/p>\n<p style=\"font-size: 12px; font-family: Tahoma, Arial, sans-serif; text-align: center;\"><strong><span style=\"font-size: 12pt; font-family: arial, helvetica, sans-serif;\">magiiik.pl<\/span><\/strong><\/p>\n","protected":false},"excerpt":{"rendered":"<p><strong>Zig Zag Illusion by magiiik.pl<\/strong><\/p>\n","protected":false},"featured_media":9899,"comment_status":"closed","ping_status":"open","template":"","meta":[],"product_brand":[],"product_cat":[69],"product_tag":[],"class_list":{"0":"post-9898","1":"product","2":"type-product","3":"status-publish","4":"has-post-thumbnail","6":"product_cat-iluzja-sceniczna-duze-iluzje","8":"first","9":"instock","10":"purchasable","11":"product-type-simple"},"_links":{"self":[{"href":"https:\/\/magiiik.netstory.com.pl\/index.php?rest_route=\/wp\/v2\/product\/9898","targetHints":{"allow":["GET"]}}],"collection":[{"href":"https:\/\/magiiik.netstory.com.pl\/index.php?rest_route=\/wp\/v2\/product"}],"about":[{"href":"https:\/\/magiiik.netstory.com.pl\/index.php?rest_route=\/wp\/v2\/types\/product"}],"replies":[{"embeddable":true,"href":"https:\/\/magiiik.netstory.com.pl\/index.php?rest_route=%2Fwp%2Fv2%2Fcomments&post=9898"}],"wp:featuredmedia":[{"embeddable":true,"href":"https:\/\/magiiik.netstory.com.pl\/index.php?rest_route=\/wp\/v2\/media\/9899"}],"wp:attachment":[{"href":"https:\/\/magiiik.netstory.com.pl\/index.php?rest_route=%2Fwp%2Fv2%2Fmedia&parent=9898"}],"wp:term":[{"taxonomy":"product_brand","embeddable":true,"href":"https:\/\/magiiik.netstory.com.pl\/index.php?rest_route=%2Fwp%2Fv2%2Fproduct_brand&post=9898"},{"taxonomy":"product_cat","embeddable":true,"href":"https:\/\/magiiik.netstory.com.pl\/index.php?rest_route=%2Fwp%2Fv2%2Fproduct_cat&post=9898"},{"taxonomy":"product_tag","embeddable":true,"href":"https:\/\/magiiik.netstory.com.pl\/index.php?rest_route=%2Fwp%2Fv2%2Fproduct_tag&post=9898"}],"curies":[{"name":"wp","href":"https:\/\/api.w.org\/{rel}","templated":true}]}}