{"id":9874,"date":"2025-09-19T13:29:04","date_gmt":"2025-09-19T11:29:04","guid":{"rendered":"https:\/\/magiiik.netstory.com.pl\/produkt\/nailed-it-rosyjska-ruletka-by-scott-alexander\/"},"modified":"2025-09-19T13:29:26","modified_gmt":"2025-09-19T11:29:26","slug":"nailed-it-rosyjska-ruletka-by-scott-alexander","status":"publish","type":"product","link":"https:\/\/magiiik.netstory.com.pl\/?product=nailed-it-rosyjska-ruletka-by-scott-alexander","title":{"rendered":"Nailed It (Rosyjska Ruletka) by Scott Alexander"},"content":{"rendered":"<p style=\"text-align: center;\"><span style=\"font-size: 12pt; font-family: arial, helvetica, sans-serif;\"><strong>Scott<\/strong> zachowa\u0142 t\u0119 \u015bci\u015ble strze\u017con\u0105 tajemnic\u0119 a\u017c do teraz. Widzieli\u015bcie pewnie ten efekt setki razy, z r\u00f3\u017cnym skutkiem. W Polsce r\u00f3wnie\u017c nie tak dawno byli\u015bmy \u015bwiadkami nieudanej &#8222;rosyjskiej ruletki&#8221; w programie telewizyjnym na \u017cywo&#8230; Teraz nie musisz si\u0119 ju\u017c martwi\u0107! Scott wyeliminowa\u0107 wszelkie zagro\u017cenia! <strong>Trick jest w 100% bezpieczny.\u00a0<\/strong><\/span><\/p>\n<p style=\"text-align: center;\"><span style=\"font-size: 12pt; font-family: arial, helvetica, sans-serif;\"><strong><iframe loading=\"lazy\" src=\"\/\/www.youtube.com\/embed\/sRxvqx16S8o\" width=\"620\" height=\"350\"><\/iframe><\/strong><\/span><\/p>\n<p style=\"text-align: center;\"><span style=\"font-size: 12pt; font-family: arial, helvetica, sans-serif;\">W zestawie otrzymasz wszystko, co potrzebne do wykonania tego tricku.<\/span><\/p>\n<p style=\"text-align: center;\"><strong><span style=\"font-size: 12pt; font-family: arial, helvetica, sans-serif;\">Polecamy,<\/span><\/strong><\/p>\n<p style=\"text-align: center;\"><strong><span style=\"font-size: 12pt; font-family: arial, helvetica, sans-serif;\">magiik.pl<\/span><\/strong><\/p>\n","protected":false},"excerpt":{"rendered":"<p><strong>Nailed It (Rosyjska Ruletka) by Scott Alexander\u00a0<\/strong><\/p>\n","protected":false},"featured_media":9875,"comment_status":"closed","ping_status":"open","template":"","meta":[],"product_brand":[],"product_cat":[53],"product_tag":[],"class_list":{"0":"post-9874","1":"product","2":"type-product","3":"status-publish","4":"has-post-thumbnail","6":"product_cat-mikro-iluzja-close-up","8":"first","9":"instock","10":"purchasable","11":"product-type-simple"},"_links":{"self":[{"href":"https:\/\/magiiik.netstory.com.pl\/index.php?rest_route=\/wp\/v2\/product\/9874","targetHints":{"allow":["GET"]}}],"collection":[{"href":"https:\/\/magiiik.netstory.com.pl\/index.php?rest_route=\/wp\/v2\/product"}],"about":[{"href":"https:\/\/magiiik.netstory.com.pl\/index.php?rest_route=\/wp\/v2\/types\/product"}],"replies":[{"embeddable":true,"href":"https:\/\/magiiik.netstory.com.pl\/index.php?rest_route=%2Fwp%2Fv2%2Fcomments&post=9874"}],"wp:featuredmedia":[{"embeddable":true,"href":"https:\/\/magiiik.netstory.com.pl\/index.php?rest_route=\/wp\/v2\/media\/9875"}],"wp:attachment":[{"href":"https:\/\/magiiik.netstory.com.pl\/index.php?rest_route=%2Fwp%2Fv2%2Fmedia&parent=9874"}],"wp:term":[{"taxonomy":"product_brand","embeddable":true,"href":"https:\/\/magiiik.netstory.com.pl\/index.php?rest_route=%2Fwp%2Fv2%2Fproduct_brand&post=9874"},{"taxonomy":"product_cat","embeddable":true,"href":"https:\/\/magiiik.netstory.com.pl\/index.php?rest_route=%2Fwp%2Fv2%2Fproduct_cat&post=9874"},{"taxonomy":"product_tag","embeddable":true,"href":"https:\/\/magiiik.netstory.com.pl\/index.php?rest_route=%2Fwp%2Fv2%2Fproduct_tag&post=9874"}],"curies":[{"name":"wp","href":"https:\/\/api.w.org\/{rel}","templated":true}]}}