{"id":9866,"date":"2025-09-19T13:29:04","date_gmt":"2025-09-19T11:29:04","guid":{"rendered":"https:\/\/magiiik.netstory.com.pl\/produkt\/vanishing-ring-by-sansminds\/"},"modified":"2025-09-19T13:29:21","modified_gmt":"2025-09-19T11:29:21","slug":"vanishing-ring-by-sansminds","status":"publish","type":"product","link":"https:\/\/magiiik.netstory.com.pl\/?product=vanishing-ring-by-sansminds","title":{"rendered":"Vanishing Ring by SansMinds"},"content":{"rendered":"<p style=\"text-align: center;\"><span style=\"font-size: 12pt; font-family: arial, helvetica, sans-serif;\">Ka\u017cdy iluzjonista szuka w\u0142a\u015bciwego narz\u0119dzia do tworzenia swoich cud\u00f3w. Magiczny efekt, kt\u00f3ry mo\u017ce porwa\u0107 publiczno\u015b\u0107 i ca\u0142kowicie oczarowa\u0107.<\/span><\/p>\n<p style=\"text-align: center;\"><span style=\"font-size: 12pt; font-family: arial, helvetica, sans-serif;\">A co je\u015bli od dzi\u015b b\u0119dziesz m\u00f3g\u0142 znikn\u0105\u0107 pier\u015bcionek bez dotykania go, do tego b\u0119d\u0105c dos\u0142ownie przed oczami swojego widza&#8230;?<\/span><\/p>\n<p style=\"text-align: center;\"><span style=\"font-size: 12pt; font-family: arial, helvetica, sans-serif;\">Wyobra\u017a sobie, \u017ce Tw\u00f3j widz zdejmuje pier\u015bcionek z palca wk\u0142ada go do pude\u0142ka na pier\u015bcionek, zamyka, ponownie otwiera, a tam&#8230; ju\u017c nic nie ma! Gdzie i jak pojawi si\u0119 ponownie zale\u017cy ju\u017c tylko od Ciebie i Twojej wyobra\u017ani!<\/span><\/p>\n<p style=\"text-align: center;\"><span style=\"font-size: 12pt; font-family: arial, helvetica, sans-serif;\"><iframe loading=\"lazy\" src=\"\/\/www.youtube.com\/embed\/j5tHrawAEPQ\" width=\"615\" height=\"350\"><\/iframe><\/span><\/p>\n<p style=\"text-align: center;\"><span style=\"font-size: 12pt; font-family: arial, helvetica, sans-serif;\">Rekwizyt ten zosta\u0142 specjalnie zaprojektowany do program\u00f3w telewizyjnych<strong> SansMinds<\/strong>. Aby dopracowa\u0107 wszystkie szczeg\u00f3\u0142y, <strong>SansMinds<\/strong> zaj\u0119\u0142o tworzenie go ponad 2 i p\u00f3\u0142 roku. Teraz <strong>SansMinds<\/strong> dzieli si\u0119 tym &#8222;cudem&#8221; z iluzjonistami na ca\u0142ym \u015bwiecie.\u00a0<\/span><\/p>\n<p style=\"text-align: center;\"><span style=\"font-size: 12pt; font-family: arial, helvetica, sans-serif;\">Starannie wykonana i skomplikowana konstrukcja <strong>Vanishing Ring<\/strong> robi za Ciebie 100% pracy, zachowuj\u0105c przy tym ca\u0142kowicie bezpiecznie pier\u015bcionek.\u00a0<\/span><\/p>\n<p style=\"text-align: center;\"><span style=\"font-size: 12pt; font-family: arial, helvetica, sans-serif;\">Do\u0142\u0105cz do najlepszych gwiazd magicznych na \u015bwiecie i kup ju\u017c dzi\u015b ten niesamowity efekt!<\/span><\/p>\n<p style=\"text-align: center;\">\u00a0<\/p>\n<p style=\"text-align: center;\"><strong><span style=\"font-size: 12pt; font-family: arial, helvetica, sans-serif;\">UWAGA!<\/span><\/strong><\/p>\n<p style=\"text-align: center;\"><strong><span style=\"font-family: arial, helvetica, sans-serif;\"><span style=\"font-size: 16px;\">Produkt ten posiada certyfikat <a href=\"\/pl\/c\/BLACK-LABEL\/95\">BLACK LABEL<\/a>!<\/span><\/span><\/strong><\/p>\n<p style=\"text-align: center;\">\u00a0<\/p>\n<p style=\"text-align: center;\"><strong><span style=\"font-size: 12pt; font-family: arial, helvetica, sans-serif;\">Polecamy,<\/span><\/strong><\/p>\n<p style=\"text-align: center;\"><strong><span style=\"font-size: 12pt; font-family: arial, helvetica, sans-serif;\">magiiik.pl<\/span><\/strong><\/p>\n","protected":false},"excerpt":{"rendered":"<p><strong>Vanishing Ring by SansMinds\u00a0<\/strong><\/p>\n","protected":false},"featured_media":9867,"comment_status":"closed","ping_status":"open","template":"","meta":[],"product_brand":[],"product_cat":[57],"product_tag":[],"class_list":{"0":"post-9866","1":"product","2":"type-product","3":"status-publish","4":"has-post-thumbnail","6":"product_cat-ksiazki-dvd-download-black-label","8":"first","9":"instock","10":"purchasable","11":"product-type-simple"},"_links":{"self":[{"href":"https:\/\/magiiik.netstory.com.pl\/index.php?rest_route=\/wp\/v2\/product\/9866","targetHints":{"allow":["GET"]}}],"collection":[{"href":"https:\/\/magiiik.netstory.com.pl\/index.php?rest_route=\/wp\/v2\/product"}],"about":[{"href":"https:\/\/magiiik.netstory.com.pl\/index.php?rest_route=\/wp\/v2\/types\/product"}],"replies":[{"embeddable":true,"href":"https:\/\/magiiik.netstory.com.pl\/index.php?rest_route=%2Fwp%2Fv2%2Fcomments&post=9866"}],"wp:featuredmedia":[{"embeddable":true,"href":"https:\/\/magiiik.netstory.com.pl\/index.php?rest_route=\/wp\/v2\/media\/9867"}],"wp:attachment":[{"href":"https:\/\/magiiik.netstory.com.pl\/index.php?rest_route=%2Fwp%2Fv2%2Fmedia&parent=9866"}],"wp:term":[{"taxonomy":"product_brand","embeddable":true,"href":"https:\/\/magiiik.netstory.com.pl\/index.php?rest_route=%2Fwp%2Fv2%2Fproduct_brand&post=9866"},{"taxonomy":"product_cat","embeddable":true,"href":"https:\/\/magiiik.netstory.com.pl\/index.php?rest_route=%2Fwp%2Fv2%2Fproduct_cat&post=9866"},{"taxonomy":"product_tag","embeddable":true,"href":"https:\/\/magiiik.netstory.com.pl\/index.php?rest_route=%2Fwp%2Fv2%2Fproduct_tag&post=9866"}],"curies":[{"name":"wp","href":"https:\/\/api.w.org\/{rel}","templated":true}]}}