{"id":9859,"date":"2025-09-19T13:29:04","date_gmt":"2025-09-19T11:29:04","guid":{"rendered":"https:\/\/magiiik.netstory.com.pl\/produkt\/vice-by-jeff-prace\/"},"modified":"2025-09-19T13:29:13","modified_gmt":"2025-09-19T11:29:13","slug":"vice-by-jeff-prace","status":"publish","type":"product","link":"https:\/\/magiiik.netstory.com.pl\/?product=vice-by-jeff-prace","title":{"rendered":"Vice by Jeff Prace"},"content":{"rendered":"<p style=\"text-align: center;\"><span style=\"font-size: 12pt; font-family: arial, helvetica, sans-serif;\">Rozdawanie &#8222;niemo\u017cliwego&#8221; jako pami\u0105tka wykonanego tricku magicznego, to najlepsza rzecz, jak\u0105 mo\u017cna zrobi\u0107 zamykaj\u0105c swoje show. A jeszcze, jak mo\u017cna go zje\u015b\u0107&#8230;? Efekt niezapomniany \ud83d\ude42<\/span><\/p>\n<p style=\"text-align: center;\"><span style=\"font-size: 12pt; font-family: arial, helvetica, sans-serif;\"><strong>Vice<\/strong> to niezwykle efektowny trick. Wyjmujesz z opakowania mi\u0119towego cukierka z dziurk\u0105. Bierzesz go mi\u0119dzy palce i powoli zgniatasz. Cukierek jest ca\u0142kowicie zniekszta\u0142cony i w takim stanie mo\u017cesz da\u0107 go swojemu widzowi. Ten mo\u017ce go dok\u0142adnie obejrze\u0107, ale r\u00f3wnie\u017c&#8230; zje\u015b\u0107! Cukierek ma smak mi\u0119ty i jest prawdziwy!<\/span><\/p>\n<p style=\"text-align: center;\"><span style=\"font-size: 12pt; font-family: arial, helvetica, sans-serif;\">\u015amieszne i \u0142atwe do wykonania, a jednocze\u015bnie bardzo zaskakuj\u0105ce dla widz\u00f3w. Pokochasz osza\u0142amiaj\u0105cy wygl\u0105d twarzy Twoich widz\u00f3w przy tym efekcie!<\/span><\/p>\n<p style=\"text-align: center;\"><span style=\"font-size: 12pt; font-family: arial, helvetica, sans-serif;\"><iframe loading=\"lazy\" src=\"\/\/www.youtube.com\/embed\/R1iQE_uoB38\" width=\"616\" height=\"350\"><\/iframe><\/span><\/p>\n<p style=\"text-align: center;\"><span style=\"font-size: 12pt; font-family: arial, helvetica, sans-serif;\">W zestawie otrzymasz wszystko, co potrzebne, aby natychmiast wykona\u0107 ten trick.<\/span><\/p>\n<p style=\"text-align: center;\"><strong><span style=\"font-size: 12pt; font-family: arial, helvetica, sans-serif;\">Polecamy,<\/span><\/strong><\/p>\n<p style=\"text-align: center;\"><strong><span style=\"font-size: 12pt; font-family: arial, helvetica, sans-serif;\">magiiik.pl<\/span><\/strong><\/p>\n","protected":false},"excerpt":{"rendered":"<p><strong>Vice by Jeff Prace<\/strong><\/p>\n","protected":false},"featured_media":9860,"comment_status":"closed","ping_status":"open","template":"","meta":[],"product_brand":[],"product_cat":[53],"product_tag":[],"class_list":{"0":"post-9859","1":"product","2":"type-product","3":"status-publish","4":"has-post-thumbnail","6":"product_cat-mikro-iluzja-close-up","8":"first","9":"instock","10":"purchasable","11":"product-type-simple"},"_links":{"self":[{"href":"https:\/\/magiiik.netstory.com.pl\/index.php?rest_route=\/wp\/v2\/product\/9859","targetHints":{"allow":["GET"]}}],"collection":[{"href":"https:\/\/magiiik.netstory.com.pl\/index.php?rest_route=\/wp\/v2\/product"}],"about":[{"href":"https:\/\/magiiik.netstory.com.pl\/index.php?rest_route=\/wp\/v2\/types\/product"}],"replies":[{"embeddable":true,"href":"https:\/\/magiiik.netstory.com.pl\/index.php?rest_route=%2Fwp%2Fv2%2Fcomments&post=9859"}],"wp:featuredmedia":[{"embeddable":true,"href":"https:\/\/magiiik.netstory.com.pl\/index.php?rest_route=\/wp\/v2\/media\/9860"}],"wp:attachment":[{"href":"https:\/\/magiiik.netstory.com.pl\/index.php?rest_route=%2Fwp%2Fv2%2Fmedia&parent=9859"}],"wp:term":[{"taxonomy":"product_brand","embeddable":true,"href":"https:\/\/magiiik.netstory.com.pl\/index.php?rest_route=%2Fwp%2Fv2%2Fproduct_brand&post=9859"},{"taxonomy":"product_cat","embeddable":true,"href":"https:\/\/magiiik.netstory.com.pl\/index.php?rest_route=%2Fwp%2Fv2%2Fproduct_cat&post=9859"},{"taxonomy":"product_tag","embeddable":true,"href":"https:\/\/magiiik.netstory.com.pl\/index.php?rest_route=%2Fwp%2Fv2%2Fproduct_tag&post=9859"}],"curies":[{"name":"wp","href":"https:\/\/api.w.org\/{rel}","templated":true}]}}