{"id":9835,"date":"2025-09-19T13:28:44","date_gmt":"2025-09-19T11:28:44","guid":{"rendered":"https:\/\/magiiik.netstory.com.pl\/produkt\/the-darwin-ortiz-2nd-lecture-by-international-magic-dvd\/"},"modified":"2025-09-19T13:28:55","modified_gmt":"2025-09-19T11:28:55","slug":"the-darwin-ortiz-2nd-lecture-by-international-magic-dvd","status":"publish","type":"product","link":"https:\/\/magiiik.netstory.com.pl\/?product=the-darwin-ortiz-2nd-lecture-by-international-magic-dvd","title":{"rendered":"The Darwin Ortiz 2nd Lecture by International Magic (DVD)"},"content":{"rendered":"<p style=\"text-align: center;\"><span style=\"font-size: 12pt; font-family: arial, helvetica, sans-serif;\">Nowy wyk\u0142ad <strong>Darwin&#8217;<\/strong>a<strong> Ortiz<\/strong> zosta\u0142 zatytu\u0142owany &#8222;praktycznie niemo\u017cliwe&#8221;. Tytu\u0142 pasuje idealnie do Jego show, kt\u00f3re przedstawia. Na tym DVD mo\u017cesz poczu\u0107 magi\u0119 najlepszych kart na \u015bwiecie! Nienagannie wykonywane sztuczki karciane wraz z doskona\u0142\u0105 prezentacj\u0105, tego nauczysz si\u0119 z tego DVD. Ten film oferuje Ci prze\u0142omowe i ca\u0142kiem nowe procedury, kt\u00f3re zachwycaj\u0105, nawet najbardziej wybrednych widz\u00f3w.\u00a0<\/span><\/p>\n<p style=\"text-align: center;\"><span style=\"font-size: 12pt; font-family: arial, helvetica, sans-serif;\"><iframe loading=\"lazy\" src=\"\/\/www.youtube.com\/embed\/MB69o9XnWxY\" width=\"563\" height=\"350\"><\/iframe><\/span><\/p>\n<p style=\"text-align: center;\"><span style=\"font-size: 12pt; font-family: arial, helvetica, sans-serif;\">Czas trwania DVD to oko\u0142o 1 godz. 51 min.<\/span><\/p>\n<p style=\"text-align: center;\">\u00a0<\/p>\n<p style=\"text-align: center;\"><strong><span style=\"font-size: 12pt; font-family: arial, helvetica, sans-serif;\">Polecamy,<\/span><\/strong><\/p>\n<p style=\"text-align: center;\"><strong><span style=\"font-size: 12pt; font-family: arial, helvetica, sans-serif;\">magiiik.pl<\/span><\/strong><\/p>\n","protected":false},"excerpt":{"rendered":"<p><strong>The Darwin Ortiz 2nd Lecture by International Magic (DVD)<\/strong><\/p>\n","protected":false},"featured_media":9836,"comment_status":"closed","ping_status":"open","template":"","meta":[],"product_brand":[],"product_cat":[47],"product_tag":[],"class_list":{"0":"post-9835","1":"product","2":"type-product","3":"status-publish","4":"has-post-thumbnail","6":"product_cat-ksiazki-dvd-download-filmy-dvd","8":"first","9":"instock","10":"purchasable","11":"product-type-simple"},"_links":{"self":[{"href":"https:\/\/magiiik.netstory.com.pl\/index.php?rest_route=\/wp\/v2\/product\/9835","targetHints":{"allow":["GET"]}}],"collection":[{"href":"https:\/\/magiiik.netstory.com.pl\/index.php?rest_route=\/wp\/v2\/product"}],"about":[{"href":"https:\/\/magiiik.netstory.com.pl\/index.php?rest_route=\/wp\/v2\/types\/product"}],"replies":[{"embeddable":true,"href":"https:\/\/magiiik.netstory.com.pl\/index.php?rest_route=%2Fwp%2Fv2%2Fcomments&post=9835"}],"wp:featuredmedia":[{"embeddable":true,"href":"https:\/\/magiiik.netstory.com.pl\/index.php?rest_route=\/wp\/v2\/media\/9836"}],"wp:attachment":[{"href":"https:\/\/magiiik.netstory.com.pl\/index.php?rest_route=%2Fwp%2Fv2%2Fmedia&parent=9835"}],"wp:term":[{"taxonomy":"product_brand","embeddable":true,"href":"https:\/\/magiiik.netstory.com.pl\/index.php?rest_route=%2Fwp%2Fv2%2Fproduct_brand&post=9835"},{"taxonomy":"product_cat","embeddable":true,"href":"https:\/\/magiiik.netstory.com.pl\/index.php?rest_route=%2Fwp%2Fv2%2Fproduct_cat&post=9835"},{"taxonomy":"product_tag","embeddable":true,"href":"https:\/\/magiiik.netstory.com.pl\/index.php?rest_route=%2Fwp%2Fv2%2Fproduct_tag&post=9835"}],"curies":[{"name":"wp","href":"https:\/\/api.w.org\/{rel}","templated":true}]}}