{"id":9829,"date":"2025-09-19T13:28:44","date_gmt":"2025-09-19T11:28:44","guid":{"rendered":"https:\/\/magiiik.netstory.com.pl\/produkt\/russian-roulette-by-eric-james-i-alan-rorrison-dvd\/"},"modified":"2025-09-19T13:28:54","modified_gmt":"2025-09-19T11:28:54","slug":"russian-roulette-by-eric-james-i-alan-rorrison-dvd","status":"publish","type":"product","link":"https:\/\/magiiik.netstory.com.pl\/?product=russian-roulette-by-eric-james-i-alan-rorrison-dvd","title":{"rendered":"Russian Roulette by Eric James i Alan Rorrison (DVD)"},"content":{"rendered":"<p style=\"text-align: center;\"><span style=\"font-size: 12pt; font-family: arial, helvetica, sans-serif;\"><strong>Rosyjska Ruletka\u00a0<\/strong>to trick tak po samo pot\u0119\u017cny i ekscytuj\u0105ce dla wykonawcy, jak i dla widza. Efekt, kt\u00f3ry naprawd\u0119 nigdy si\u0119 nie nudzi. Dodaje dramatyzmu i powoduje napi\u0119cie&#8230; To trick, kt\u00f3ry mo\u017cesz wykona\u0107 w dowolnym miejscu i czasie.\u00a0<\/span><\/p>\n<p style=\"text-align: center;\"><span style=\"font-size: 12pt; font-family: arial, helvetica, sans-serif;\">Efekt ten zosta\u0142 stworzony przez <strong>Alan<\/strong>&#8217;a <strong>Rorrison<\/strong>&#8217;a i jest najbardziej poszukiwanym efektem, jaki zosta\u0142 kiedykolwiek wydany.\u00a0<\/span><\/p>\n<p style=\"text-align: center;\"><span style=\"font-size: 12pt; font-family: arial, helvetica, sans-serif;\"><iframe loading=\"lazy\" src=\"\/\/www.youtube.com\/embed\/cx89MHfUpDk\" width=\"564\" height=\"350\"><\/iframe><\/span><\/p>\n<p style=\"text-align: center;\"><span style=\"color: #ff0000;\"><strong><span style=\"font-size: 12pt; font-family: arial, helvetica, sans-serif;\">UWAGA!<\/span><\/strong><\/span><\/p>\n<p style=\"text-align: center;\"><span style=\"color: #ff0000;\"><strong><span style=\"font-size: 12pt; font-family: arial, helvetica, sans-serif;\">Efekt ten jest bardzo niebezpieczny i sprzedawany jest TYLKO osobom powy\u017cej 18 roku \u017cycia.<\/span><\/strong><\/span><\/p>\n","protected":false},"excerpt":{"rendered":"<p><strong>Russian Roulette by Eric James i Alan Rorrison (DVD)<\/strong><\/p>\n","protected":false},"featured_media":9830,"comment_status":"closed","ping_status":"open","template":"","meta":[],"product_brand":[],"product_cat":[47],"product_tag":[],"class_list":{"0":"post-9829","1":"product","2":"type-product","3":"status-publish","4":"has-post-thumbnail","6":"product_cat-ksiazki-dvd-download-filmy-dvd","8":"first","9":"instock","10":"purchasable","11":"product-type-simple"},"_links":{"self":[{"href":"https:\/\/magiiik.netstory.com.pl\/index.php?rest_route=\/wp\/v2\/product\/9829","targetHints":{"allow":["GET"]}}],"collection":[{"href":"https:\/\/magiiik.netstory.com.pl\/index.php?rest_route=\/wp\/v2\/product"}],"about":[{"href":"https:\/\/magiiik.netstory.com.pl\/index.php?rest_route=\/wp\/v2\/types\/product"}],"replies":[{"embeddable":true,"href":"https:\/\/magiiik.netstory.com.pl\/index.php?rest_route=%2Fwp%2Fv2%2Fcomments&post=9829"}],"wp:featuredmedia":[{"embeddable":true,"href":"https:\/\/magiiik.netstory.com.pl\/index.php?rest_route=\/wp\/v2\/media\/9830"}],"wp:attachment":[{"href":"https:\/\/magiiik.netstory.com.pl\/index.php?rest_route=%2Fwp%2Fv2%2Fmedia&parent=9829"}],"wp:term":[{"taxonomy":"product_brand","embeddable":true,"href":"https:\/\/magiiik.netstory.com.pl\/index.php?rest_route=%2Fwp%2Fv2%2Fproduct_brand&post=9829"},{"taxonomy":"product_cat","embeddable":true,"href":"https:\/\/magiiik.netstory.com.pl\/index.php?rest_route=%2Fwp%2Fv2%2Fproduct_cat&post=9829"},{"taxonomy":"product_tag","embeddable":true,"href":"https:\/\/magiiik.netstory.com.pl\/index.php?rest_route=%2Fwp%2Fv2%2Fproduct_tag&post=9829"}],"curies":[{"name":"wp","href":"https:\/\/api.w.org\/{rel}","templated":true}]}}