{"id":9784,"date":"2025-09-19T13:28:05","date_gmt":"2025-09-19T11:28:05","guid":{"rendered":"https:\/\/magiiik.netstory.com.pl\/produkt\/moving-the-cards-by-sean-taylor-ksiazka\/"},"modified":"2025-09-19T13:28:28","modified_gmt":"2025-09-19T11:28:28","slug":"moving-the-cards-by-sean-taylor-ksiazka","status":"publish","type":"product","link":"https:\/\/magiiik.netstory.com.pl\/?product=moving-the-cards-by-sean-taylor-ksiazka","title":{"rendered":"Moving The Cards by Sean Taylor (ksi\u0105\u017cka)"},"content":{"rendered":"<p style=\"text-align: center;\"><span style=\"font-size: 12pt; font-family: arial, helvetica, sans-serif;\">\u00a0Po raz pierwszy w druku &#8211; zbi\u00f3r nowych i oryginalnych prac, kt\u00f3re koncentruj\u0105 si\u0119 na uwolnienie pe\u0142nego potencja\u0142u magii z kartami, najczystsze, najuczciwsze efekty.<\/span><\/p>\n<p style=\"text-align: center;\"><span style=\"font-size: 12pt; font-family: arial, helvetica, sans-serif;\">Ta starannie przygotowana, 56 stronicowa ksi\u0105\u017cka ze zdj\u0119ciami zabierze Ci\u0119 w niezwyk\u0142\u0105 podr\u00f3\u017c, pocz\u0105wszy od efekt\u00f3w podstawowych z lat 80&#8242;, poprzez r\u00f3\u017cne bardziej skomplikowane efekty, w ko\u0144cu aby da\u0107 Ci ciekawe pomys\u0142y do stworzenia w\u0142asnych odmian tych trick\u00f3w.\u00a0<\/span><\/p>\n<p style=\"text-align: center;\"><span style=\"font-size: 12pt; font-family: arial, helvetica, sans-serif;\"><strong>Do tych trick\u00f3w nie b\u0119dziesz potrzebowa\u0142 nic poza zwyk\u0142\u0105 tali\u0105 kart.<\/strong> \u017badnych specjalnych kart, rekwizyt\u00f3w, gimmick\u00f3w itd. Mo\u017cesz rozpocz\u0105\u0107 i zako\u0144czy\u0107 show z jedn\u0105 tali\u0105 kart do gry.\u00a0<\/span><\/p>\n<p style=\"text-align: center;\"><strong><span style=\"font-size: 12pt; font-family: arial, helvetica, sans-serif;\">Polecamy,<\/span><\/strong><\/p>\n<p style=\"text-align: center;\"><strong><span style=\"font-size: 12pt; font-family: arial, helvetica, sans-serif;\">magiiik.p<\/span>l<\/strong><\/p>\n","protected":false},"excerpt":{"rendered":"<p><strong>Moving The Cards by Sean Taylor\u00a0<\/strong><\/p>\n","protected":false},"featured_media":9785,"comment_status":"closed","ping_status":"open","template":"","meta":[],"product_brand":[],"product_cat":[56],"product_tag":[],"class_list":{"0":"post-9784","1":"product","2":"type-product","3":"status-publish","4":"has-post-thumbnail","6":"product_cat-ksiazki-dvd-download-ksiazki","8":"first","9":"instock","10":"purchasable","11":"product-type-simple"},"_links":{"self":[{"href":"https:\/\/magiiik.netstory.com.pl\/index.php?rest_route=\/wp\/v2\/product\/9784","targetHints":{"allow":["GET"]}}],"collection":[{"href":"https:\/\/magiiik.netstory.com.pl\/index.php?rest_route=\/wp\/v2\/product"}],"about":[{"href":"https:\/\/magiiik.netstory.com.pl\/index.php?rest_route=\/wp\/v2\/types\/product"}],"replies":[{"embeddable":true,"href":"https:\/\/magiiik.netstory.com.pl\/index.php?rest_route=%2Fwp%2Fv2%2Fcomments&post=9784"}],"wp:featuredmedia":[{"embeddable":true,"href":"https:\/\/magiiik.netstory.com.pl\/index.php?rest_route=\/wp\/v2\/media\/9785"}],"wp:attachment":[{"href":"https:\/\/magiiik.netstory.com.pl\/index.php?rest_route=%2Fwp%2Fv2%2Fmedia&parent=9784"}],"wp:term":[{"taxonomy":"product_brand","embeddable":true,"href":"https:\/\/magiiik.netstory.com.pl\/index.php?rest_route=%2Fwp%2Fv2%2Fproduct_brand&post=9784"},{"taxonomy":"product_cat","embeddable":true,"href":"https:\/\/magiiik.netstory.com.pl\/index.php?rest_route=%2Fwp%2Fv2%2Fproduct_cat&post=9784"},{"taxonomy":"product_tag","embeddable":true,"href":"https:\/\/magiiik.netstory.com.pl\/index.php?rest_route=%2Fwp%2Fv2%2Fproduct_tag&post=9784"}],"curies":[{"name":"wp","href":"https:\/\/api.w.org\/{rel}","templated":true}]}}