{"id":9774,"date":"2025-09-19T13:28:05","date_gmt":"2025-09-19T11:28:05","guid":{"rendered":"https:\/\/magiiik.netstory.com.pl\/produkt\/silent-deck-blue-by-sherman-tai\/"},"modified":"2025-09-19T13:28:25","modified_gmt":"2025-09-19T11:28:25","slug":"silent-deck-blue-by-sherman-tai","status":"publish","type":"product","link":"https:\/\/magiiik.netstory.com.pl\/?product=silent-deck-blue-by-sherman-tai","title":{"rendered":"Silent Deck (Blue) by Sherman Tai"},"content":{"rendered":"<p style=\"text-align: center;\"><strong><span style=\"font-size: 12pt; font-family: arial, helvetica, sans-serif;\">To a\u017c 3 niesamowite tricki z kartami!<\/span><\/strong><\/p>\n<p style=\"text-align: center;\"><span style=\"font-size: 12pt; font-family: arial, helvetica, sans-serif;\">Widz tasuje tali\u0119 kart. Iluzjonista z talii wyci\u0105ga jedn\u0105 kart\u0119 i k\u0142adzie j\u0105 z boku na macie. Nast\u0119pnie magik rozk\u0142ada tali\u0119, a widz w dowolnym momencie ma powiedzie\u0107 stop. Widz bierze kart\u0119 i ma j\u0105 zapami\u0119ta\u0107 oraz z powrotem wsadzi\u0107 do talii. Iluzjonista wyci\u0105ga teraz z talii jeszcze 4 pomocnicze karty. W zaskakuj\u0105cy spos\u00f3b wszystkie 4 prezentuj\u0105 kart\u0119, kt\u00f3r\u0105 wybra\u0142 widz! To wszystko to tylko z\u0142udzenie&#8230; iluzja&#8230;, bo tak naprawd\u0119 te 4 karty to 4 asy! A karta widza le\u017cy od samego pocz\u0105tku na macie! To nie koniec&#8230; Teraz magik rozk\u0142ada tali\u0119 kart na stole i okazuje si\u0119, \u017ce wszystkie s\u0105 bia\u0142e!<\/span><\/p>\n<p style=\"text-align: center;\"><span style=\"font-size: 12pt; font-family: arial, helvetica, sans-serif;\"><iframe loading=\"lazy\" src=\"\/\/www.youtube.com\/embed\/d_k1eJHu4Sk\" width=\"601\" height=\"350\"><\/iframe><\/span><\/p>\n<p style=\"text-align: center;\"><strong><span style=\"font-size: 12pt; font-family: arial, helvetica, sans-serif;\">&#8211; wszystko mo\u017ce by\u0107 sprawdzane po tricku;<\/span><\/strong><\/p>\n<p style=\"text-align: center;\"><strong><span style=\"font-size: 12pt; font-family: arial, helvetica, sans-serif;\">&#8211; karta wybrana przez widza mo\u017ce by\u0107 podpisana;<\/span><\/strong><\/p>\n<p style=\"text-align: center;\"><strong><span style=\"font-size: 12pt; font-family: arial, helvetica, sans-serif;\">&#8211; proste do wykonania;<\/span><\/strong><\/p>\n<p style=\"text-align: center;\"><strong><span style=\"font-size: 12pt; font-family: arial, helvetica, sans-serif;\">&#8211; bez palmowania.<\/span><\/strong><\/p>\n<p style=\"text-align: center;\"><span style=\"font-size: 12pt; font-family: arial, helvetica, sans-serif;\">W zestawie otrzymasz specjaln\u0105 tali\u0119 kart oraz broszur\u0119 z dok\u0142adn\u0105 instrukcj\u0105 w j\u0119zyku angielskim.<\/span><\/p>\n<p style=\"text-align: center;\">\u00a0<\/p>\n<p style=\"text-align: center;\"><strong><span style=\"font-size: 12pt; font-family: arial, helvetica, sans-serif;\">Polecamy,<\/span><\/strong><\/p>\n<p style=\"text-align: center;\"><strong><span style=\"font-size: 12pt; font-family: arial, helvetica, sans-serif;\">magiiik.pl<\/span><\/strong><\/p>\n<p>\u00a0<\/p>\n","protected":false},"excerpt":{"rendered":"<p><strong>Silent Deck (Blue) by Sherman Tai\u00a0<\/strong><\/p>\n","protected":false},"featured_media":9775,"comment_status":"closed","ping_status":"open","template":"","meta":[],"product_brand":[],"product_cat":[41],"product_tag":[],"class_list":{"0":"post-9774","1":"product","2":"type-product","3":"status-publish","4":"has-post-thumbnail","6":"product_cat-mikro-iluzja-close-up-efekty-z-kartami","8":"first","9":"instock","10":"purchasable","11":"product-type-simple"},"_links":{"self":[{"href":"https:\/\/magiiik.netstory.com.pl\/index.php?rest_route=\/wp\/v2\/product\/9774","targetHints":{"allow":["GET"]}}],"collection":[{"href":"https:\/\/magiiik.netstory.com.pl\/index.php?rest_route=\/wp\/v2\/product"}],"about":[{"href":"https:\/\/magiiik.netstory.com.pl\/index.php?rest_route=\/wp\/v2\/types\/product"}],"replies":[{"embeddable":true,"href":"https:\/\/magiiik.netstory.com.pl\/index.php?rest_route=%2Fwp%2Fv2%2Fcomments&post=9774"}],"wp:featuredmedia":[{"embeddable":true,"href":"https:\/\/magiiik.netstory.com.pl\/index.php?rest_route=\/wp\/v2\/media\/9775"}],"wp:attachment":[{"href":"https:\/\/magiiik.netstory.com.pl\/index.php?rest_route=%2Fwp%2Fv2%2Fmedia&parent=9774"}],"wp:term":[{"taxonomy":"product_brand","embeddable":true,"href":"https:\/\/magiiik.netstory.com.pl\/index.php?rest_route=%2Fwp%2Fv2%2Fproduct_brand&post=9774"},{"taxonomy":"product_cat","embeddable":true,"href":"https:\/\/magiiik.netstory.com.pl\/index.php?rest_route=%2Fwp%2Fv2%2Fproduct_cat&post=9774"},{"taxonomy":"product_tag","embeddable":true,"href":"https:\/\/magiiik.netstory.com.pl\/index.php?rest_route=%2Fwp%2Fv2%2Fproduct_tag&post=9774"}],"curies":[{"name":"wp","href":"https:\/\/api.w.org\/{rel}","templated":true}]}}