{"id":9733,"date":"2025-09-19T13:27:42","date_gmt":"2025-09-19T11:27:42","guid":{"rendered":"https:\/\/magiiik.netstory.com.pl\/produkt\/high-quality-blown-eggs-wydmuszki-jajka-by-the-great-gorgonzola\/"},"modified":"2025-09-19T13:27:55","modified_gmt":"2025-09-19T11:27:55","slug":"high-quality-blown-eggs-wydmuszki-jajka-by-the-great-gorgonzola","status":"publish","type":"product","link":"https:\/\/magiiik.netstory.com.pl\/?product=high-quality-blown-eggs-wydmuszki-jajka-by-the-great-gorgonzola","title":{"rendered":"High Quality Blown Eggs (wydmuszki, jajka) by The Great Gorgonzola"},"content":{"rendered":"<p style=\"text-align: center;\"><span style=\"font-size: 12pt; font-family: arial, helvetica, sans-serif;\"><strong>Wydmuszki<\/strong> najcz\u0119\u015bciej s\u0105 u\u017cywane do efekt\u00f3w takich, jak: <strong>Egg Bag, Don Alan&#8217;s Comedy Egg Can<\/strong> i do efekt\u00f3w z confetti.<\/span><\/p>\n<p style=\"text-align: center;\"><span style=\"font-size: 12pt; font-family: arial, helvetica, sans-serif;\">Istnieje mn\u00f3stwo innych efekt\u00f3w, do kt\u00f3rych mo\u017cna u\u017cy\u0107 wydmuszki, tj.:\u00a0<strong>Egg&amp;Rice, Egg Nog, Eggs to Silks <\/strong>i<strong> Eggs to Popcorn<\/strong>, czy:\u00a0<strong>Mesmerized Egg, Wonderful Walking Egg, Obedient Egg <\/strong>i<strong> Climbing Egg.<\/strong><\/span><\/p>\n<p style=\"text-align: center;\"><span style=\"font-size: 12pt; font-family: arial, helvetica, sans-serif;\">Instrukcje do powy\u017cszych trick\u00f3w mo\u017cna znale\u017a\u0107 w\u00a0<strong>The Encyclopedia of Egg Magic<\/strong><span style=\"color: #444444;\">.<\/span><\/span><\/p>\n<p style=\"text-align: center;\"><span style=\"font-size: 12pt; font-family: arial, helvetica, sans-serif;\">Wydmuszka to prawdziwe jajko z usuni\u0119tym wn\u0119trzem \ud83d\ude09<\/span><\/p>\n<p style=\"text-align: center;\"><strong><span style=\"font-size: 12pt; font-family: arial, helvetica, sans-serif;\">UWAGA!<\/span><\/strong><\/p>\n<p style=\"text-align: center;\"><strong><span style=\"font-size: 12pt; font-family: arial, helvetica, sans-serif;\">Cena za sztuk\u0119!<\/span><\/strong><\/p>\n<p>\u00a0<\/p>\n","protected":false},"excerpt":{"rendered":"<p><strong>High Quality Blown Eggs by The Great Gorgonzola\u00a0<\/strong><\/p>\n","protected":false},"featured_media":9734,"comment_status":"closed","ping_status":"open","template":"","meta":[],"product_brand":[],"product_cat":[72],"product_tag":[],"class_list":{"0":"post-9733","1":"product","2":"type-product","3":"status-publish","4":"has-post-thumbnail","6":"product_cat-akcesoria-jajka-i-egg-bags","8":"first","9":"instock","10":"purchasable","11":"product-type-simple"},"_links":{"self":[{"href":"https:\/\/magiiik.netstory.com.pl\/index.php?rest_route=\/wp\/v2\/product\/9733","targetHints":{"allow":["GET"]}}],"collection":[{"href":"https:\/\/magiiik.netstory.com.pl\/index.php?rest_route=\/wp\/v2\/product"}],"about":[{"href":"https:\/\/magiiik.netstory.com.pl\/index.php?rest_route=\/wp\/v2\/types\/product"}],"replies":[{"embeddable":true,"href":"https:\/\/magiiik.netstory.com.pl\/index.php?rest_route=%2Fwp%2Fv2%2Fcomments&post=9733"}],"wp:featuredmedia":[{"embeddable":true,"href":"https:\/\/magiiik.netstory.com.pl\/index.php?rest_route=\/wp\/v2\/media\/9734"}],"wp:attachment":[{"href":"https:\/\/magiiik.netstory.com.pl\/index.php?rest_route=%2Fwp%2Fv2%2Fmedia&parent=9733"}],"wp:term":[{"taxonomy":"product_brand","embeddable":true,"href":"https:\/\/magiiik.netstory.com.pl\/index.php?rest_route=%2Fwp%2Fv2%2Fproduct_brand&post=9733"},{"taxonomy":"product_cat","embeddable":true,"href":"https:\/\/magiiik.netstory.com.pl\/index.php?rest_route=%2Fwp%2Fv2%2Fproduct_cat&post=9733"},{"taxonomy":"product_tag","embeddable":true,"href":"https:\/\/magiiik.netstory.com.pl\/index.php?rest_route=%2Fwp%2Fv2%2Fproduct_tag&post=9733"}],"curies":[{"name":"wp","href":"https:\/\/api.w.org\/{rel}","templated":true}]}}