{"id":9684,"date":"2025-09-19T13:27:07","date_gmt":"2025-09-19T11:27:07","guid":{"rendered":"https:\/\/magiiik.netstory.com.pl\/produkt\/noc-v3s-deck-black-by-the-blue-crown\/"},"modified":"2025-09-19T13:27:22","modified_gmt":"2025-09-19T11:27:22","slug":"noc-v3s-deck-black-by-the-blue-crown","status":"publish","type":"product","link":"https:\/\/magiiik.netstory.com.pl\/?product=noc-v3s-deck-black-by-the-blue-crown","title":{"rendered":"NOC V3S Deck (Black) by The Blue Crown"},"content":{"rendered":"<p style=\"text-align: center;\"><strong><span style=\"font-size: 12pt; font-family: arial, helvetica, sans-serif;\">Te pi\u0119kne, cienkie karty, mistrzowsko wyko\u0144czone pokocha\u0142a wi\u0119kszo\u015b\u0107 magik\u00f3w na ca\u0142ym \u015bwiecie!\u00a0<\/span><\/strong><\/p>\n<p style=\"text-align: center;\"><span style=\"font-size: 12pt; font-family: arial, helvetica, sans-serif;\">Kontynuujemy swoj\u0105 podr\u00f3\u017c i wprowadzamy wersj\u0119 czarn\u0105 \ud83d\ude42<\/span><\/p>\n<p style=\"text-align: center;\"><strong><span style=\"font-size: 12pt; font-family: arial, helvetica, sans-serif;\">Proste, eleganckie, perfekcyjne, idealne do ka\u017cdego tricku.<\/span><\/strong><\/p>\n<p style=\"text-align: center;\"><span style=\"font-size: 12pt; font-family: arial, helvetica, sans-serif;\">Od 2012 roku prostota i elegancja <strong>NOC<\/strong> zaskakuje. Wersja czarna tych kart jest jeszcze lepsza od poprzednich, gdy\u017c ca\u0142y czas si\u0119 rozwijamy i ulepszamy.\u00a0<\/span><\/p>\n<p style=\"font-size: 12px; font-family: Tahoma, Arial, sans-serif; text-align: center;\"><strong><span style=\"font-size: 12pt; font-family: arial, helvetica, sans-serif;\">Fachowo produkowane w Tajwanie!<\/span><\/strong><\/p>\n<p style=\"font-size: 12px; font-family: Tahoma, Arial, sans-serif; text-align: center;\"><span style=\"font-size: 12pt; font-family: arial, helvetica, sans-serif;\">Firma produkuj\u0105ca\u00a0<strong>NOC<\/strong>\u00a0to expert w tej dziedzinie!\u00a0<strong>NOC<\/strong>\u00a0s\u0105 cienkie, ale sztywne, wyko\u0144czone po mistrzowsku, aby zapewni\u0107 najlepszy efekt Twoich magicznych sztuczek!\u00a0<\/span><\/p>\n<p style=\"font-size: 12px; font-family: Tahoma, Arial, sans-serif; text-align: center;\"><strong><span style=\"font-size: 12pt; font-family: arial, helvetica, sans-serif;\">System znakowania &amp; Free Video z Serwisu<\/span><\/strong><\/p>\n<p style=\"font-size: 12px; font-family: Tahoma, Arial, sans-serif; text-align: center;\"><span style=\"font-size: 12pt; font-family: arial, helvetica, sans-serif;\"><strong>NOC\u00a0v3<\/strong> s\u0105 oznaczone w spos\u00f3b subtelny, ale w \u0142atwy do odczytania spos\u00f3b. Przy zakupie<strong>\u00a0NOC<\/strong>, otrzymasz bezp\u0142atny <strong>20-minutowy film<\/strong> do pobrania z udzia\u0142em\u00a0<strong>Alex Pandrea<\/strong>, kt\u00f3re nauczy Ci\u0119, jak korzysta\u0107 z systemu oznakowania!<\/span><\/p>\n<p style=\"font-size: 12px; font-family: Tahoma, Arial, sans-serif; text-align: center;\"><span style=\"font-size: 12pt; font-family: arial, helvetica, sans-serif;\">\u00a0<strong>Polecamy,<\/strong><\/span><\/p>\n<p style=\"font-size: 12px; font-family: Tahoma, Arial, sans-serif; text-align: center;\"><strong><span style=\"font-size: 12pt; font-family: arial, helvetica, sans-serif;\">magiiik.pl<\/span><\/strong><\/p>\n","protected":false},"excerpt":{"rendered":"<p><strong>NOC V3S Deck (Black) by The Blue Crown<\/strong><\/p>\n","protected":false},"featured_media":9685,"comment_status":"closed","ping_status":"open","template":"","meta":[],"product_brand":[],"product_cat":[46],"product_tag":[],"class_list":{"0":"post-9684","1":"product","2":"type-product","3":"status-publish","4":"has-post-thumbnail","6":"product_cat-mikro-iluzja-close-up-karty-kolekcjonerskie","8":"first","9":"instock","10":"purchasable","11":"product-type-simple"},"_links":{"self":[{"href":"https:\/\/magiiik.netstory.com.pl\/index.php?rest_route=\/wp\/v2\/product\/9684","targetHints":{"allow":["GET"]}}],"collection":[{"href":"https:\/\/magiiik.netstory.com.pl\/index.php?rest_route=\/wp\/v2\/product"}],"about":[{"href":"https:\/\/magiiik.netstory.com.pl\/index.php?rest_route=\/wp\/v2\/types\/product"}],"replies":[{"embeddable":true,"href":"https:\/\/magiiik.netstory.com.pl\/index.php?rest_route=%2Fwp%2Fv2%2Fcomments&post=9684"}],"wp:featuredmedia":[{"embeddable":true,"href":"https:\/\/magiiik.netstory.com.pl\/index.php?rest_route=\/wp\/v2\/media\/9685"}],"wp:attachment":[{"href":"https:\/\/magiiik.netstory.com.pl\/index.php?rest_route=%2Fwp%2Fv2%2Fmedia&parent=9684"}],"wp:term":[{"taxonomy":"product_brand","embeddable":true,"href":"https:\/\/magiiik.netstory.com.pl\/index.php?rest_route=%2Fwp%2Fv2%2Fproduct_brand&post=9684"},{"taxonomy":"product_cat","embeddable":true,"href":"https:\/\/magiiik.netstory.com.pl\/index.php?rest_route=%2Fwp%2Fv2%2Fproduct_cat&post=9684"},{"taxonomy":"product_tag","embeddable":true,"href":"https:\/\/magiiik.netstory.com.pl\/index.php?rest_route=%2Fwp%2Fv2%2Fproduct_tag&post=9684"}],"curies":[{"name":"wp","href":"https:\/\/api.w.org\/{rel}","templated":true}]}}