{"id":9533,"date":"2025-09-19T13:26:12","date_gmt":"2025-09-19T11:26:12","guid":{"rendered":"https:\/\/magiiik.netstory.com.pl\/produkt\/magic-spider-pro\/"},"modified":"2025-09-19T13:26:12","modified_gmt":"2025-09-19T11:26:12","slug":"magic-spider-pro","status":"publish","type":"product","link":"https:\/\/magiiik.netstory.com.pl\/?product=magic-spider-pro","title":{"rendered":"Magic Spider Pro"},"content":{"rendered":"<p style=\"text-align: center;\"><strong><span style=\"font-size: 14pt; font-family: arial, helvetica, sans-serif;\">My Pet Boris to dzie\u0142o magika Ian Pidgeon&#8217;a z Sydney, w Australii.<\/span><\/strong><\/p>\n<p style=\"text-align: center;\"><span style=\"font-size: 12pt; font-family: arial, helvetica, sans-serif;\">Wykorzystuj\u0105c smartfona mo\u017cesz zaprezentowa\u0107 ten niesamowity \u017cart i sztuczk\u0119 w jednym. Technologia smartfona pozwala na wideo, animacje i wibracje, kt\u00f3re pot\u0119guj\u0105 emocje u widza. Ludzie s\u0105 zawsze ciekawi nowych aplikacji, kt\u00f3re s\u0105 opracowane. Mo\u017cesz zaprezentowa\u0107 im jedn\u0105 z nich \ud83d\ude09 To ogromny \u0142adunek emocji!<\/span><\/p>\n<p style=\"text-align: center;\"><strong><span style=\"font-size: 12pt; font-family: arial, helvetica, sans-serif;\">EFEKT:<\/span><\/strong><\/p>\n<p style=\"text-align: center;\"><span style=\"font-size: 12pt; font-family: arial, helvetica, sans-serif;\">Przedstawiasz swojemu widzowi now\u0105 aplikacj\u0119 w telefonie (<strong>aplikacja jest sprzedawana oddzielnie<\/strong>), kt\u00f3ra \u0142\u0105czy w\u0142asne cia\u0142o z komputerowymi animacjami, kt\u00f3ra jest niezwykle realistyczna. Animacja prezentuje paj\u0105ka chodz\u0105cego po d\u0142oni&#8230; W niekt\u00f3rych telefonach mo\u017cna nawet poczu\u0107 lekkie wibracje wtedy. Paj\u0105k zatrzymuje si\u0119 kilka razy po drodze, wtedy delikatnie palcem stukasz paj\u0105ka, aby si\u0119 poruszy\u0142&#8230; Nagle paj\u0105k wychodzi poza ekran i ju\u017c go nie wida\u0107. Wtedy zabierasz telefon z d\u0142oni widza i prosisz go, aby r\u0119k\u0105 porusza\u0142 nad telefonem, aby paj\u0105k zn\u00f3w powr\u00f3ci\u0142&#8230; Kiedy widz odwraca d\u0142o\u0144 widzi na niej obrzydliwego, wielkiego paj\u0105ka! \ud83d\ude00<\/span><\/p>\n<p style=\"text-align: center;\">\u00a0<\/p>\n<p style=\"text-align: center;\"><span style=\"font-size: 12pt; font-family: arial, helvetica, sans-serif;\"><iframe loading=\"lazy\" src=\"\/\/www.youtube.com\/embed\/BuapEqlyaWU\" width=\"649\" height=\"466\"><\/iframe><\/span><\/p>\n<p style=\"text-align: center;\">\u00a0<\/p>\n<p style=\"text-align: center;\"><strong>UWAGA!<\/strong><\/p>\n<p style=\"text-align: center;\"><strong>Aplikacja jest sprzedawana oddzielnie i kosztuje oko\u0142o 8,75 z\u0142. Dzia\u0142a na Androida i IOS.<\/strong><\/p>\n<p style=\"text-align: center;\">\u00a0<\/p>\n<p style=\"text-align: center;\"><strong><span style=\"font-size: 12pt; font-family: arial, helvetica, sans-serif;\">Polecamy,<\/span><\/strong><\/p>\n<p style=\"text-align: center;\"><strong><span style=\"font-size: 12pt; font-family: arial, helvetica, sans-serif;\">magiiik.pl<\/span><\/strong><\/p>\n","protected":false},"excerpt":{"rendered":"<p><strong>Magic Spider Pro\u00a0<\/strong><\/p>\n","protected":false},"featured_media":9534,"comment_status":"closed","ping_status":"open","template":"","meta":[],"product_brand":[],"product_cat":[53],"product_tag":[],"class_list":{"0":"post-9533","1":"product","2":"type-product","3":"status-publish","4":"has-post-thumbnail","6":"product_cat-mikro-iluzja-close-up","8":"first","9":"instock","10":"purchasable","11":"product-type-simple"},"_links":{"self":[{"href":"https:\/\/magiiik.netstory.com.pl\/index.php?rest_route=\/wp\/v2\/product\/9533","targetHints":{"allow":["GET"]}}],"collection":[{"href":"https:\/\/magiiik.netstory.com.pl\/index.php?rest_route=\/wp\/v2\/product"}],"about":[{"href":"https:\/\/magiiik.netstory.com.pl\/index.php?rest_route=\/wp\/v2\/types\/product"}],"replies":[{"embeddable":true,"href":"https:\/\/magiiik.netstory.com.pl\/index.php?rest_route=%2Fwp%2Fv2%2Fcomments&post=9533"}],"wp:featuredmedia":[{"embeddable":true,"href":"https:\/\/magiiik.netstory.com.pl\/index.php?rest_route=\/wp\/v2\/media\/9534"}],"wp:attachment":[{"href":"https:\/\/magiiik.netstory.com.pl\/index.php?rest_route=%2Fwp%2Fv2%2Fmedia&parent=9533"}],"wp:term":[{"taxonomy":"product_brand","embeddable":true,"href":"https:\/\/magiiik.netstory.com.pl\/index.php?rest_route=%2Fwp%2Fv2%2Fproduct_brand&post=9533"},{"taxonomy":"product_cat","embeddable":true,"href":"https:\/\/magiiik.netstory.com.pl\/index.php?rest_route=%2Fwp%2Fv2%2Fproduct_cat&post=9533"},{"taxonomy":"product_tag","embeddable":true,"href":"https:\/\/magiiik.netstory.com.pl\/index.php?rest_route=%2Fwp%2Fv2%2Fproduct_tag&post=9533"}],"curies":[{"name":"wp","href":"https:\/\/api.w.org\/{rel}","templated":true}]}}