{"id":9511,"date":"2025-09-19T13:25:55","date_gmt":"2025-09-19T11:25:55","guid":{"rendered":"https:\/\/magiiik.netstory.com.pl\/produkt\/art-of-astonishment-by-paul-harris-video-download\/"},"modified":"2025-09-19T13:26:01","modified_gmt":"2025-09-19T11:26:01","slug":"art-of-astonishment-by-paul-harris-video-download","status":"publish","type":"product","link":"https:\/\/magiiik.netstory.com.pl\/?product=art-of-astonishment-by-paul-harris-video-download","title":{"rendered":"Art Of Astonishment by Paul Harris (video DOWNLOAD)"},"content":{"rendered":"<p style=\"text-align: center;\"><span style=\"font-size: 14pt; font-family: arial, helvetica, sans-serif;\"><strong>Paul Harris\u00a0<\/strong>uwa\u017cany jest za jednego z najbardziej tw\u00f3rczych umys\u0142\u00f3w w historii magii. Innowacyjne metody, atrakcyjne tricki, zaskakuj\u0105ce procedury, to wszystko, co mo\u017cesz zobaczy\u0107 w tym video.<\/span><\/p>\n<p><span style=\"font-size: 12pt; font-family: arial, helvetica, sans-serif;\"><font color=\"#444444\" face=\"Arial, sans-serif\"><strong>Na tym video:<\/strong><\/font><\/span><\/p>\n<ul style=\"color: #444444; font-size: 13px; font-family: Arial, sans-serif;\">\n<li><span style=\"font-size: 12pt; font-family: arial, helvetica, sans-serif;\"><strong>Unshuffling Rebecca<\/strong>\u00a0&#8211; An in-the-hands, self-working Triumph. Triumph&#8217;s next evolution. No moves!<\/span><\/li>\n<li><span style=\"font-size: 12pt; font-family: arial, helvetica, sans-serif;\"><strong>Backlash<\/strong>\u00a0&#8211; A no-palming signed card to pocket; with an outrageous kicker!<\/span><\/li>\n<li><span style=\"font-size: 12pt; font-family: arial, helvetica, sans-serif;\"><strong>Angel Case<\/strong>\u00a0&#8211; A diabolical utility item designed to switch small objects. Perfect for spirit writing!<\/span><\/li>\n<li><span style=\"font-size: 12pt; font-family: arial, helvetica, sans-serif;\"><strong>Zen &amp; The Art of Boomerang<\/strong>\u00a0&#8211; Toss a card high in the air, catch it in the deck and it splits its mate!<\/span><\/li>\n<li><span style=\"font-size: 12pt; font-family: arial, helvetica, sans-serif;\"><strong>Flesh<\/strong>\u00a0&#8211; Pieces of a toothpick magically and visually jump from hand to hand!<\/span><\/li>\n<li><span style=\"font-size: 12pt; font-family: arial, helvetica, sans-serif;\"><strong>Impromptu Nightshades<\/strong>\u00a0&#8211; Paul&#8217;s classic Nightshades on the fly; borrow a buck and watch George flip his shades!<\/span><\/li>\n<li><span style=\"font-size: 12pt; font-family: arial, helvetica, sans-serif;\"><strong>Buck Naked<\/strong>\u00a0&#8211; What a scam! One of the greatest bill swindles ever conceived!<\/span><\/li>\n<li><span style=\"font-size: 12pt; font-family: arial, helvetica, sans-serif;\"><strong>The Shape of Astonishment<\/strong>\u00a0&#8211; You have to see it to believe it; the imprint of a quarter in a piece of foil changes instantly from heads to tails! This will really kick you.<\/span><\/li>\n<li><span style=\"font-size: 12pt; font-family: arial, helvetica, sans-serif;\"><strong>Fizz Master<\/strong>\u00a0&#8211; Cause the carbonation to travel from one soft drink to another!<\/span><\/li>\n<\/ul>\n<p><span style=\"font-size: 12pt; font-family: arial, helvetica, sans-serif;\"><span style=\"color: #444444;\"><em>D\u0142ugo\u015b\u0107 filmu:\u00a0<\/em>1 godz. 28 min.<\/span><\/span><\/p>\n","protected":false},"excerpt":{"rendered":"<p><strong>Art Of Astonishment by Paul Harris<\/strong><\/p>\n","protected":false},"featured_media":9512,"comment_status":"closed","ping_status":"open","template":"","meta":[],"product_brand":[],"product_cat":[55],"product_tag":[],"class_list":{"0":"post-9511","1":"product","2":"type-product","3":"status-publish","4":"has-post-thumbnail","6":"product_cat-ksiazki-dvd-download-downloads","8":"first","9":"instock","10":"purchasable","11":"product-type-simple"},"_links":{"self":[{"href":"https:\/\/magiiik.netstory.com.pl\/index.php?rest_route=\/wp\/v2\/product\/9511","targetHints":{"allow":["GET"]}}],"collection":[{"href":"https:\/\/magiiik.netstory.com.pl\/index.php?rest_route=\/wp\/v2\/product"}],"about":[{"href":"https:\/\/magiiik.netstory.com.pl\/index.php?rest_route=\/wp\/v2\/types\/product"}],"replies":[{"embeddable":true,"href":"https:\/\/magiiik.netstory.com.pl\/index.php?rest_route=%2Fwp%2Fv2%2Fcomments&post=9511"}],"wp:featuredmedia":[{"embeddable":true,"href":"https:\/\/magiiik.netstory.com.pl\/index.php?rest_route=\/wp\/v2\/media\/9512"}],"wp:attachment":[{"href":"https:\/\/magiiik.netstory.com.pl\/index.php?rest_route=%2Fwp%2Fv2%2Fmedia&parent=9511"}],"wp:term":[{"taxonomy":"product_brand","embeddable":true,"href":"https:\/\/magiiik.netstory.com.pl\/index.php?rest_route=%2Fwp%2Fv2%2Fproduct_brand&post=9511"},{"taxonomy":"product_cat","embeddable":true,"href":"https:\/\/magiiik.netstory.com.pl\/index.php?rest_route=%2Fwp%2Fv2%2Fproduct_cat&post=9511"},{"taxonomy":"product_tag","embeddable":true,"href":"https:\/\/magiiik.netstory.com.pl\/index.php?rest_route=%2Fwp%2Fv2%2Fproduct_tag&post=9511"}],"curies":[{"name":"wp","href":"https:\/\/api.w.org\/{rel}","templated":true}]}}