{"id":9509,"date":"2025-09-19T13:25:55","date_gmt":"2025-09-19T11:25:55","guid":{"rendered":"https:\/\/magiiik.netstory.com.pl\/produkt\/stars-of-magic-2-paul-harris-video-download\/"},"modified":"2025-09-19T13:26:00","modified_gmt":"2025-09-19T11:26:00","slug":"stars-of-magic-2-paul-harris-video-download","status":"publish","type":"product","link":"https:\/\/magiiik.netstory.com.pl\/?product=stars-of-magic-2-paul-harris-video-download","title":{"rendered":"Stars Of Magic #2 (Paul Harris) (video DOWNLOAD)"},"content":{"rendered":"<p style=\"text-align: center;\"><span style=\"font-size: 14pt; font-family: arial, helvetica, sans-serif;\"><strong>Paul Harris\u00a0<\/strong>uwa\u017cany jest za jednego z najbardziej tw\u00f3rczych umys\u0142\u00f3w w historii magii. Innowacyjne metody, atrakcyjne tricki, zaskakuj\u0105ce procedury, to wszystko, co mo\u017cesz zobaczy\u0107 w tym video.<\/span><\/p>\n<\/p>\n<p style=\"color: #444444; font-size: 13px; font-family: Arial, sans-serif;\"><strong><span style=\"font-size: 12pt; font-family: arial, helvetica, sans-serif;\">PAUL HARRIS<\/span><\/strong><br \/><strong><span style=\"font-size: 12pt; font-family: arial, helvetica, sans-serif;\">IMMACULATE CLOSE-UP! (VOL 4)<\/span><\/strong><\/p>\n<ul style=\"color: #444444; font-size: 13px; font-family: Arial, sans-serif;\">\n<li><span style=\"font-size: 12pt; font-family: arial, helvetica, sans-serif;\">Bleached Blackjack<\/span><\/li>\n<li><span style=\"font-size: 12pt; font-family: arial, helvetica, sans-serif;\">The J.A.P.H. Maneuver<\/span><\/li>\n<li><span style=\"font-size: 12pt; font-family: arial, helvetica, sans-serif;\">Mondo Nifty False Count<\/span><\/li>\n<li><span style=\"font-size: 12pt; font-family: arial, helvetica, sans-serif;\">Cellophane Surprise<\/span><\/li>\n<li><span style=\"font-size: 12pt; font-family: arial, helvetica, sans-serif;\">Immaculate Breakthrough<\/span><\/li>\n<li><span style=\"font-size: 12pt; font-family: arial, helvetica, sans-serif;\">Flap Jacks<\/span><\/li>\n<li><span style=\"font-size: 12pt; font-family: arial, helvetica, sans-serif;\">Stapled<\/span><\/li>\n<li><span style=\"font-size: 12pt; font-family: arial, helvetica, sans-serif;\">Uncanny<\/span><\/li>\n<li><span style=\"font-size: 12pt; font-family: arial, helvetica, sans-serif;\">Tap Dancing Aces Finale<\/span><\/li>\n<li><span style=\"font-size: 12pt; font-family: arial, helvetica, sans-serif;\">GalaxyThe Unshuffle (Perfectionist)<\/span><\/li>\n<li><span style=\"font-size: 12pt; font-family: arial, helvetica, sans-serif;\">Immaculate Video Scam<\/span><\/li>\n<li><span style=\"font-size: 12pt; font-family: arial, helvetica, sans-serif;\">The Ultra P.H. Immaculate Psychological PSwitch<\/span><\/li>\n<\/ul>\n<p style=\"color: #444444; font-size: 13px; font-family: Arial, sans-serif;\"><strong><span style=\"font-size: 12pt; font-family: arial, helvetica, sans-serif;\">PAUL HARRIS<\/span><\/strong><br \/><strong><span style=\"font-size: 12pt; font-family: arial, helvetica, sans-serif;\">CLOSE UP ASTONISHMENT\u00a0 (VOL 5)<\/span><\/strong><\/p>\n<ul style=\"color: #444444; font-size: 13px; font-family: Arial, sans-serif;\">\n<li><span style=\"font-size: 12pt; font-family: arial, helvetica, sans-serif;\">Bizarre Shrink<\/span><\/li>\n<li><span style=\"font-size: 12pt; font-family: arial, helvetica, sans-serif;\">Cue Cards<\/span><\/li>\n<li><span style=\"font-size: 12pt; font-family: arial, helvetica, sans-serif;\">Screwed Deck<\/span><\/li>\n<li><span style=\"font-size: 12pt; font-family: arial, helvetica, sans-serif;\">Fantasy Aces<\/span><\/li>\n<li><span style=\"font-size: 12pt; font-family: arial, helvetica, sans-serif;\">Card Cuffs (from &#8222;Brainstorm in the Bahamas&#8221;)<\/span><\/li>\n<li><span style=\"font-size: 12pt; font-family: arial, helvetica, sans-serif;\">RubberBandScam<\/span><\/li>\n<li><span style=\"font-size: 12pt; font-family: arial, helvetica, sans-serif;\">Sugar Socker<\/span><\/li>\n<li><span style=\"font-size: 12pt; font-family: arial, helvetica, sans-serif;\">Gambler Vs Mentalist Vs Magician<\/span><\/li>\n<li><span style=\"font-size: 12pt; font-family: arial, helvetica, sans-serif;\">Double Decker<\/span><\/li>\n<li><span style=\"font-size: 12pt; font-family: arial, helvetica, sans-serif;\">Cardboard Connection<\/span><\/li>\n<li><span style=\"font-size: 12pt; font-family: arial, helvetica, sans-serif;\">Balducci Levitation<\/span><\/li>\n<\/ul>\n<p><span style=\"color: #444444; font-size: 12pt; font-family: arial, helvetica, sans-serif;\"><font face=\"Arial, sans-serif\"><em>D\u0142ugo\u015b\u0107 filmu:<\/em><\/font><font face=\"arial, helvetica, sans-serif\"> 177 min.<\/font><\/span><\/p>\n","protected":false},"excerpt":{"rendered":"<p><strong>Stars Of Magic #2 (Paul Harris)<\/strong><\/p>\n","protected":false},"featured_media":9510,"comment_status":"closed","ping_status":"open","template":"","meta":[],"product_brand":[],"product_cat":[55],"product_tag":[],"class_list":{"0":"post-9509","1":"product","2":"type-product","3":"status-publish","4":"has-post-thumbnail","6":"product_cat-ksiazki-dvd-download-downloads","8":"first","9":"instock","10":"purchasable","11":"product-type-simple"},"_links":{"self":[{"href":"https:\/\/magiiik.netstory.com.pl\/index.php?rest_route=\/wp\/v2\/product\/9509","targetHints":{"allow":["GET"]}}],"collection":[{"href":"https:\/\/magiiik.netstory.com.pl\/index.php?rest_route=\/wp\/v2\/product"}],"about":[{"href":"https:\/\/magiiik.netstory.com.pl\/index.php?rest_route=\/wp\/v2\/types\/product"}],"replies":[{"embeddable":true,"href":"https:\/\/magiiik.netstory.com.pl\/index.php?rest_route=%2Fwp%2Fv2%2Fcomments&post=9509"}],"wp:featuredmedia":[{"embeddable":true,"href":"https:\/\/magiiik.netstory.com.pl\/index.php?rest_route=\/wp\/v2\/media\/9510"}],"wp:attachment":[{"href":"https:\/\/magiiik.netstory.com.pl\/index.php?rest_route=%2Fwp%2Fv2%2Fmedia&parent=9509"}],"wp:term":[{"taxonomy":"product_brand","embeddable":true,"href":"https:\/\/magiiik.netstory.com.pl\/index.php?rest_route=%2Fwp%2Fv2%2Fproduct_brand&post=9509"},{"taxonomy":"product_cat","embeddable":true,"href":"https:\/\/magiiik.netstory.com.pl\/index.php?rest_route=%2Fwp%2Fv2%2Fproduct_cat&post=9509"},{"taxonomy":"product_tag","embeddable":true,"href":"https:\/\/magiiik.netstory.com.pl\/index.php?rest_route=%2Fwp%2Fv2%2Fproduct_tag&post=9509"}],"curies":[{"name":"wp","href":"https:\/\/api.w.org\/{rel}","templated":true}]}}