{"id":9437,"date":"2025-09-19T13:25:14","date_gmt":"2025-09-19T11:25:14","guid":{"rendered":"https:\/\/magiiik.netstory.com.pl\/produkt\/hollow-2-trick-menny-lindenfeld\/"},"modified":"2025-09-19T13:25:16","modified_gmt":"2025-09-19T11:25:16","slug":"hollow-2-trick-menny-lindenfeld","status":"publish","type":"product","link":"https:\/\/magiiik.netstory.com.pl\/?product=hollow-2-trick-menny-lindenfeld","title":{"rendered":"Hollow 2 trick Menny Lindenfeld"},"content":{"rendered":"<p style=\"text-align: center;\"><span style=\"font-size: 12pt; font-family: arial, helvetica, sans-serif;\">Je\u015bli my\u015blisz, \u017ce oryginalna wersja <strong>HOLLOW<\/strong> by\u0142a dobra, to gwarantujemy, \u017ce w wersji drugiej po prostu si\u0119 zakochasz!<\/span><\/p>\n<p style=\"text-align: center;\"><span style=\"font-size: 12pt; font-family: arial, helvetica, sans-serif;\">Prezentujesz karty do gry i w wybranej karcie robisz dziur\u0119 dziurkaczem, pokazujesz z obu stron. Teraz zbli\u017casz lup\u0119 nad otw\u00f3r, aby widz m\u00f3g\u0142 dok\u0142adnie si\u0119 przyjrze\u0107 otworowi w powi\u0119kszeniu&#8230; Ku zdziwieniu lupa zostaje odstawiona, a otw\u00f3r pozostaje w powi\u0119kszonej wersji! W dalszej cz\u0119\u015bci tricku magik zn\u00f3w przesuwa lup\u0119 nad dziurk\u0105, kt\u00f3ra ulega zmniejszeniu i w takiej postaci ju\u017c pozostaje. Teraz mo\u017cesz da\u0107 wszystko do skontrolowania przez Twoich widz\u00f3w.<\/span><\/p>\n<p style=\"text-align: center;\"><span style=\"font-size: 12pt; font-family: arial, helvetica, sans-serif;\"><iframe loading=\"lazy\" src=\"\/\/www.youtube.com\/embed\/oSAQGGd_0vQ\" width=\"425\" height=\"350\"><\/iframe><\/span><\/p>\n<p style=\"text-align: center;\"><span style=\"font-size: 12pt; font-family: arial, helvetica, sans-serif;\">Efekt jest bardzo wizualny i \u0142atwy w wykonaniu. W zestawie otrzymasz wszystko do wykonania tricku oraz dok\u0142adn\u0105 instrukcj\u0119 w j\u0119zyku angielskim.<\/span><\/p>\n<p style=\"text-align: center;\"><strong><span style=\"font-size: 12pt; font-family: arial, helvetica, sans-serif;\">Polecamy,<\/span><\/strong><\/p>\n<p style=\"text-align: center;\"><strong><span style=\"font-size: 12pt; font-family: arial, helvetica, sans-serif;\">magiiik.pl<\/span><\/strong><\/p>\n<p>\u00a0<\/p>\n<p>\u00a0<\/p>\n","protected":false},"excerpt":{"rendered":"<p><strong>Hollow 2 trick Menny Lindenfeld<\/strong><\/p>\n","protected":false},"featured_media":9438,"comment_status":"closed","ping_status":"open","template":"","meta":[],"product_brand":[],"product_cat":[53],"product_tag":[],"class_list":{"0":"post-9437","1":"product","2":"type-product","3":"status-publish","4":"has-post-thumbnail","6":"product_cat-mikro-iluzja-close-up","8":"first","9":"instock","10":"purchasable","11":"product-type-simple"},"_links":{"self":[{"href":"https:\/\/magiiik.netstory.com.pl\/index.php?rest_route=\/wp\/v2\/product\/9437","targetHints":{"allow":["GET"]}}],"collection":[{"href":"https:\/\/magiiik.netstory.com.pl\/index.php?rest_route=\/wp\/v2\/product"}],"about":[{"href":"https:\/\/magiiik.netstory.com.pl\/index.php?rest_route=\/wp\/v2\/types\/product"}],"replies":[{"embeddable":true,"href":"https:\/\/magiiik.netstory.com.pl\/index.php?rest_route=%2Fwp%2Fv2%2Fcomments&post=9437"}],"wp:featuredmedia":[{"embeddable":true,"href":"https:\/\/magiiik.netstory.com.pl\/index.php?rest_route=\/wp\/v2\/media\/9438"}],"wp:attachment":[{"href":"https:\/\/magiiik.netstory.com.pl\/index.php?rest_route=%2Fwp%2Fv2%2Fmedia&parent=9437"}],"wp:term":[{"taxonomy":"product_brand","embeddable":true,"href":"https:\/\/magiiik.netstory.com.pl\/index.php?rest_route=%2Fwp%2Fv2%2Fproduct_brand&post=9437"},{"taxonomy":"product_cat","embeddable":true,"href":"https:\/\/magiiik.netstory.com.pl\/index.php?rest_route=%2Fwp%2Fv2%2Fproduct_cat&post=9437"},{"taxonomy":"product_tag","embeddable":true,"href":"https:\/\/magiiik.netstory.com.pl\/index.php?rest_route=%2Fwp%2Fv2%2Fproduct_tag&post=9437"}],"curies":[{"name":"wp","href":"https:\/\/api.w.org\/{rel}","templated":true}]}}