{"id":9287,"date":"2025-09-19T13:23:41","date_gmt":"2025-09-19T11:23:41","guid":{"rendered":"https:\/\/magiiik.netstory.com.pl\/produkt\/paper-balls-oth-tonny-clark-video-download\/"},"modified":"2025-09-19T13:24:10","modified_gmt":"2025-09-19T11:24:10","slug":"paper-balls-oth-tonny-clark-video-download","status":"publish","type":"product","link":"https:\/\/magiiik.netstory.com.pl\/?product=paper-balls-oth-tonny-clark-video-download","title":{"rendered":"Paper Balls OTH &#8211; Tonny Clark (video DOWNLOAD)"},"content":{"rendered":"<p style=\"text-align: center;\"><span style=\"font-size: 12pt; font-family: arial, helvetica, sans-serif;\"><strong>Tony Clark<\/strong> mia\u0142 zaszczyt by\u0107 jednym z ostatnich uczni\u00f3w mistrza <strong>Slydini<\/strong>&#8217;ego. Jednym z najcenniejszych trick\u00f3w, jakiego go nauczy\u0142 by\u0142a sztuczka z papierowymi pi\u0142eczkami rzucanymi nad g\u0142ow\u0105 &#8211; nie tylko ze wzgl\u0119du na niezwyk\u0142e reakcje widz\u00f3w, ale tak\u017ce dlatego, \u017ce <strong>Tony<\/strong> pozna\u0142 najpot\u0119\u017cniejszy sekret tego tricku, jak go wykona\u0107 perfekcyjnie.\u00a0<\/span><\/p>\n<p style=\"text-align: center;\"><span style=\"font-size: 12pt; font-family: arial, helvetica, sans-serif;\">W tym video <strong>Tony<\/strong> nauczy Ci\u0119, krok po kroku ca\u0142ej rutyny, tak aby Twoja publiczno\u015b\u0107 mia\u0142a ogrom rozrywki.\u00a0<\/span><\/p>\n<p style=\"text-align: center;\"><strong><span style=\"font-size: 12pt; font-family: arial, helvetica, sans-serif;\">Polecamy,<\/span><\/strong><\/p>\n<p style=\"text-align: center;\"><strong><span style=\"font-size: 12pt; font-family: arial, helvetica, sans-serif;\">magiiik.pl<\/span><\/strong><\/p>\n","protected":false},"excerpt":{"rendered":"<p><strong>Paper Balls OTH &#8211; Tonny Clark (video DOWNLOAD)<\/strong><\/p>\n","protected":false},"featured_media":9288,"comment_status":"closed","ping_status":"open","template":"","meta":[],"product_brand":[],"product_cat":[55],"product_tag":[],"class_list":{"0":"post-9287","1":"product","2":"type-product","3":"status-publish","4":"has-post-thumbnail","6":"product_cat-ksiazki-dvd-download-downloads","8":"first","9":"instock","10":"purchasable","11":"product-type-simple"},"_links":{"self":[{"href":"https:\/\/magiiik.netstory.com.pl\/index.php?rest_route=\/wp\/v2\/product\/9287","targetHints":{"allow":["GET"]}}],"collection":[{"href":"https:\/\/magiiik.netstory.com.pl\/index.php?rest_route=\/wp\/v2\/product"}],"about":[{"href":"https:\/\/magiiik.netstory.com.pl\/index.php?rest_route=\/wp\/v2\/types\/product"}],"replies":[{"embeddable":true,"href":"https:\/\/magiiik.netstory.com.pl\/index.php?rest_route=%2Fwp%2Fv2%2Fcomments&post=9287"}],"wp:featuredmedia":[{"embeddable":true,"href":"https:\/\/magiiik.netstory.com.pl\/index.php?rest_route=\/wp\/v2\/media\/9288"}],"wp:attachment":[{"href":"https:\/\/magiiik.netstory.com.pl\/index.php?rest_route=%2Fwp%2Fv2%2Fmedia&parent=9287"}],"wp:term":[{"taxonomy":"product_brand","embeddable":true,"href":"https:\/\/magiiik.netstory.com.pl\/index.php?rest_route=%2Fwp%2Fv2%2Fproduct_brand&post=9287"},{"taxonomy":"product_cat","embeddable":true,"href":"https:\/\/magiiik.netstory.com.pl\/index.php?rest_route=%2Fwp%2Fv2%2Fproduct_cat&post=9287"},{"taxonomy":"product_tag","embeddable":true,"href":"https:\/\/magiiik.netstory.com.pl\/index.php?rest_route=%2Fwp%2Fv2%2Fproduct_tag&post=9287"}],"curies":[{"name":"wp","href":"https:\/\/api.w.org\/{rel}","templated":true}]}}