{"id":9277,"date":"2025-09-19T13:23:41","date_gmt":"2025-09-19T11:23:41","guid":{"rendered":"https:\/\/magiiik.netstory.com.pl\/produkt\/red-pill-by-chris-ramsay-video-download\/"},"modified":"2025-09-19T13:24:03","modified_gmt":"2025-09-19T11:24:03","slug":"red-pill-by-chris-ramsay-video-download","status":"publish","type":"product","link":"https:\/\/magiiik.netstory.com.pl\/?product=red-pill-by-chris-ramsay-video-download","title":{"rendered":"Red Pill by Chris Ramsay (video download)"},"content":{"rendered":"<p style=\"text-align: center;\"><strong><span style=\"font-size: 12pt; font-family: arial, helvetica, sans-serif;\">Magia dzieje si\u0119 w d\u0142oniach Twojego widza, nie w umy\u015ble!<\/span><\/strong><\/p>\n<p style=\"text-align: center;\"><span style=\"font-size: 12pt; font-family: arial, helvetica, sans-serif;\">To video, to dwa wspania\u0142e efekty z repertuaru <strong>Chris<\/strong>&#8217;a <strong>Ramsay&#8217;<\/strong>a. Dzi\u0119ki tym efektom ma zarezerwowane niezliczone ilo\u015bci imprez firmowych i prywatnych. To interaktywna rutyna, kt\u00f3ra gwarantuje osobist\u0105 wi\u0119\u017a z publiczno\u015bci\u0105!<\/span><\/p>\n<p style=\"text-align: center;\"><strong><span style=\"font-size: 12pt; font-family: arial, helvetica, sans-serif;\">RED PILL<\/span><\/strong><\/p>\n<p style=\"text-align: center;\"><span style=\"font-size: 12pt; font-family: arial, helvetica, sans-serif;\">Prezentujesz dla dwu widz\u00f3w, dwie talie kart. Jedn\u0105 otwart\u0105 tali\u0119 niebieskich kart i drug\u0105 szczelnie zafoliowan\u0105 tali\u0119 kart czerwonych. Zapiecz\u0119towana talia jest umieszczana w d\u0142oniach jednego widza, drugi za\u015b wybiera kart\u0119 z otwartego opakowania. Wystarczy moment, aby karta znikn\u0119\u0142a z otwartej talii widza i w spos\u00f3b absolutnie niewyja\u015bniony pojawi\u0142a si\u0119 w zafoliowanej talii drugiego widza!<\/span><\/p>\n<p style=\"text-align: center;\"><strong><span style=\"font-size: 12pt; font-family: arial, helvetica, sans-serif;\">SECRET<\/span><\/strong><\/p>\n<p style=\"text-align: center;\"><span style=\"font-size: 12pt; font-family: arial, helvetica, sans-serif;\">Prezentujesz widzom zamkni\u0119t\u0105 i zafoliowan\u0105 tali\u0119 kart. Umieszczasz j\u0105 w d\u0142oniach wybranego widza. Prosisz by ten pomy\u015bla\u0142 sobie jak\u0105\u015b kart\u0119, kt\u00f3ra jak si\u0119 p\u00f3\u017aniej okazuje jest uwi\u0119ziona wewn\u0105trz, pod foli\u0105! Najwspanialsze w tym wszystkim jest to, \u017ce ka\u017cdy mo\u017ce t\u0105 tali\u0119 obejrze\u0107, skontrolowa\u0107, rozerwa\u0107 foli\u0119, b\u0105d\u017a pozostawi\u0107 na pami\u0105tk\u0119 zafoliowan\u0105 tali\u0119 z pomy\u015blan\u0105 kart\u0105!<\/span><\/p>\n<p style=\"text-align: center;\"><span style=\"font-size: 12pt; font-family: arial, helvetica, sans-serif;\"><iframe loading=\"lazy\" src=\"\/\/www.youtube.com\/embed\/QPOSCKwNYiw\" width=\"425\" height=\"350\"><\/iframe><\/span><\/p>\n<p style=\"text-align: center;\"><span style=\"font-size: 12pt; font-family: arial, helvetica, sans-serif;\">&#8211; pe\u0142ne wyst\u0119py i dok\u0142adne instrukcje!<\/span><\/p>\n<p style=\"text-align: center;\"><strong><span style=\"font-size: 12pt; font-family: arial, helvetica, sans-serif;\">Polecamy,<\/span><\/strong><\/p>\n<p style=\"text-align: center;\"><strong><span style=\"font-size: 12pt; font-family: arial, helvetica, sans-serif;\">magiiik.pl<\/span><\/strong><\/p>\n<p>\u00a0<\/p>\n","protected":false},"excerpt":{"rendered":"<p><strong>Red Pill by Chris Ramsay (video download)<\/strong><\/p>\n","protected":false},"featured_media":9278,"comment_status":"closed","ping_status":"open","template":"","meta":[],"product_brand":[],"product_cat":[55],"product_tag":[],"class_list":{"0":"post-9277","1":"product","2":"type-product","3":"status-publish","4":"has-post-thumbnail","6":"product_cat-ksiazki-dvd-download-downloads","8":"first","9":"instock","10":"purchasable","11":"product-type-simple"},"_links":{"self":[{"href":"https:\/\/magiiik.netstory.com.pl\/index.php?rest_route=\/wp\/v2\/product\/9277","targetHints":{"allow":["GET"]}}],"collection":[{"href":"https:\/\/magiiik.netstory.com.pl\/index.php?rest_route=\/wp\/v2\/product"}],"about":[{"href":"https:\/\/magiiik.netstory.com.pl\/index.php?rest_route=\/wp\/v2\/types\/product"}],"replies":[{"embeddable":true,"href":"https:\/\/magiiik.netstory.com.pl\/index.php?rest_route=%2Fwp%2Fv2%2Fcomments&post=9277"}],"wp:featuredmedia":[{"embeddable":true,"href":"https:\/\/magiiik.netstory.com.pl\/index.php?rest_route=\/wp\/v2\/media\/9278"}],"wp:attachment":[{"href":"https:\/\/magiiik.netstory.com.pl\/index.php?rest_route=%2Fwp%2Fv2%2Fmedia&parent=9277"}],"wp:term":[{"taxonomy":"product_brand","embeddable":true,"href":"https:\/\/magiiik.netstory.com.pl\/index.php?rest_route=%2Fwp%2Fv2%2Fproduct_brand&post=9277"},{"taxonomy":"product_cat","embeddable":true,"href":"https:\/\/magiiik.netstory.com.pl\/index.php?rest_route=%2Fwp%2Fv2%2Fproduct_cat&post=9277"},{"taxonomy":"product_tag","embeddable":true,"href":"https:\/\/magiiik.netstory.com.pl\/index.php?rest_route=%2Fwp%2Fv2%2Fproduct_tag&post=9277"}],"curies":[{"name":"wp","href":"https:\/\/api.w.org\/{rel}","templated":true}]}}