{"id":9024,"date":"2025-09-19T13:21:56","date_gmt":"2025-09-19T11:21:56","guid":{"rendered":"https:\/\/magiiik.netstory.com.pl\/produkt\/at-the-table-live-lecture-jeff-mcbride-2\/"},"modified":"2025-09-19T13:22:00","modified_gmt":"2025-09-19T11:22:00","slug":"at-the-table-live-lecture-jeff-mcbride-2","status":"publish","type":"product","link":"https:\/\/magiiik.netstory.com.pl\/?product=at-the-table-live-lecture-jeff-mcbride-2","title":{"rendered":"At the Table Live Lecture &#8211; Jeff McBride 2"},"content":{"rendered":"<p style=\"font-size: 12px; font-family: Tahoma, Arial, sans-serif;\"><strong><span style=\"font-size: 14pt; font-family: arial, helvetica, sans-serif;\">Szkolenie NA \u017bYWO ju\u017c 18. lutego 2015!<\/span><\/strong><\/p>\n<p style=\"font-size: 12px; font-family: Tahoma, Arial, sans-serif;\">\u00a0<\/p>\n<p style=\"font-size: 12px; font-family: Tahoma, Arial, sans-serif;\"><strong><span style=\"font-size: 14pt; font-family: arial, helvetica, sans-serif;\">JEFF MCBRIDE<\/span><\/strong><\/p>\n<p style=\"font-size: 12px; font-family: Tahoma, Arial, sans-serif;\"><span style=\"font-size: 14pt; font-family: arial, helvetica, sans-serif;\">Powszechnie jest uwa\u017cany za jednego z najwi\u0119kszych mag\u00f3w \u017cyj\u0105cych we wsp\u00f3\u0142czesnym \u015bwiecie! Z krajowych wyst\u0119p\u00f3w telewizyjnych do \u015bwiatowych rekord\u00f3w i rozpocz\u0119cie\u00a0<span style=\"color: #444444; font-size: 18.6666660308838px;\"><span style=\"font-size: 18.6666660308838px;\"><strong><span style=\"font-size: 18.6666660308838px;\">McBride Magic and Mystery School<\/span><\/strong>,<\/span>\u00a0mistrz iluzji do\u0142\u0105cza do\u00a0<strong><span style=\"font-size: 18.6666660308838px;\">AT THE TABLE<\/span><\/strong>! I na dodatek poprowadzi\u00a0<strong><span style=\"font-size: 18.6666660308838px;\"><span style=\"font-size: 18.6666660308838px;\">DWA SZKOLENIA<\/span>!<\/span><\/strong><\/span><\/span><\/p>\n<p style=\"font-size: 12px; font-family: Tahoma, Arial, sans-serif;\"><span style=\"font-size: 14pt; font-family: arial, helvetica, sans-serif;\"><strong><span style=\"font-size: 18.6666660308838px;\">Jeff<\/span><\/strong>\u00a0poka\u017ce techniki magii z bliska, manipulacje z kartami, monetami i wiele, wiele wi\u0119cej! Poprowadzi warsztat, jak nikt inny! I nie zapomnij, \u017ce\u00a0<strong><span style=\"font-size: 18.6666660308838px;\">AT THE TABLE<\/span><\/strong>\u00a0na \u017cywo daje Ci mo\u017cliwo\u015b\u0107 zadawania pyta\u0144 bezpo\u015brednio poprzez\u00a0<span style=\"font-size: 18.6666660308838px;\"><strong><span style=\"font-size: 18.6666660308838px;\">Skype<\/span><\/strong>!\u00a0<\/span><\/span><\/p>\n<p style=\"font-size: 12px; font-family: Tahoma, Arial, sans-serif;\"><span style=\"font-size: 14pt; font-family: arial, helvetica, sans-serif;\">W drugim szkoleniu,\u00a0<strong><span style=\"font-size: 18.6666660308838px;\">Jeff<\/span>\u00a0<\/strong>zaprosi Ci\u0119 do swojego prywatnego domu na kameraln\u0105 wycieczk\u0119 po swojej bibliotece, gdzie zaprasza tylko najbli\u017cszych przyjaci\u00f3\u0142 i uczni\u00f3w! Kontynuuj\u0105c podr\u00f3\u017c po salonach Tajmeniczego Domu\u00a0<strong><span style=\"font-size: 18.6666660308838px;\">McBride<\/span><\/strong>,\u00a0<strong><span style=\"font-size: 18.6666660308838px;\">Jeff<\/span><\/strong>\u00a0poprowadzi wyk\u0142ad o iluzji scenicznej i etapach jej wykonywania. To b\u0119dzie bardzo wyj\u0105tkowe szkolenie!<\/span><\/p>\n<p style=\"font-size: 12px; font-family: Tahoma, Arial, sans-serif; text-align: center;\"><iframe loading=\"lazy\" src=\"\/\/www.youtube.com\/embed\/g-gslEmoA04\" width=\"425\" height=\"350\"><\/iframe><\/p>\n<p style=\"font-size: 12px; font-family: Tahoma, Arial, sans-serif;\">\u00a0<\/p>\n<p style=\"font-size: 12px; font-family: Tahoma, Arial, sans-serif; text-align: center;\"><strong><span style=\"font-size: 14pt; font-family: arial, helvetica, sans-serif;\">Polecamy,<\/span><\/strong><\/p>\n<p style=\"font-size: 12px; font-family: Tahoma, Arial, sans-serif; text-align: center;\"><strong><span style=\"font-size: 14pt; font-family: arial, helvetica, sans-serif;\">magiiik.pl<\/span><\/strong><\/p>\n","protected":false},"excerpt":{"rendered":"<p><strong>At the Table Live Lecture &#8211; Jeff McBride 2<\/strong><\/p>\n","protected":false},"featured_media":9025,"comment_status":"closed","ping_status":"open","template":"","meta":[],"product_brand":[],"product_cat":[50],"product_tag":[],"class_list":{"0":"post-9024","1":"product","2":"type-product","3":"status-publish","4":"has-post-thumbnail","6":"product_cat-ksiazki-dvd-download-downloads-at-the-table","8":"first","9":"instock","10":"purchasable","11":"product-type-simple"},"_links":{"self":[{"href":"https:\/\/magiiik.netstory.com.pl\/index.php?rest_route=\/wp\/v2\/product\/9024","targetHints":{"allow":["GET"]}}],"collection":[{"href":"https:\/\/magiiik.netstory.com.pl\/index.php?rest_route=\/wp\/v2\/product"}],"about":[{"href":"https:\/\/magiiik.netstory.com.pl\/index.php?rest_route=\/wp\/v2\/types\/product"}],"replies":[{"embeddable":true,"href":"https:\/\/magiiik.netstory.com.pl\/index.php?rest_route=%2Fwp%2Fv2%2Fcomments&post=9024"}],"wp:featuredmedia":[{"embeddable":true,"href":"https:\/\/magiiik.netstory.com.pl\/index.php?rest_route=\/wp\/v2\/media\/9025"}],"wp:attachment":[{"href":"https:\/\/magiiik.netstory.com.pl\/index.php?rest_route=%2Fwp%2Fv2%2Fmedia&parent=9024"}],"wp:term":[{"taxonomy":"product_brand","embeddable":true,"href":"https:\/\/magiiik.netstory.com.pl\/index.php?rest_route=%2Fwp%2Fv2%2Fproduct_brand&post=9024"},{"taxonomy":"product_cat","embeddable":true,"href":"https:\/\/magiiik.netstory.com.pl\/index.php?rest_route=%2Fwp%2Fv2%2Fproduct_cat&post=9024"},{"taxonomy":"product_tag","embeddable":true,"href":"https:\/\/magiiik.netstory.com.pl\/index.php?rest_route=%2Fwp%2Fv2%2Fproduct_tag&post=9024"}],"curies":[{"name":"wp","href":"https:\/\/api.w.org\/{rel}","templated":true}]}}