{"id":9018,"date":"2025-09-19T13:21:56","date_gmt":"2025-09-19T11:21:56","guid":{"rendered":"https:\/\/magiiik.netstory.com.pl\/produkt\/at-the-table-vip-member-february-2015\/"},"modified":"2025-09-19T13:21:58","modified_gmt":"2025-09-19T11:21:58","slug":"at-the-table-vip-member-february-2015","status":"publish","type":"product","link":"https:\/\/magiiik.netstory.com.pl\/?product=at-the-table-vip-member-february-2015","title":{"rendered":"At The Table VIP Member February 2015"},"content":{"rendered":"<p style=\"text-align: center;\"><span style=\"font-size: 14pt; font-family: arial, helvetica, sans-serif;\"><strong>Luty 2015<\/strong> b\u0119dzie wyj\u0105tkowym miesi\u0105cem <strong>AT THE TABLE<\/strong>! <\/span><\/p>\n<p style=\"text-align: center;\"><span style=\"font-size: 14pt; font-family: arial, helvetica, sans-serif;\">Opr\u00f3cz zmiany studia, atrakcyjnej ceny, jeszcze wi\u0119kszej ilo\u015bci trick\u00f3w, <strong>20 MINUT GRATIS<\/strong>, mo\u017cliwo\u015bci rozmowy z Gwiazd\u0105 poprzez <strong>Skype<\/strong> podczas szkolenia na \u017cywo, w lutym wyst\u0105pi <strong>A\u017b DWA RAZY Jeff McBride!<\/strong> Nie zastanawiaj si\u0119 d\u0142u\u017cej, tylko od razu kup bilet na to wydarzenie!<\/span><\/p>\n<p style=\"text-align: left;\"><strong><span style=\"font-size: 14pt; font-family: arial, helvetica, sans-serif;\">1. Matthew Wrigth;<\/span><\/strong><\/p>\n<p style=\"text-align: left;\"><strong><span style=\"font-size: 14pt; font-family: arial, helvetica, sans-serif;\">2. Jeff McBride;<\/span><\/strong><\/p>\n<p style=\"text-align: left;\"><strong><span style=\"font-size: 14pt; font-family: arial, helvetica, sans-serif;\">3. Jeff McBride;<\/span><\/strong><\/p>\n<p style=\"text-align: left;\"><strong><span style=\"font-size: 14pt; font-family: arial, helvetica, sans-serif;\">4. Ekaterina.<\/span><\/strong><\/p>\n<p style=\"text-align: center;\">\u00a0<\/p>\n<p style=\"text-align: left;\"><strong><span style=\"font-size: 14pt; font-family: arial, helvetica, sans-serif;\">MATTHEW WRIGHT<\/span><\/strong><\/p>\n<p style=\"text-align: left;\"><span style=\"font-size: 14pt; font-family: arial, helvetica, sans-serif;\">Stworzy\u0142 kilka absolutnie fenomenalnych trick\u00f3w! W <strong>AT THE TABLE<\/strong> b\u0119dzie wykonywa\u0142 te niesamowite i oryginalne sztuczki, a nast\u0119pnie wyja\u015bni ich sekrety.\u00a0<\/span><\/p>\n<p style=\"text-align: left;\"><span style=\"font-size: 14pt; font-family: arial, helvetica, sans-serif;\">Dodatkowo przedstawi szczeg\u00f3\u0142y swojego aktu <strong>FISM<\/strong>, kt\u00f3rego nigdy wcze\u015bniej nie naucza\u0142. To b\u0119dzie naprawd\u0119 wyj\u0105tkowe wydarzenie, pe\u0142ne unikatowych efekt\u00f3w!<\/span><\/p>\n<p style=\"text-align: left;\"><strong><span style=\"font-size: 14pt; font-family: arial, helvetica, sans-serif;\">JEFF MCBRIDE<\/span><\/strong><\/p>\n<p style=\"text-align: left;\"><span style=\"font-size: 14pt; font-family: arial, helvetica, sans-serif;\">Powszechnie jest uwa\u017cany za jednego z najwi\u0119kszych mag\u00f3w \u017cyj\u0105cych we wsp\u00f3\u0142czesnym \u015bwiecie! Z krajowych wyst\u0119p\u00f3w telewizyjnych do \u015bwiatowych rekord\u00f3w i rozpocz\u0119cie\u00a0<span style=\"color: #444444;\"><strong>McBride Magic and Mystery School,<\/strong> mistrz iluzji do\u0142\u0105cza do <strong>AT THE TABLE<\/strong>! I na dodatek poprowadzi <strong>DWA SZKOLENIA!<\/strong><\/span><\/span><\/p>\n<p style=\"text-align: left;\"><span style=\"font-size: 14pt; font-family: arial, helvetica, sans-serif;\"><strong>Jeff<\/strong> poka\u017ce techniki magii z bliska, manipulacje z kartami, monetami i wiele, wiele wi\u0119cej! Poprowadzi warsztat, jak nikt inny! I nie zapomnij, \u017ce <strong>AT THE TABLE<\/strong> na \u017cywo daje Ci mo\u017cliwo\u015b\u0107 zadawania pyta\u0144 bezpo\u015brednio poprzez <strong>Skype!\u00a0<\/strong><\/span><\/p>\n<p style=\"text-align: left;\"><span style=\"font-size: 14pt; font-family: arial, helvetica, sans-serif;\">W drugim szkoleniu, <strong>Jeff<\/strong> zaprosi Ci\u0119 do swojego prywatnego domu na kameraln\u0105 wycieczk\u0119 po swojej bibliotece, gdzie zaprasza tylko najbli\u017cszych przyjaci\u00f3\u0142 i uczni\u00f3w! Kontynuuj\u0105c podr\u00f3\u017c po salonach Tajmeniczego Domu <strong>McBride<\/strong>, <strong>Jeff<\/strong> poprowadzi wyk\u0142ad o iluzji scenicznej i etapach jej wykonywania. To b\u0119dzie bardzo wyj\u0105tkowe szkolenie!<\/span><\/p>\n<p style=\"text-align: left;\"><strong><span style=\"font-size: 14pt; font-family: arial, helvetica, sans-serif;\">EKATERINA<\/span><\/strong><\/p>\n<p style=\"text-align: left;\"><span style=\"font-size: 14pt; font-family: arial, helvetica, sans-serif;\">Szkolenia w lutym zamknie <strong>Ekaterina<\/strong>, kt\u00f3ra b\u0119dzie prowadzi\u0107 warsztaty o <strong>cardistry<\/strong> &#8211; od najbardziej podstawowych do zaawansowanych ruch\u00f3w dla do\u015bwiadczonych mi\u0142o\u015bnik\u00f3w <strong>cardistry<\/strong>! Jednak to nie wszystko! Ona poka\u017ce tricki karciane, kt\u00f3rych nie widzia\u0142e\u015b nigdzie indziej! To b\u0119dzie bardzo kobieca magia, kt\u00f3r\u0105 i Ty b\u0119dziesz m\u00f3g\u0142 w\u0142\u0105czy\u0107 do swojego repertuaru!\u00a0<\/span><\/p>\n<p style=\"text-align: left;\">\u00a0<\/p>\n<p>\u00a0<\/p>\n","protected":false},"excerpt":{"rendered":"<p><strong>At The Table VIP Member February 2015<\/strong><\/p>\n","protected":false},"featured_media":9019,"comment_status":"closed","ping_status":"open","template":"","meta":[],"product_brand":[],"product_cat":[50],"product_tag":[],"class_list":{"0":"post-9018","1":"product","2":"type-product","3":"status-publish","4":"has-post-thumbnail","6":"product_cat-ksiazki-dvd-download-downloads-at-the-table","8":"first","9":"instock","10":"purchasable","11":"product-type-simple"},"_links":{"self":[{"href":"https:\/\/magiiik.netstory.com.pl\/index.php?rest_route=\/wp\/v2\/product\/9018","targetHints":{"allow":["GET"]}}],"collection":[{"href":"https:\/\/magiiik.netstory.com.pl\/index.php?rest_route=\/wp\/v2\/product"}],"about":[{"href":"https:\/\/magiiik.netstory.com.pl\/index.php?rest_route=\/wp\/v2\/types\/product"}],"replies":[{"embeddable":true,"href":"https:\/\/magiiik.netstory.com.pl\/index.php?rest_route=%2Fwp%2Fv2%2Fcomments&post=9018"}],"wp:featuredmedia":[{"embeddable":true,"href":"https:\/\/magiiik.netstory.com.pl\/index.php?rest_route=\/wp\/v2\/media\/9019"}],"wp:attachment":[{"href":"https:\/\/magiiik.netstory.com.pl\/index.php?rest_route=%2Fwp%2Fv2%2Fmedia&parent=9018"}],"wp:term":[{"taxonomy":"product_brand","embeddable":true,"href":"https:\/\/magiiik.netstory.com.pl\/index.php?rest_route=%2Fwp%2Fv2%2Fproduct_brand&post=9018"},{"taxonomy":"product_cat","embeddable":true,"href":"https:\/\/magiiik.netstory.com.pl\/index.php?rest_route=%2Fwp%2Fv2%2Fproduct_cat&post=9018"},{"taxonomy":"product_tag","embeddable":true,"href":"https:\/\/magiiik.netstory.com.pl\/index.php?rest_route=%2Fwp%2Fv2%2Fproduct_tag&post=9018"}],"curies":[{"name":"wp","href":"https:\/\/api.w.org\/{rel}","templated":true}]}}