{"id":8988,"date":"2025-09-19T13:21:37","date_gmt":"2025-09-19T11:21:37","guid":{"rendered":"https:\/\/magiiik.netstory.com.pl\/produkt\/at-the-table-live-lecture-francis-menotti\/"},"modified":"2025-09-19T13:21:41","modified_gmt":"2025-09-19T11:21:41","slug":"at-the-table-live-lecture-francis-menotti","status":"publish","type":"product","link":"https:\/\/magiiik.netstory.com.pl\/?product=at-the-table-live-lecture-francis-menotti","title":{"rendered":"At the Table Live Lecture &#8211; Francis Menotti"},"content":{"rendered":"<p style=\"font-size: 12px; font-family: Tahoma, Arial, sans-serif; text-align: center;\"><strong><span style=\"font-size: 14pt; font-family: arial, helvetica, sans-serif;\">FRANCIS MENOTTI &#8211; na \u017cywo ju\u017c 14. stycznia!<\/span><\/strong><\/p>\n<p style=\"font-size: 12px; font-family: Tahoma, Arial, sans-serif; text-align: center;\"><span style=\"font-size: 14pt; font-family: arial, helvetica, sans-serif;\">Niekwestionowana pasja i mi\u0142o\u015b\u0107 do magii &#8211;\u00a0<strong>FRANCIS MENOTTI\u00a0<\/strong>jest jednym z nielicznych, kt\u00f3rzy potrafi\u0105 przekszta\u0142ci\u0107 zwyk\u0142e tricki w prawdziw\u0105 SZTUK\u0118. Znaj\u0105c Go ze swoich pot\u0119\u017cnych magicznych prezentacji, mo\u017cna zagwarantowa\u0107, \u017ce Jego wyk\u0142ad b\u0119dzie czym\u015b r\u00f3wnie niezwyk\u0142ym!<\/span><\/p>\n<p style=\"font-size: 12px; font-family: Tahoma, Arial, sans-serif; text-align: center;\"><span style=\"font-size: 14pt; font-family: arial, helvetica, sans-serif;\">Podczas\u00a0<strong>AT THE TABLE<\/strong>,<strong> Menotti\u00a0<\/strong>nie tylko nauczy Ci\u0119 najbardziej znanych efekt\u00f3w, ale r\u00f3wnie\u017c odkryje przed Tob\u0105 tajniki niepublikowanych prac z kartami, monetami, a nawet my\u015blami! Innymi s\u0142owy, b\u0119dzie tu co\u015b dla ka\u017cdego!<\/span><\/p>\n","protected":false},"excerpt":{"rendered":"<p><strong>At the Table Live Lecture &#8211; Francis Menotti\u00a0<\/strong><\/p>\n","protected":false},"featured_media":8989,"comment_status":"closed","ping_status":"open","template":"","meta":[],"product_brand":[],"product_cat":[50],"product_tag":[],"class_list":{"0":"post-8988","1":"product","2":"type-product","3":"status-publish","4":"has-post-thumbnail","6":"product_cat-ksiazki-dvd-download-downloads-at-the-table","8":"first","9":"instock","10":"purchasable","11":"product-type-simple"},"_links":{"self":[{"href":"https:\/\/magiiik.netstory.com.pl\/index.php?rest_route=\/wp\/v2\/product\/8988","targetHints":{"allow":["GET"]}}],"collection":[{"href":"https:\/\/magiiik.netstory.com.pl\/index.php?rest_route=\/wp\/v2\/product"}],"about":[{"href":"https:\/\/magiiik.netstory.com.pl\/index.php?rest_route=\/wp\/v2\/types\/product"}],"replies":[{"embeddable":true,"href":"https:\/\/magiiik.netstory.com.pl\/index.php?rest_route=%2Fwp%2Fv2%2Fcomments&post=8988"}],"wp:featuredmedia":[{"embeddable":true,"href":"https:\/\/magiiik.netstory.com.pl\/index.php?rest_route=\/wp\/v2\/media\/8989"}],"wp:attachment":[{"href":"https:\/\/magiiik.netstory.com.pl\/index.php?rest_route=%2Fwp%2Fv2%2Fmedia&parent=8988"}],"wp:term":[{"taxonomy":"product_brand","embeddable":true,"href":"https:\/\/magiiik.netstory.com.pl\/index.php?rest_route=%2Fwp%2Fv2%2Fproduct_brand&post=8988"},{"taxonomy":"product_cat","embeddable":true,"href":"https:\/\/magiiik.netstory.com.pl\/index.php?rest_route=%2Fwp%2Fv2%2Fproduct_cat&post=8988"},{"taxonomy":"product_tag","embeddable":true,"href":"https:\/\/magiiik.netstory.com.pl\/index.php?rest_route=%2Fwp%2Fv2%2Fproduct_tag&post=8988"}],"curies":[{"name":"wp","href":"https:\/\/api.w.org\/{rel}","templated":true}]}}