{"id":8972,"date":"2025-09-19T13:21:37","date_gmt":"2025-09-19T11:21:37","guid":{"rendered":"https:\/\/magiiik.netstory.com.pl\/produkt\/essentials-in-magic-mental-photo-dvd\/"},"modified":"2025-09-19T13:21:37","modified_gmt":"2025-09-19T11:21:37","slug":"essentials-in-magic-mental-photo-dvd","status":"publish","type":"product","link":"https:\/\/magiiik.netstory.com.pl\/?product=essentials-in-magic-mental-photo-dvd","title":{"rendered":"Essentials in Magic Mental Photo &#8211; DVD"},"content":{"rendered":"<p style=\"text-align: center;\"><span style=\"font-size: 14pt; font-family: arial, helvetica, sans-serif; color: #000000;\">Dzi\u0119ki temu DVD nauczysz si\u0119 wykonywa\u0107 genialne efekty z tali\u0105 &#8222;<a href=\"\/pl\/p\/Talia-Mental-Photo-Bicycle\/341\"><span style=\"color: #000000;\"><strong>Mental Photography<\/strong><\/span><\/a>&#8222;!<\/span><\/p>\n<p style=\"text-align: center;\"><span style=\"font-size: 14pt; font-family: arial, helvetica, sans-serif; color: #000000;\"><iframe loading=\"lazy\" src=\"\/\/www.youtube.com\/embed\/nKNy9a6Deww\" width=\"425\" height=\"350\"><\/iframe><\/span><\/p>\n<p><span style=\"color: #000000;\"><strong><span style=\"font-size: 14pt; font-family: arial, helvetica, sans-serif;\">W tym DVD:<\/span><\/strong><\/span><\/p>\n<p><span style=\"color: #000000; font-size: 14pt; font-family: arial, helvetica, sans-serif;\">&#8211; jak to dzia\u0142a?<\/span><\/p>\n<p><span style=\"color: #000000; font-size: 14pt; font-family: arial, helvetica, sans-serif;\">&#8211; kilka r\u00f3\u017cnych sposob\u00f3w tasowania talii;<\/span><\/p>\n<p><span style=\"color: #000000; font-size: 14pt; font-family: arial, helvetica, sans-serif;\">&#8211; Charlier Shuffle;<\/span><\/p>\n<p><span style=\"color: #000000; font-size: 14pt; font-family: arial, helvetica, sans-serif;\">&#8211; podstawowa rutyna;<\/span><\/p>\n<p><span style=\"color: #000000; font-size: 14pt; font-family: arial, helvetica, sans-serif;\">&#8211; wiele wi\u0119cej!<\/span><\/p>\n<p>\u00a0<\/p>\n<p><span style=\"color: #000000;\"><strong><span style=\"font-size: 14pt; font-family: arial, helvetica, sans-serif;\">Ca\u0142kowita d\u0142ugo\u015b\u0107 filmu: 1 godzina.<\/span><\/strong><\/span><\/p>\n<p><span style=\"color: #000000;\"><span style=\"font-size: 14pt; font-family: arial, helvetica, sans-serif;\">Kolekcja\u00a0&#8222;<strong>Essentials in Magic<\/strong>&#8221; Mental Photo Deck daje mo\u017cliwo\u015b\u0107 spotkania si\u0119 jeden na jeden z\u00a0<strong>Daryl<\/strong>&#8217;em. Znany i szanowany jako jeden z najlepszych nauczycieli na \u015bwiecie w sztuce iluzji.\u00a0<strong>Daryl\u00a0<\/strong>w tym filmie jest Twoim osobistym mentorem i w jasny, \u0142atwy do zrozumienia spos\u00f3b pomaga rozwija\u0107 umiej\u0119tno\u015bci i techniki nigdy wcze\u015bniej nie publikowane.<\/span><\/span><\/p>\n<p>\u00a0<\/p>\n<p><span style=\"color: #000000;\"><strong><span style=\"font-size: 14pt; font-family: arial, helvetica, sans-serif;\">Polecamy,<\/span><\/strong><\/span><\/p>\n<p><span style=\"color: #000000;\"><strong><span style=\"font-size: 14pt; font-family: arial, helvetica, sans-serif;\">magiiik.pl<\/span><\/strong><\/span><\/p>\n","protected":false},"excerpt":{"rendered":"<p><strong>Essentials in Magic Mental Photo &#8211; DVD\u00a0<\/strong><\/p>\n","protected":false},"featured_media":8973,"comment_status":"closed","ping_status":"open","template":"","meta":[],"product_brand":[],"product_cat":[47],"product_tag":[],"class_list":{"0":"post-8972","1":"product","2":"type-product","3":"status-publish","4":"has-post-thumbnail","6":"product_cat-ksiazki-dvd-download-filmy-dvd","8":"first","9":"instock","10":"purchasable","11":"product-type-simple"},"_links":{"self":[{"href":"https:\/\/magiiik.netstory.com.pl\/index.php?rest_route=\/wp\/v2\/product\/8972","targetHints":{"allow":["GET"]}}],"collection":[{"href":"https:\/\/magiiik.netstory.com.pl\/index.php?rest_route=\/wp\/v2\/product"}],"about":[{"href":"https:\/\/magiiik.netstory.com.pl\/index.php?rest_route=\/wp\/v2\/types\/product"}],"replies":[{"embeddable":true,"href":"https:\/\/magiiik.netstory.com.pl\/index.php?rest_route=%2Fwp%2Fv2%2Fcomments&post=8972"}],"wp:featuredmedia":[{"embeddable":true,"href":"https:\/\/magiiik.netstory.com.pl\/index.php?rest_route=\/wp\/v2\/media\/8973"}],"wp:attachment":[{"href":"https:\/\/magiiik.netstory.com.pl\/index.php?rest_route=%2Fwp%2Fv2%2Fmedia&parent=8972"}],"wp:term":[{"taxonomy":"product_brand","embeddable":true,"href":"https:\/\/magiiik.netstory.com.pl\/index.php?rest_route=%2Fwp%2Fv2%2Fproduct_brand&post=8972"},{"taxonomy":"product_cat","embeddable":true,"href":"https:\/\/magiiik.netstory.com.pl\/index.php?rest_route=%2Fwp%2Fv2%2Fproduct_cat&post=8972"},{"taxonomy":"product_tag","embeddable":true,"href":"https:\/\/magiiik.netstory.com.pl\/index.php?rest_route=%2Fwp%2Fv2%2Fproduct_tag&post=8972"}],"curies":[{"name":"wp","href":"https:\/\/api.w.org\/{rel}","templated":true}]}}