{"id":8968,"date":"2025-09-19T13:21:03","date_gmt":"2025-09-19T11:21:03","guid":{"rendered":"https:\/\/magiiik.netstory.com.pl\/produkt\/essentials-in-magic-svengali-deck-dvd\/"},"modified":"2025-09-19T13:21:30","modified_gmt":"2025-09-19T11:21:30","slug":"essentials-in-magic-svengali-deck-dvd","status":"publish","type":"product","link":"https:\/\/magiiik.netstory.com.pl\/?product=essentials-in-magic-svengali-deck-dvd","title":{"rendered":"Essentials in Magic Svengali Deck &#8211; DVD"},"content":{"rendered":"<p style=\"text-align: center;\"><span style=\"font-size: 19px; font-family: arial, helvetica, sans-serif;\">Dzi\u0119ki temu DVD nauczysz si\u0119 wszystkich podstawowych technik w korzystaniu z kart <a href=\"\/pl\/searchquery\/svengali\/1\/full\/5?url=svengali\">SVENGALI<\/a>.<\/span><\/p>\n<p style=\"text-align: center;\"><span style=\"font-size: 19px; font-family: arial, helvetica, sans-serif;\"><iframe loading=\"lazy\" src=\"\/\/www.youtube.com\/embed\/yzUh4aQtZz0\" width=\"425\" height=\"350\"><\/iframe><\/span><\/p>\n<p>\u00a0<\/p>\n<p style=\"font-size: 12px; font-family: Tahoma, Arial, sans-serif;\"><strong><span style=\"font-size: 14pt;\">Ca\u0142kowita d\u0142ugo\u015b\u0107 filmu: 1 godz.\u00a0<\/span><\/strong><\/p>\n<p>\u00a0<\/p>\n<p><span style=\"font-size: 14pt; font-family: arial, helvetica, sans-serif;\">Kolekcja\u00a0&#8222;<strong>Essentials in Magic<\/strong>&#8221; Svengali Deck daje mo\u017cliwo\u015b\u0107 spotkania si\u0119 jeden na jeden z\u00a0<strong>Daryl<\/strong>&#8217;em. Znany i szanowany jako jeden z najlepszych nauczycieli na \u015bwiecie w sztuce iluzji.\u00a0<strong>Daryl<\/strong>\u00a0w tym filmie jest Twoim osobistym mentorem i w jasny, \u0142atwy do zrozumienia spos\u00f3b pomaga rozwija\u0107 umiej\u0119tno\u015bci i techniki nigdy wcze\u015bniej nie publikowane.<\/span><\/p>\n<p><span style=\"font-size: 14pt; font-family: arial, helvetica, sans-serif;\">\u00a0<\/span><\/p>\n<div style=\"font-size: 12px; font-family: Tahoma, Arial, sans-serif;\"><strong><span style=\"font-size: 14pt;\">Polecamy,<\/span><\/strong><\/div>\n<div style=\"font-size: 12px; font-family: Tahoma, Arial, sans-serif;\"><strong><span style=\"font-size: 14pt;\">magiiik.pl<\/span><\/strong><\/div>\n<p>\u00a0<\/p>\n","protected":false},"excerpt":{"rendered":"<p><strong>Essentials in Magic Svengali Deck &#8211; DVD<\/strong><\/p>\n","protected":false},"featured_media":8969,"comment_status":"closed","ping_status":"open","template":"","meta":[],"product_brand":[],"product_cat":[47],"product_tag":[],"class_list":{"0":"post-8968","1":"product","2":"type-product","3":"status-publish","4":"has-post-thumbnail","6":"product_cat-ksiazki-dvd-download-filmy-dvd","8":"first","9":"instock","10":"purchasable","11":"product-type-simple"},"_links":{"self":[{"href":"https:\/\/magiiik.netstory.com.pl\/index.php?rest_route=\/wp\/v2\/product\/8968","targetHints":{"allow":["GET"]}}],"collection":[{"href":"https:\/\/magiiik.netstory.com.pl\/index.php?rest_route=\/wp\/v2\/product"}],"about":[{"href":"https:\/\/magiiik.netstory.com.pl\/index.php?rest_route=\/wp\/v2\/types\/product"}],"replies":[{"embeddable":true,"href":"https:\/\/magiiik.netstory.com.pl\/index.php?rest_route=%2Fwp%2Fv2%2Fcomments&post=8968"}],"wp:featuredmedia":[{"embeddable":true,"href":"https:\/\/magiiik.netstory.com.pl\/index.php?rest_route=\/wp\/v2\/media\/8969"}],"wp:attachment":[{"href":"https:\/\/magiiik.netstory.com.pl\/index.php?rest_route=%2Fwp%2Fv2%2Fmedia&parent=8968"}],"wp:term":[{"taxonomy":"product_brand","embeddable":true,"href":"https:\/\/magiiik.netstory.com.pl\/index.php?rest_route=%2Fwp%2Fv2%2Fproduct_brand&post=8968"},{"taxonomy":"product_cat","embeddable":true,"href":"https:\/\/magiiik.netstory.com.pl\/index.php?rest_route=%2Fwp%2Fv2%2Fproduct_cat&post=8968"},{"taxonomy":"product_tag","embeddable":true,"href":"https:\/\/magiiik.netstory.com.pl\/index.php?rest_route=%2Fwp%2Fv2%2Fproduct_tag&post=8968"}],"curies":[{"name":"wp","href":"https:\/\/api.w.org\/{rel}","templated":true}]}}