{"id":8896,"date":"2025-09-19T13:21:03","date_gmt":"2025-09-19T11:21:03","guid":{"rendered":"https:\/\/magiiik.netstory.com.pl\/produkt\/the-forces-project-by-big-blind-media-download\/"},"modified":"2025-09-19T13:21:03","modified_gmt":"2025-09-19T11:21:03","slug":"the-forces-project-by-big-blind-media-download","status":"publish","type":"product","link":"https:\/\/magiiik.netstory.com.pl\/?product=the-forces-project-by-big-blind-media-download","title":{"rendered":"The Forces Project by Big Blind Media  DOWNLOAD"},"content":{"rendered":"<p style=\"text-align: center;\"><span style=\"font-size: 14pt; font-family: arial, helvetica, sans-serif;\"><strong>FORSOWANIE KARTY<\/strong> &#8211; sprawianie, aby widz wybra\u0142 kart\u0119, kt\u00f3r\u0105 chcesz!<\/span><\/p>\n<p style=\"text-align: center;\"><span style=\"font-size: 14pt; font-family: arial, helvetica, sans-serif;\">To bardzo wa\u017cna umiej\u0119tno\u015b\u0107 w trickach z kartami, a dla wielu sztuczek to jest wr\u0119cz niezb\u0119dna!<\/span><\/p>\n<p style=\"text-align: center;\"><span style=\"font-size: 14pt; font-family: arial, helvetica, sans-serif;\">Dowiedz si\u0119 wszystkiego o tym, jak sprawi\u0107, aby Twoi widzowie mieli z pozoru zupe\u0142nie wolny wyb\u00f3r karty, podczas gry w rzeczywisto\u015bci nie mieli go w og\u00f3le!<\/span><\/p>\n<p style=\"text-align: center;\"><span style=\"font-size: 14pt; font-family: arial, helvetica, sans-serif;\">W tym &#8222;projekcie&#8221; <strong>Liam Montier<\/strong> nauczy Ci\u0119 <strong>24<\/strong> &#8222;zmuszaj\u0105cych&#8221; technik, pocz\u0105wszy od najbardziej klasycznych, poprzez bardzo skomplikowane!<\/span><\/p>\n<p style=\"text-align: center;\"><span style=\"font-size: 14pt; font-family: arial, helvetica, sans-serif;\"><iframe loading=\"lazy\" src=\"\/\/www.youtube.com\/embed\/hsX4egNNQX4\" width=\"425\" height=\"350\"><\/iframe><\/span><\/p>\n<p style=\"text-align: center;\">\u00a0<\/p>\n<p style=\"text-align: left;\"><strong><span style=\"font-size: 14pt; font-family: arial, helvetica, sans-serif;\">Co znajdziesz na tym video?<\/span><\/strong><\/p>\n<p style=\"text-align: center;\">\u00a0<\/p>\n<p style=\"text-align: left;\"><span style=\"font-size: 14pt; font-family: arial, helvetica, sans-serif; color: #000000;\"><strong style=\"color: #444444; font-size: medium; font-family: 'Segoe UI', Arial, Helvetica, sans-serif;\">-Getting Started<\/strong><\/span><br style=\"color: #444444; font-size: medium; font-family: 'Segoe UI', Arial, Helvetica, sans-serif;\" \/><span style=\"color: #000000; font-size: 14pt; font-family: arial, helvetica, sans-serif;\">Riffle Force<\/span><br style=\"color: #444444; font-size: medium; font-family: 'Segoe UI', Arial, Helvetica, sans-serif;\" \/><span style=\"color: #000000; font-size: 14pt; font-family: arial, helvetica, sans-serif;\">World&#8217;s Easiest Riffle Force<\/span><br style=\"color: #444444; font-size: medium; font-family: 'Segoe UI', Arial, Helvetica, sans-serif;\" \/><span style=\"color: #000000; font-size: 14pt; font-family: arial, helvetica, sans-serif;\">Dribble Force<\/span><br style=\"color: #444444; font-size: medium; font-family: 'Segoe UI', Arial, Helvetica, sans-serif;\" \/><span style=\"color: #000000; font-size: 14pt; font-family: arial, helvetica, sans-serif;\">Psychological Stop Force<\/span><br style=\"color: #444444; font-size: medium; font-family: 'Segoe UI', Arial, Helvetica, sans-serif;\" \/><br style=\"color: #444444; font-size: medium; font-family: 'Segoe UI', Arial, Helvetica, sans-serif;\" \/><span style=\"font-size: 14pt; font-family: arial, helvetica, sans-serif; color: #000000;\"><strong style=\"color: #444444; font-size: medium; font-family: 'Segoe UI', Arial, Helvetica, sans-serif;\">-Advice &#8211; Uniformity of Action<\/strong><\/span><br style=\"color: #444444; font-size: medium; font-family: 'Segoe UI', Arial, Helvetica, sans-serif;\" \/><span style=\"color: #000000; font-size: 14pt; font-family: arial, helvetica, sans-serif;\">Cross Cut Force<\/span><br style=\"color: #444444; font-size: medium; font-family: 'Segoe UI', Arial, Helvetica, sans-serif;\" \/><span style=\"color: #000000; font-size: 14pt; font-family: arial, helvetica, sans-serif;\">Cross Cut Crimp<\/span><br style=\"color: #444444; font-size: medium; font-family: 'Segoe UI', Arial, Helvetica, sans-serif;\" \/><span style=\"color: #000000; font-size: 14pt; font-family: arial, helvetica, sans-serif;\">Cut Force<\/span><br style=\"color: #444444; font-size: medium; font-family: 'Segoe UI', Arial, Helvetica, sans-serif;\" \/><span style=\"color: #000000; font-size: 14pt; font-family: arial, helvetica, sans-serif;\">Cut Deeper Force<\/span><br style=\"color: #444444; font-size: medium; font-family: 'Segoe UI', Arial, Helvetica, sans-serif;\" \/><br style=\"color: #444444; font-size: medium; font-family: 'Segoe UI', Arial, Helvetica, sans-serif;\" \/><span style=\"font-size: 14pt; font-family: arial, helvetica, sans-serif; color: #000000;\"><strong style=\"color: #444444; font-size: medium; font-family: 'Segoe UI', Arial, Helvetica, sans-serif;\">-Advice &#8211; Confidence<\/strong><\/span><br style=\"color: #444444; font-size: medium; font-family: 'Segoe UI', Arial, Helvetica, sans-serif;\" \/><span style=\"color: #000000; font-size: 14pt; font-family: arial, helvetica, sans-serif;\">Jedi Force<\/span><br style=\"color: #444444; font-size: medium; font-family: 'Segoe UI', Arial, Helvetica, sans-serif;\" \/><span style=\"color: #000000; font-size: 14pt; font-family: arial, helvetica, sans-serif;\">Clock Force<\/span><br style=\"color: #444444; font-size: medium; font-family: 'Segoe UI', Arial, Helvetica, sans-serif;\" \/><span style=\"color: #000000; font-size: 14pt; font-family: arial, helvetica, sans-serif;\">Count Force<\/span><br style=\"color: #444444; font-size: medium; font-family: 'Segoe UI', Arial, Helvetica, sans-serif;\" \/><span style=\"color: #000000; font-size: 14pt; font-family: arial, helvetica, sans-serif;\">Double Deal Force<\/span><br style=\"color: #444444; font-size: medium; font-family: 'Segoe UI', Arial, Helvetica, sans-serif;\" \/><br style=\"color: #444444; font-size: medium; font-family: 'Segoe UI', Arial, Helvetica, sans-serif;\" \/><span style=\"font-size: 14pt; font-family: arial, helvetica, sans-serif; color: #000000;\"><strong style=\"color: #444444; font-size: medium; font-family: 'Segoe UI', Arial, Helvetica, sans-serif;\">-Advice &#8211; Language<\/strong><\/span><br style=\"color: #444444; font-size: medium; font-family: 'Segoe UI', Arial, Helvetica, sans-serif;\" \/><span style=\"color: #000000; font-size: 14pt; font-family: arial, helvetica, sans-serif;\">Prophecy Move<\/span><br style=\"color: #444444; font-size: medium; font-family: 'Segoe UI', Arial, Helvetica, sans-serif;\" \/><span style=\"color: #000000; font-size: 14pt; font-family: arial, helvetica, sans-serif;\">Touch Force<\/span><br style=\"color: #444444; font-size: medium; font-family: 'Segoe UI', Arial, Helvetica, sans-serif;\" \/><span style=\"color: #000000; font-size: 14pt; font-family: arial, helvetica, sans-serif;\">Impossible Force<\/span><br style=\"color: #444444; font-size: medium; font-family: 'Segoe UI', Arial, Helvetica, sans-serif;\" \/><span style=\"color: #000000; font-size: 14pt; font-family: arial, helvetica, sans-serif;\">10 &#8211; 20 Force<\/span><br style=\"color: #444444; font-size: medium; font-family: 'Segoe UI', Arial, Helvetica, sans-serif;\" \/><br style=\"color: #444444; font-size: medium; font-family: 'Segoe UI', Arial, Helvetica, sans-serif;\" \/><span style=\"font-size: 14pt; font-family: arial, helvetica, sans-serif; color: #000000;\"><strong style=\"color: #444444; font-size: medium; font-family: 'Segoe UI', Arial, Helvetica, sans-serif;\">-Advice &#8211; Context<\/strong><\/span><br style=\"color: #444444; font-size: medium; font-family: 'Segoe UI', Arial, Helvetica, sans-serif;\" \/><span style=\"color: #000000; font-size: 14pt; font-family: arial, helvetica, sans-serif;\">Spread Force<\/span><br style=\"color: #444444; font-size: medium; font-family: 'Segoe UI', Arial, Helvetica, sans-serif;\" \/><span style=\"color: #000000; font-size: 14pt; font-family: arial, helvetica, sans-serif;\">Swindle Force<\/span><br style=\"color: #444444; font-size: medium; font-family: 'Segoe UI', Arial, Helvetica, sans-serif;\" \/><span style=\"color: #000000; font-size: 14pt; font-family: arial, helvetica, sans-serif;\">Hindu Shuffle Force<\/span><br style=\"color: #444444; font-size: medium; font-family: 'Segoe UI', Arial, Helvetica, sans-serif;\" \/><span style=\"color: #000000; font-size: 14pt; font-family: arial, helvetica, sans-serif;\">Back Slip Force<\/span><br style=\"color: #444444; font-size: medium; font-family: 'Segoe UI', Arial, Helvetica, sans-serif;\" \/><br style=\"color: #444444; font-size: medium; font-family: 'Segoe UI', Arial, Helvetica, sans-serif;\" \/><span style=\"font-size: 14pt; font-family: arial, helvetica, sans-serif; color: #000000;\"><strong style=\"color: #444444; font-size: medium; font-family: 'Segoe UI', Arial, Helvetica, sans-serif;\">-Advice &#8211; Contingencies<\/strong><\/span><br style=\"color: #444444; font-size: medium; font-family: 'Segoe UI', Arial, Helvetica, sans-serif;\" \/><span style=\"color: #000000; font-size: 14pt; font-family: arial, helvetica, sans-serif;\">Lift Shuffle Force<\/span><br style=\"color: #444444; font-size: medium; font-family: 'Segoe UI', Arial, Helvetica, sans-serif;\" \/><span style=\"color: #000000; font-size: 14pt; font-family: arial, helvetica, sans-serif;\">Bottom Slip Force<\/span><br style=\"color: #444444; font-size: medium; font-family: 'Segoe UI', Arial, Helvetica, sans-serif;\" \/><span style=\"color: #000000; font-size: 14pt; font-family: arial, helvetica, sans-serif;\">Classic Force\u00a0<\/span><br style=\"color: #444444; font-size: medium; font-family: 'Segoe UI', Arial, Helvetica, sans-serif;\" \/><span style=\"color: #000000; font-size: 14pt; font-family: arial, helvetica, sans-serif;\">Topper Move<\/span><\/p>\n<p style=\"text-align: left;\">\u00a0<\/p>\n<p style=\"text-align: left;\"><strong><span style=\"color: #000000; font-size: 14pt; font-family: arial, helvetica, sans-serif;\">UWAGA!<\/span><\/strong><\/p>\n<p style=\"text-align: left;\"><strong><span style=\"color: #000000; font-size: 14pt; font-family: arial, helvetica, sans-serif;\">Wersja do pobrania!<\/span><\/strong><\/p>\n<p style=\"text-align: left;\">\u00a0<\/p>\n<p style=\"text-align: left;\"><span style=\"color: #000000; font-size: 14pt; font-family: arial, helvetica, sans-serif;\">Polecamy,<\/span><\/p>\n<p style=\"text-align: left;\"><span style=\"color: #000000; font-size: 14pt; font-family: arial, helvetica, sans-serif;\">magiiik.pl<\/span><\/p>\n","protected":false},"excerpt":{"rendered":"<p><strong>The Forces Project by Big Blind Media video<\/strong><\/p>\n","protected":false},"featured_media":8897,"comment_status":"closed","ping_status":"open","template":"","meta":[],"product_brand":[],"product_cat":[55],"product_tag":[],"class_list":{"0":"post-8896","1":"product","2":"type-product","3":"status-publish","4":"has-post-thumbnail","6":"product_cat-ksiazki-dvd-download-downloads","8":"first","9":"instock","10":"purchasable","11":"product-type-simple"},"_links":{"self":[{"href":"https:\/\/magiiik.netstory.com.pl\/index.php?rest_route=\/wp\/v2\/product\/8896","targetHints":{"allow":["GET"]}}],"collection":[{"href":"https:\/\/magiiik.netstory.com.pl\/index.php?rest_route=\/wp\/v2\/product"}],"about":[{"href":"https:\/\/magiiik.netstory.com.pl\/index.php?rest_route=\/wp\/v2\/types\/product"}],"replies":[{"embeddable":true,"href":"https:\/\/magiiik.netstory.com.pl\/index.php?rest_route=%2Fwp%2Fv2%2Fcomments&post=8896"}],"wp:featuredmedia":[{"embeddable":true,"href":"https:\/\/magiiik.netstory.com.pl\/index.php?rest_route=\/wp\/v2\/media\/8897"}],"wp:attachment":[{"href":"https:\/\/magiiik.netstory.com.pl\/index.php?rest_route=%2Fwp%2Fv2%2Fmedia&parent=8896"}],"wp:term":[{"taxonomy":"product_brand","embeddable":true,"href":"https:\/\/magiiik.netstory.com.pl\/index.php?rest_route=%2Fwp%2Fv2%2Fproduct_brand&post=8896"},{"taxonomy":"product_cat","embeddable":true,"href":"https:\/\/magiiik.netstory.com.pl\/index.php?rest_route=%2Fwp%2Fv2%2Fproduct_cat&post=8896"},{"taxonomy":"product_tag","embeddable":true,"href":"https:\/\/magiiik.netstory.com.pl\/index.php?rest_route=%2Fwp%2Fv2%2Fproduct_tag&post=8896"}],"curies":[{"name":"wp","href":"https:\/\/api.w.org\/{rel}","templated":true}]}}