{"id":8661,"date":"2025-09-19T13:18:33","date_gmt":"2025-09-19T11:18:33","guid":{"rendered":"https:\/\/magiiik.netstory.com.pl\/produkt\/banshees-karty-do-rzucania\/"},"modified":"2025-09-19T13:19:06","modified_gmt":"2025-09-19T11:19:06","slug":"banshees-karty-do-rzucania","status":"publish","type":"product","link":"https:\/\/magiiik.netstory.com.pl\/?product=banshees-karty-do-rzucania","title":{"rendered":"Banshees: Karty do rzucania"},"content":{"rendered":"<p style=\"text-align: center;\">\u00a0<\/p>\n<p style=\"text-align: center;\"><strong><span style=\"font-size: 14pt; font-family: 'arial black', 'avant garde';\">PRECYZJA * SZYBKO\u015a\u0106 * TRWA\u0141O\u015a\u0106<\/span><\/strong><\/p>\n<p style=\"text-align: center;\"><span style=\"font-size: 14pt; font-family: 'arial black', 'avant garde';\">Miotacze karciane s\u0105 w stanie zniszczy\u0107 dziesi\u0105tki karton\u00f3w podczas rzucania! <\/span><\/p>\n<p style=\"text-align: center;\"><span style=\"font-size: 14pt; font-family: 'arial black', 'avant garde';\"><strong>Banshees<\/strong> s\u0105 zaprojektowane z mieszanki tworzyw sztucznych wysokiej jako\u015bci aby zmaksymalizowa\u0107 moc ci\u0119cia i penetracji, a wszystko przy zachowaniu trwa\u0142o\u015bci karty, aby nie marnowa\u0107 pieni\u0119dzy na kolejne i kolejne talie!<\/span><\/p>\n<p style=\"text-align: center;\"><span style=\"font-size: 14pt; font-family: 'arial black', 'avant garde';\"><strong>Banshees<\/strong> zosta\u0142y stworzone, opracowane i zaprojektowane przez uznanego tw\u00f3rc\u0119 kart, <strong>Jason<\/strong>&#8217;a <strong>Brumbalow<\/strong>&#8217;a. Stworzy\u0142 On karty przeznaczone wy\u0142\u0105cznie do rzucania, kt\u00f3re wytrzymuj\u0105 setki rzut\u00f3w, a kiedy lec\u0105 wydaj\u0105 s\u0142yszalny \u015bwist.\u00a0<\/span><\/p>\n<p style=\"text-align: center;\"><span style=\"font-size: 14pt; font-family: 'arial black', 'avant garde';\"><iframe loading=\"lazy\" src=\"\/\/www.youtube.com\/embed\/uMWyJTa3zSY\" width=\"542\" height=\"446\"><\/iframe><\/span><\/p>\n<p style=\"text-align: center;\">\u00a0<\/p>\n<p style=\"text-align: center;\"><iframe loading=\"lazy\" src=\"\/\/www.youtube.com\/embed\/CyTV7lcq81U\" width=\"537\" height=\"442\"><\/iframe><\/p>\n<p style=\"text-align: center;\"><strong><span style=\"font-size: 14pt; font-family: 'arial black', 'avant garde';\">UWAGA!<\/span><\/strong><\/p>\n<p style=\"text-align: center;\"><span style=\"font-size: 14pt; font-family: 'arial black', 'avant garde';\">Karty s\u0105 du\u017co bardziej wytrzyma\u0142e ni\u017c papierowe, ale nie s\u0105 niezniszczalne. Mocne uderzenie mo\u017ce r\u00f3wnie\u017c spowodowa\u0107 p\u0119kni\u0119cie karty.\u00a0<\/span><\/p>\n<p style=\"text-align: center;\"><strong><span style=\"font-size: 14pt; font-family: 'arial black', 'avant garde';\">Polecamy,<\/span><\/strong><\/p>\n<p style=\"text-align: center;\"><strong><span style=\"font-size: 14pt; font-family: 'arial black', 'avant garde';\">magiiik.pl<\/span><\/strong><\/p>\n","protected":false},"excerpt":{"rendered":"<p><strong>Banshees: Cards for Throwing\u00a0<\/strong><\/p>\n","protected":false},"featured_media":8662,"comment_status":"closed","ping_status":"open","template":"","meta":[],"product_brand":[],"product_cat":[51],"product_tag":[],"class_list":{"0":"post-8661","1":"product","2":"type-product","3":"status-publish","4":"has-post-thumbnail","6":"product_cat-mikro-iluzja-close-up-karty-trickowe","8":"first","9":"instock","10":"purchasable","11":"product-type-simple"},"_links":{"self":[{"href":"https:\/\/magiiik.netstory.com.pl\/index.php?rest_route=\/wp\/v2\/product\/8661","targetHints":{"allow":["GET"]}}],"collection":[{"href":"https:\/\/magiiik.netstory.com.pl\/index.php?rest_route=\/wp\/v2\/product"}],"about":[{"href":"https:\/\/magiiik.netstory.com.pl\/index.php?rest_route=\/wp\/v2\/types\/product"}],"replies":[{"embeddable":true,"href":"https:\/\/magiiik.netstory.com.pl\/index.php?rest_route=%2Fwp%2Fv2%2Fcomments&post=8661"}],"wp:featuredmedia":[{"embeddable":true,"href":"https:\/\/magiiik.netstory.com.pl\/index.php?rest_route=\/wp\/v2\/media\/8662"}],"wp:attachment":[{"href":"https:\/\/magiiik.netstory.com.pl\/index.php?rest_route=%2Fwp%2Fv2%2Fmedia&parent=8661"}],"wp:term":[{"taxonomy":"product_brand","embeddable":true,"href":"https:\/\/magiiik.netstory.com.pl\/index.php?rest_route=%2Fwp%2Fv2%2Fproduct_brand&post=8661"},{"taxonomy":"product_cat","embeddable":true,"href":"https:\/\/magiiik.netstory.com.pl\/index.php?rest_route=%2Fwp%2Fv2%2Fproduct_cat&post=8661"},{"taxonomy":"product_tag","embeddable":true,"href":"https:\/\/magiiik.netstory.com.pl\/index.php?rest_route=%2Fwp%2Fv2%2Fproduct_tag&post=8661"}],"curies":[{"name":"wp","href":"https:\/\/api.w.org\/{rel}","templated":true}]}}