{"id":8380,"date":"2025-09-19T13:16:39","date_gmt":"2025-09-19T11:16:39","guid":{"rendered":"https:\/\/magiiik.netstory.com.pl\/produkt\/bicycle-creepy\/"},"modified":"2025-09-19T13:16:42","modified_gmt":"2025-09-19T11:16:42","slug":"bicycle-creepy","status":"publish","type":"product","link":"https:\/\/magiiik.netstory.com.pl\/?product=bicycle-creepy","title":{"rendered":"Bicycle Creepy"},"content":{"rendered":"<p style=\"text-align: center;\"><span style=\"font-size: 14pt; font-family: 'arial black', 'avant garde';\"><strong>Bicycle Creepy<\/strong> to karty kolekcjonerskie, kt\u00f3rych autorem jest <strong>Johnny Whaam<\/strong>.<\/span><\/p>\n<p style=\"text-align: center;\"><span style=\"font-size: 14pt; font-family: 'arial black', 'avant garde';\">Dlaczego s\u0105 tak przera\u017caj\u0105ce? <strong>Johnny<\/strong> chcia\u0142 stworzy\u0107 pi\u0119kne, a jednocze\u015bnie przera\u017caj\u0105ce potwory i umie\u015bci\u0107 je na kartach. Kocha horror, st\u0105d powsta\u0142y tak straszne rysunki. To by\u0142o wyzwanie dla Niego, ale zdecydowa\u0142 si\u0119 wyda\u0107 swoje karty i z niecierpliwo\u015bci\u0105 czeka\u0142 na reakcj\u0119.\u00a0<\/span><\/p>\n<p><em>&#8211; 52 r\u0119cznie rysowane karty;<\/em><\/p>\n<p><em>&#8211; niestandardowe wzory;<\/em><\/p>\n<p><em>&#8211; drukowane przez USPCC.<\/em><\/p>\n<p>\u00a0<\/p>\n<p><strong>Polecamy,<\/strong><\/p>\n<p><strong>magiiik.pl<\/strong><\/p>\n","protected":false},"excerpt":{"rendered":"<p><strong>Bicycle Creepy<\/strong><\/p>\n","protected":false},"featured_media":8381,"comment_status":"closed","ping_status":"open","template":"","meta":[],"product_brand":[],"product_cat":[46],"product_tag":[],"class_list":{"0":"post-8380","1":"product","2":"type-product","3":"status-publish","4":"has-post-thumbnail","6":"product_cat-mikro-iluzja-close-up-karty-kolekcjonerskie","8":"first","9":"instock","10":"purchasable","11":"product-type-simple"},"_links":{"self":[{"href":"https:\/\/magiiik.netstory.com.pl\/index.php?rest_route=\/wp\/v2\/product\/8380","targetHints":{"allow":["GET"]}}],"collection":[{"href":"https:\/\/magiiik.netstory.com.pl\/index.php?rest_route=\/wp\/v2\/product"}],"about":[{"href":"https:\/\/magiiik.netstory.com.pl\/index.php?rest_route=\/wp\/v2\/types\/product"}],"replies":[{"embeddable":true,"href":"https:\/\/magiiik.netstory.com.pl\/index.php?rest_route=%2Fwp%2Fv2%2Fcomments&post=8380"}],"wp:featuredmedia":[{"embeddable":true,"href":"https:\/\/magiiik.netstory.com.pl\/index.php?rest_route=\/wp\/v2\/media\/8381"}],"wp:attachment":[{"href":"https:\/\/magiiik.netstory.com.pl\/index.php?rest_route=%2Fwp%2Fv2%2Fmedia&parent=8380"}],"wp:term":[{"taxonomy":"product_brand","embeddable":true,"href":"https:\/\/magiiik.netstory.com.pl\/index.php?rest_route=%2Fwp%2Fv2%2Fproduct_brand&post=8380"},{"taxonomy":"product_cat","embeddable":true,"href":"https:\/\/magiiik.netstory.com.pl\/index.php?rest_route=%2Fwp%2Fv2%2Fproduct_cat&post=8380"},{"taxonomy":"product_tag","embeddable":true,"href":"https:\/\/magiiik.netstory.com.pl\/index.php?rest_route=%2Fwp%2Fv2%2Fproduct_tag&post=8380"}],"curies":[{"name":"wp","href":"https:\/\/api.w.org\/{rel}","templated":true}]}}