{"id":8330,"date":"2025-09-19T13:16:10","date_gmt":"2025-09-19T11:16:10","guid":{"rendered":"https:\/\/magiiik.netstory.com.pl\/produkt\/ash-ember-by-zach-heath\/"},"modified":"2025-09-19T13:16:15","modified_gmt":"2025-09-19T11:16:15","slug":"ash-ember-by-zach-heath","status":"publish","type":"product","link":"https:\/\/magiiik.netstory.com.pl\/?product=ash-ember-by-zach-heath","title":{"rendered":"Ash &#038; Ember by Zach Heath"},"content":{"rendered":"<p style=\"text-align: center;\"><span style=\"font-size: 14pt; font-family: 'arial black', 'avant garde';\">W sztuce iluzji nie istnieje nic bardziej uderzaj\u0105cego, jak zmiana obiektu na oczach widza&#8230; <\/span><\/p>\n<p style=\"text-align: center;\"><span style=\"font-size: 14pt; font-family: 'arial black', 'avant garde';\"><strong>Ash &amp; Ember<\/strong> to pierwszy na \u015bwiecie rekwizyt, dzi\u0119ki kt\u00f3remu mo\u017cesz dokona\u0107 zmiany koloru na oczach widza w najbardziej spektakularny spos\u00f3b! W historii nie widziano jeszcze nic podobnego, a\u017c do teraz!<\/span><\/p>\n<p style=\"text-align: center;\"><span style=\"font-size: 14pt; font-family: 'arial black', 'avant garde';\">Iluzjonista bierze czarn\u0105 obr\u0105czk\u0119, kt\u00f3r\u0105 posypuje popio\u0142em, a ta w mgnieniu oka zamienia si\u0119 w z\u0142oto! Mo\u017cna dokona\u0107 zmiany z powrotem na czarn\u0105 zaraz po pierwszej zmianie. Mo\u017cliwo\u015bci prezentacji s\u0105 nieograniczone! <strong>Na koniec mo\u017cesz da\u0107 obr\u0105czk\u0119 do wgl\u0105du!!!<\/strong><\/span><\/p>\n<p style=\"text-align: center;\"><span style=\"font-size: 14pt; font-family: 'arial black', 'avant garde';\">Pier\u015bcie\u0144 <strong>Ash &amp; Ember<\/strong> zosta\u0142 zaprojektowany przez <strong>Zach<\/strong>&#8217;a <strong>Health<\/strong>&#8217;a i zesp\u00f3\u0142 do\u015bwiadczonych projektant\u00f3w pier\u015bcieni, co daje gwarancj\u0119 najwy\u017cszej jako\u015bci!<\/span><\/p>\n<p style=\"text-align: center;\">\u00a0<\/p>\n<p style=\"text-align: center;\"><span style=\"font-size: 14pt; font-family: 'arial black', 'avant garde';\"><iframe loading=\"lazy\" src=\"\/\/www.youtube.com\/embed\/qI1-j1VRZe4\" width=\"533\" height=\"350\"><\/iframe><\/span><\/p>\n<p><span style=\"font-size: 14pt; font-family: 'arial black', 'avant garde';\">&#8211; proste, eleganckie i szokuj\u0105ce!<\/span><\/p>\n<p><span style=\"font-size: 14pt; font-family: 'arial black', 'avant garde';\">&#8211; rekwizyt, kt\u00f3ry mo\u017cesz mie\u0107 zawsze przy sobie!<\/span><\/p>\n<p><span style=\"font-size: 14pt; font-family: 'arial black', 'avant garde';\">&#8211; najwy\u017csza jako\u015b\u0107!<\/span><\/p>\n<p><span style=\"font-size: 14pt; font-family: 'arial black', 'avant garde';\">&#8211; precyzyjnie wykonany wz\u00f3r!<\/span><\/p>\n<p><span style=\"font-size: 14pt; font-family: 'arial black', 'avant garde';\">&#8211; reaguje na magnesy!<\/span><\/p>\n<p><span style=\"font-size: 14pt; font-family: 'arial black', 'avant garde';\">&#8211; 2-godzinny film instrukta\u017cowy!<\/span><\/p>\n<p><span style=\"font-size: 14pt; font-family: 'arial black', 'avant garde';\">&#8211;<strong> posiada certyfikat BLACK LABEL!<\/strong><\/span><\/p>\n<p>\u00a0<\/p>\n<p><strong>Polecamy,<\/strong><\/p>\n<p><strong>magiiik.pl<\/strong><\/p>\n","protected":false},"excerpt":{"rendered":"<p><strong>Ash &amp; Ember by Zach Heath<\/strong><\/p>\n","protected":false},"featured_media":8331,"comment_status":"closed","ping_status":"open","template":"","meta":[],"product_brand":[],"product_cat":[53],"product_tag":[],"class_list":{"0":"post-8330","1":"product","2":"type-product","3":"status-publish","4":"has-post-thumbnail","6":"product_cat-mikro-iluzja-close-up","8":"first","9":"instock","10":"purchasable","11":"product-type-simple"},"_links":{"self":[{"href":"https:\/\/magiiik.netstory.com.pl\/index.php?rest_route=\/wp\/v2\/product\/8330","targetHints":{"allow":["GET"]}}],"collection":[{"href":"https:\/\/magiiik.netstory.com.pl\/index.php?rest_route=\/wp\/v2\/product"}],"about":[{"href":"https:\/\/magiiik.netstory.com.pl\/index.php?rest_route=\/wp\/v2\/types\/product"}],"replies":[{"embeddable":true,"href":"https:\/\/magiiik.netstory.com.pl\/index.php?rest_route=%2Fwp%2Fv2%2Fcomments&post=8330"}],"wp:featuredmedia":[{"embeddable":true,"href":"https:\/\/magiiik.netstory.com.pl\/index.php?rest_route=\/wp\/v2\/media\/8331"}],"wp:attachment":[{"href":"https:\/\/magiiik.netstory.com.pl\/index.php?rest_route=%2Fwp%2Fv2%2Fmedia&parent=8330"}],"wp:term":[{"taxonomy":"product_brand","embeddable":true,"href":"https:\/\/magiiik.netstory.com.pl\/index.php?rest_route=%2Fwp%2Fv2%2Fproduct_brand&post=8330"},{"taxonomy":"product_cat","embeddable":true,"href":"https:\/\/magiiik.netstory.com.pl\/index.php?rest_route=%2Fwp%2Fv2%2Fproduct_cat&post=8330"},{"taxonomy":"product_tag","embeddable":true,"href":"https:\/\/magiiik.netstory.com.pl\/index.php?rest_route=%2Fwp%2Fv2%2Fproduct_tag&post=8330"}],"curies":[{"name":"wp","href":"https:\/\/api.w.org\/{rel}","templated":true}]}}