{"id":8323,"date":"2025-09-19T13:16:10","date_gmt":"2025-09-19T11:16:10","guid":{"rendered":"https:\/\/magiiik.netstory.com.pl\/produkt\/multiplying-bottles-mnozenie-butelek\/"},"modified":"2025-09-19T13:16:12","modified_gmt":"2025-09-19T11:16:12","slug":"multiplying-bottles-mnozenie-butelek","status":"publish","type":"product","link":"https:\/\/magiiik.netstory.com.pl\/?product=multiplying-bottles-mnozenie-butelek","title":{"rendered":"Multiplying Bottles (Mno\u017cenie Butelek)"},"content":{"rendered":"<p style=\"text-align: center;\"><span style=\"font-size: 14pt; font-family: 'arial black', 'avant garde';\"><strong>Multiplying Bottles<\/strong> to bardzo klasyczny trick sceniczny, w kt\u00f3rym rozmna\u017camy butelki wina na oczach widz\u00f3w!\u00a0<\/span><\/p>\n<p style=\"text-align: center;\"><span style=\"font-size: 14pt; font-family: 'arial black', 'avant garde';\">Iluzjonista prezentuje butelk\u0119 wina i kieliszek. Nakrywa je metalowymi tubami. Pstryka palcami i&#8230; ku zdziwieniu widz\u00f3w butelka z kieliszkiem zamieni\u0142a si\u0119 miejscami! To nie koniec tego tricku. Magik ponownie nakrywa tubami butelk\u0119 i kieliszek, aby tym razem rozmno\u017cy\u0107 wino! Trick jest powtarzany a\u017c do &#8222;wyczarowania&#8221; 10 butelek wina!\u00a0<\/span><\/p>\n<p><strong>W zestawie:<\/strong><\/p>\n<p>&#8211; najwy\u017cszej jako\u015bci butelki (10 sztuk) wykonane z metalu, wysoki po\u0142ysk;<\/p>\n<p>&#8211; metalowe rury (2 sztuki).<\/p>\n<p>\u00a0<\/p>\n<p><strong>Polecamy,<\/strong><\/p>\n<p><strong>magiiik.pl<\/strong><\/p>\n<p>\u00a0<\/p>\n<p><strong><span style=\"font-size: 10pt;\">UWAGA!<\/span><\/strong><\/p>\n<p><strong><span style=\"font-size: 10pt;\">Na ten rekwizyt nie obowi\u0105zuje \u017caden rabat!<\/span><\/strong><\/p>\n","protected":false},"excerpt":{"rendered":"<p><strong>Multiplying Bottles (Mno\u017cenie Butelek)\u00a0<\/strong><\/p>\n","protected":false},"featured_media":8324,"comment_status":"closed","ping_status":"open","template":"","meta":[],"product_brand":[],"product_cat":[65],"product_tag":[],"class_list":{"0":"post-8323","1":"product","2":"type-product","3":"status-publish","4":"has-post-thumbnail","6":"product_cat-iluzja-sceniczna-iluzja-sceniczna","8":"first","9":"instock","10":"purchasable","11":"product-type-simple"},"_links":{"self":[{"href":"https:\/\/magiiik.netstory.com.pl\/index.php?rest_route=\/wp\/v2\/product\/8323","targetHints":{"allow":["GET"]}}],"collection":[{"href":"https:\/\/magiiik.netstory.com.pl\/index.php?rest_route=\/wp\/v2\/product"}],"about":[{"href":"https:\/\/magiiik.netstory.com.pl\/index.php?rest_route=\/wp\/v2\/types\/product"}],"replies":[{"embeddable":true,"href":"https:\/\/magiiik.netstory.com.pl\/index.php?rest_route=%2Fwp%2Fv2%2Fcomments&post=8323"}],"wp:featuredmedia":[{"embeddable":true,"href":"https:\/\/magiiik.netstory.com.pl\/index.php?rest_route=\/wp\/v2\/media\/8324"}],"wp:attachment":[{"href":"https:\/\/magiiik.netstory.com.pl\/index.php?rest_route=%2Fwp%2Fv2%2Fmedia&parent=8323"}],"wp:term":[{"taxonomy":"product_brand","embeddable":true,"href":"https:\/\/magiiik.netstory.com.pl\/index.php?rest_route=%2Fwp%2Fv2%2Fproduct_brand&post=8323"},{"taxonomy":"product_cat","embeddable":true,"href":"https:\/\/magiiik.netstory.com.pl\/index.php?rest_route=%2Fwp%2Fv2%2Fproduct_cat&post=8323"},{"taxonomy":"product_tag","embeddable":true,"href":"https:\/\/magiiik.netstory.com.pl\/index.php?rest_route=%2Fwp%2Fv2%2Fproduct_tag&post=8323"}],"curies":[{"name":"wp","href":"https:\/\/api.w.org\/{rel}","templated":true}]}}