{"id":8237,"date":"2025-09-19T13:15:20","date_gmt":"2025-09-19T11:15:20","guid":{"rendered":"https:\/\/magiiik.netstory.com.pl\/produkt\/zestaw-do-pojawiania-parasoli\/"},"modified":"2025-09-19T13:15:28","modified_gmt":"2025-09-19T11:15:28","slug":"zestaw-do-pojawiania-parasoli","status":"publish","type":"product","link":"https:\/\/magiiik.netstory.com.pl\/?product=zestaw-do-pojawiania-parasoli","title":{"rendered":"Zestaw do pojawiania parasoli"},"content":{"rendered":"<p style=\"text-align: center;\"><span style=\"font-size: 12pt;\">Zestaw do pojawiania parasoli to odpowiednie gimmick&#8217;i, dzi\u0119ki kt\u00f3rym w spos\u00f3b p\u0142ynny b\u0119dziesz w stanie pojawia\u0107 parasole!\u00a0<\/span><\/p>\n<p style=\"text-align: center;\"><span style=\"font-size: 12pt;\">W zestawie znajduje si\u0119 r\u00f3wnie\u017c <strong>elastyczny pas<\/strong>, kt\u00f3ry mo\u017cesz wykorzysta\u0107 nie tylko przy pojawianiu parasoli, ale r\u00f3wnie\u017c do trzymania kart, bilek, \u015bwiec, chust, jumbo monet, g\u0105bczak\u00f3w i innych.\u00a0<\/span><\/p>\n<p><strong>Zestaw zawiera:<\/strong><\/p>\n<p><strong>&#8211; 1 x pochwa na parasole;<\/strong><br \/><strong>&#8211; 1 x pochwa na parasole 2;<\/strong><br \/><strong>&#8211; 1 x pochwa do spodni na parasole;<\/strong><br \/><strong>&#8211; 1 x elastyczny pas.<\/strong><\/p>\n<p><strong>Polecamy,<\/strong><\/p>\n<p><strong>magiiik.pl<\/strong><\/p>\n","protected":false},"excerpt":{"rendered":"<p><strong>Zestaw do pojawiania parasoli<\/strong><\/p>\n","protected":false},"featured_media":8238,"comment_status":"closed","ping_status":"open","template":"","meta":[],"product_brand":[],"product_cat":[63],"product_tag":[],"class_list":{"0":"post-8237","1":"product","2":"type-product","3":"status-publish","4":"has-post-thumbnail","6":"product_cat-iluzja-sceniczna-manipulacje-parasole","8":"first","9":"instock","10":"purchasable","11":"product-type-simple"},"_links":{"self":[{"href":"https:\/\/magiiik.netstory.com.pl\/index.php?rest_route=\/wp\/v2\/product\/8237","targetHints":{"allow":["GET"]}}],"collection":[{"href":"https:\/\/magiiik.netstory.com.pl\/index.php?rest_route=\/wp\/v2\/product"}],"about":[{"href":"https:\/\/magiiik.netstory.com.pl\/index.php?rest_route=\/wp\/v2\/types\/product"}],"replies":[{"embeddable":true,"href":"https:\/\/magiiik.netstory.com.pl\/index.php?rest_route=%2Fwp%2Fv2%2Fcomments&post=8237"}],"wp:featuredmedia":[{"embeddable":true,"href":"https:\/\/magiiik.netstory.com.pl\/index.php?rest_route=\/wp\/v2\/media\/8238"}],"wp:attachment":[{"href":"https:\/\/magiiik.netstory.com.pl\/index.php?rest_route=%2Fwp%2Fv2%2Fmedia&parent=8237"}],"wp:term":[{"taxonomy":"product_brand","embeddable":true,"href":"https:\/\/magiiik.netstory.com.pl\/index.php?rest_route=%2Fwp%2Fv2%2Fproduct_brand&post=8237"},{"taxonomy":"product_cat","embeddable":true,"href":"https:\/\/magiiik.netstory.com.pl\/index.php?rest_route=%2Fwp%2Fv2%2Fproduct_cat&post=8237"},{"taxonomy":"product_tag","embeddable":true,"href":"https:\/\/magiiik.netstory.com.pl\/index.php?rest_route=%2Fwp%2Fv2%2Fproduct_tag&post=8237"}],"curies":[{"name":"wp","href":"https:\/\/api.w.org\/{rel}","templated":true}]}}