{"id":8144,"date":"2025-09-19T13:13:57","date_gmt":"2025-09-19T11:13:57","guid":{"rendered":"https:\/\/magiiik.netstory.com.pl\/produkt\/clean-thru-by-lonnie-chevrie-download\/"},"modified":"2025-09-19T13:14:50","modified_gmt":"2025-09-19T11:14:50","slug":"clean-thru-by-lonnie-chevrie-download","status":"publish","type":"product","link":"https:\/\/magiiik.netstory.com.pl\/?product=clean-thru-by-lonnie-chevrie-download","title":{"rendered":"Clean Thru by Lonnie Chevrie DOWNLOAD"},"content":{"rendered":"<p style=\"text-align: center;\"><span style=\"font-size: 12pt;\"><strong>Clean Thru<\/strong> to doskona\u0142y trick z banknotem do wykonania w ka\u017cdym miejscu! To rutyna, kt\u00f3ra podkre\u015bli Twoje magiiiiczne zdolno\u015bci, w ka\u017cdej sytuacji, w ka\u017cdym miejscu, je\u015bli nadarzy si\u0119 okazja. Je\u015bli nie masz przy sobie kart, monet, specjalnych rekwizyt\u00f3w, wystarcz\u0105 si\u0119 dwa banknoty po\u017cyczone od widza i od razu mo\u017cesz zaprezentowa\u0107 niesamowity efekt!\u00a0<\/span><\/p>\n<p style=\"text-align: center;\"><span style=\"font-size: 12pt;\"><strong>Clean Thru<\/strong> to wspania\u0142e, czyste, widowiskowe przenikanie jednego banknotu przez drugi oraz osza\u0142amiaj\u0105ca penetracja palcem po\u017cyczonego banknotu! To wygl\u0105da, jak prawdziwa magia!<\/span><\/p>\n<p style=\"text-align: center;\"><span style=\"font-size: 12pt;\"><iframe loading=\"lazy\" src=\"\/\/www.youtube.com\/embed\/tRL6mn1Zkus\" width=\"425\" height=\"350\"><\/iframe><\/span><\/p>\n<p>\u00a0<\/p>\n<p><strong>Polecamy,<\/strong><\/p>\n<p><strong>magiiik.pl<\/strong><\/p>\n<p>\u00a0<\/p>\n<p><span style=\"font-size: 10pt;\">UWAGA!<\/span><\/p>\n<p><span style=\"font-size: 10pt;\">Wersja DOWNLOAD<\/span><\/p>\n<p><span style=\"font-size: 10pt;\">J\u0119zyk angielski<\/span><\/p>\n","protected":false},"excerpt":{"rendered":"<p><strong>Clean Thru by Lonnie Chevrie<\/strong><\/p>\n","protected":false},"featured_media":8145,"comment_status":"closed","ping_status":"open","template":"","meta":[],"product_brand":[],"product_cat":[55],"product_tag":[],"class_list":{"0":"post-8144","1":"product","2":"type-product","3":"status-publish","4":"has-post-thumbnail","6":"product_cat-ksiazki-dvd-download-downloads","8":"first","9":"instock","10":"purchasable","11":"product-type-simple"},"_links":{"self":[{"href":"https:\/\/magiiik.netstory.com.pl\/index.php?rest_route=\/wp\/v2\/product\/8144","targetHints":{"allow":["GET"]}}],"collection":[{"href":"https:\/\/magiiik.netstory.com.pl\/index.php?rest_route=\/wp\/v2\/product"}],"about":[{"href":"https:\/\/magiiik.netstory.com.pl\/index.php?rest_route=\/wp\/v2\/types\/product"}],"replies":[{"embeddable":true,"href":"https:\/\/magiiik.netstory.com.pl\/index.php?rest_route=%2Fwp%2Fv2%2Fcomments&post=8144"}],"wp:featuredmedia":[{"embeddable":true,"href":"https:\/\/magiiik.netstory.com.pl\/index.php?rest_route=\/wp\/v2\/media\/8145"}],"wp:attachment":[{"href":"https:\/\/magiiik.netstory.com.pl\/index.php?rest_route=%2Fwp%2Fv2%2Fmedia&parent=8144"}],"wp:term":[{"taxonomy":"product_brand","embeddable":true,"href":"https:\/\/magiiik.netstory.com.pl\/index.php?rest_route=%2Fwp%2Fv2%2Fproduct_brand&post=8144"},{"taxonomy":"product_cat","embeddable":true,"href":"https:\/\/magiiik.netstory.com.pl\/index.php?rest_route=%2Fwp%2Fv2%2Fproduct_cat&post=8144"},{"taxonomy":"product_tag","embeddable":true,"href":"https:\/\/magiiik.netstory.com.pl\/index.php?rest_route=%2Fwp%2Fv2%2Fproduct_tag&post=8144"}],"curies":[{"name":"wp","href":"https:\/\/api.w.org\/{rel}","templated":true}]}}