{"id":8110,"date":"2025-09-19T13:13:57","date_gmt":"2025-09-19T11:13:57","guid":{"rendered":"https:\/\/magiiik.netstory.com.pl\/produkt\/at-the-table-live-lecture-shin-lim\/"},"modified":"2025-09-19T13:14:04","modified_gmt":"2025-09-19T11:14:04","slug":"at-the-table-live-lecture-shin-lim","status":"publish","type":"product","link":"https:\/\/magiiik.netstory.com.pl\/?product=at-the-table-live-lecture-shin-lim","title":{"rendered":"At The Table Live Lecture &#8211; Shin Lim"},"content":{"rendered":"<p><span style=\"font-size: 12pt;\"><strong><span style=\"font-family: Tahoma, Arial, sans-serif;\">*SHIN LIM<\/span><\/strong><span style=\"font-family: Tahoma, Arial, sans-serif;\">\u00a0&#8211; co mo\u017cna powiedzie\u0107 o tym cz\u0142owieku, co jeszcze nie zosta\u0142o powiedziane? Zwyci\u0119zca tegorocznego<\/span><span style=\"font-family: Tahoma, Arial, sans-serif;\">\u00a0<strong>FISM Ameryki P\u00f3\u0142nocnej!<\/strong><\/span><span style=\"font-family: Tahoma, Arial, sans-serif;\">\u00a0Ten facet jest niesamowity na wielu poziomach! Tworzy jedne z najbardziej wizualnych i pi\u0119knych efekt\u00f3w magicznych, jakie kiedykolwiek ujrza\u0142y oczy ludzkie!\u00a0<\/span><strong><span style=\"font-family: Tahoma, Arial, sans-serif;\">&#8222;The Swich&#8221;<\/span><\/strong><span style=\"font-family: Tahoma, Arial, sans-serif;\">,\u00a0<\/span><strong><span style=\"font-family: Tahoma, Arial, sans-serif;\">&#8222;iClear&#8221;<\/span><\/strong><span style=\"font-family: Tahoma, Arial, sans-serif;\">,\u00a0<\/span><strong><span style=\"font-family: Tahoma, Arial, sans-serif;\">&#8222;The Vanishing&#8221;<\/span><\/strong><span style=\"font-family: Tahoma, Arial, sans-serif;\">\u00a0i w ko\u0144cu\u00a0<\/span><strong><span style=\"font-family: Tahoma, Arial, sans-serif;\">&#8222;52 Shades of Red&#8221;<\/span><\/strong><span style=\"font-family: Tahoma, Arial, sans-serif;\">\u00a0to tricki, w kt\u00f3re po prostu nie mo\u017cna uwierzy\u0107! W swoim wyk\u0142adzie\u00a0<\/span><strong><span style=\"font-family: Tahoma, Arial, sans-serif;\">Shin<\/span><\/strong><span style=\"font-family: Tahoma, Arial, sans-serif;\">\u00a0zaprezentuje kilka swoich gimmik\u00f3w, podzieli si\u0119 materia\u0142em, kt\u00f3ry nie zosta\u0142 jeszcze wydany.\u00a0<\/span><strong><span style=\"font-family: Tahoma, Arial, sans-serif;\">Shin<\/span><\/strong><span style=\"font-family: Tahoma, Arial, sans-serif;\">\u00a0wykona r\u00f3wnie\u017c sw\u00f3j akt\u00a0<\/span><strong><span style=\"font-family: Tahoma, Arial, sans-serif;\">FISM<\/span><\/strong><span style=\"font-family: Tahoma, Arial, sans-serif;\">, a nast\u0119pnie ujawni sekrety. To wyk\u0142ad, kt\u00f3rego nie mo\u017cna przegapi\u0107!<\/span><\/span><\/p>\n<p><span style=\"font-size: 14pt;\"><strong><span style=\"font-family: Tahoma, Arial, sans-serif;\">Czego nauczy Ci\u0119 Shin Lim w tym szkoleniu?<\/span><\/strong><\/span><\/p>\n<p><strong><span style=\"font-size: 18pt;\"><span style=\"font-size: medium; font-family: Tahoma, Arial, sans-serif;\"><strong style=\"color: #444444; font-size: medium; font-family: 'Segoe UI', Arial, Helvetica, sans-serif;\">Shinsplint 2.0,\u00a0<strong style=\"font-size: medium;\">4&#215;4 color change,\u00a0<strong style=\"font-size: medium;\">Color Changes,\u00a0<strong style=\"font-size: medium;\">Credit Peak,\u00a0<strong style=\"font-size: medium;\">Card Reverse,\u00a0<strong style=\"font-size: medium;\">Snap Change,\u00a0<strong style=\"font-size: medium;\">Tactic,\u00a0<strong style=\"font-size: medium;\">Matrix Reloaded.<\/strong><\/strong><\/strong><\/strong><\/strong><\/strong><\/strong><\/strong><\/span><\/span><\/strong><\/p>\n<p style=\"text-align: center;\">\u00a0<iframe loading=\"lazy\" src=\"\/\/www.youtube.com\/embed\/kqBpTkQQEf8\" width=\"425\" height=\"350\"><\/iframe><\/p>\n<p style=\"font-size: 12px; font-family: Tahoma, Arial, sans-serif;\">\u00a0<\/p>\n<p style=\"font-size: 12px; font-family: Tahoma, Arial, sans-serif; text-align: center;\"><span style=\"font-size: 14pt;\">Pami\u0119taj, \u017ce\u00a0At The Table\u00a0umo\u017cliwia r\u00f3wnie\u017c chat, aby\u015b m\u00f3g\u0142 na \u017cywo zada\u0107 swoje pytania do prowadz\u0105cego!<\/span><\/p>\n<p style=\"text-align: center;\">\u00a0<\/p>\n<p style=\"font-size: 12px; font-family: Tahoma, Arial, sans-serif; text-align: center;\"><strong><span style=\"font-size: 14pt;\">\u00a0\u00a0KUP JU\u017b TERAZ bilet i ucz si\u0119 od najlepszych!<\/span><\/strong><\/p>\n<p>\u00a0<\/p>\n<p style=\"font-size: 12px; font-family: Tahoma, Arial, sans-serif;\">\u00a0<\/p>\n<p>\u00a0<\/p>\n<p style=\"font-size: 12px; font-family: Tahoma, Arial, sans-serif;\">\u00a0<\/p>\n<p>\u00a0<\/p>\n<p style=\"font-size: 12px; font-family: Tahoma, Arial, sans-serif;\"><strong><span style=\"font-size: small;\"><span style=\"font-size: 13px;\">POLECAMY,\u00a0<\/span><\/span><\/strong><\/p>\n<p style=\"font-size: 12px; font-family: Tahoma, Arial, sans-serif;\"><strong>magiiik.pl<\/strong><\/p>\n<p>\u00a0<\/p>\n<p style=\"font-size: 12px; font-family: Tahoma, Arial, sans-serif;\">UWAGA!<\/p>\n<p style=\"font-size: 12px; font-family: Tahoma, Arial, sans-serif;\">1. Szkolenie jest w j\u0119zyku angielskim!<\/p>\n<p style=\"font-size: 12px; font-family: Tahoma, Arial, sans-serif;\">2. Na seri\u0119 &#8222;At The Table&#8221; nie obowi\u0105zuje \u017bADEN rabat!<\/p>\n<p>\u00a0<\/p>\n","protected":false},"excerpt":{"rendered":"<p><strong>At The Table Live Lecture &#8211; Shin Lim<\/strong><\/p>\n","protected":false},"featured_media":8111,"comment_status":"closed","ping_status":"open","template":"","meta":[],"product_brand":[],"product_cat":[50],"product_tag":[],"class_list":{"0":"post-8110","1":"product","2":"type-product","3":"status-publish","4":"has-post-thumbnail","6":"product_cat-ksiazki-dvd-download-downloads-at-the-table","8":"first","9":"instock","10":"purchasable","11":"product-type-simple"},"_links":{"self":[{"href":"https:\/\/magiiik.netstory.com.pl\/index.php?rest_route=\/wp\/v2\/product\/8110","targetHints":{"allow":["GET"]}}],"collection":[{"href":"https:\/\/magiiik.netstory.com.pl\/index.php?rest_route=\/wp\/v2\/product"}],"about":[{"href":"https:\/\/magiiik.netstory.com.pl\/index.php?rest_route=\/wp\/v2\/types\/product"}],"replies":[{"embeddable":true,"href":"https:\/\/magiiik.netstory.com.pl\/index.php?rest_route=%2Fwp%2Fv2%2Fcomments&post=8110"}],"wp:featuredmedia":[{"embeddable":true,"href":"https:\/\/magiiik.netstory.com.pl\/index.php?rest_route=\/wp\/v2\/media\/8111"}],"wp:attachment":[{"href":"https:\/\/magiiik.netstory.com.pl\/index.php?rest_route=%2Fwp%2Fv2%2Fmedia&parent=8110"}],"wp:term":[{"taxonomy":"product_brand","embeddable":true,"href":"https:\/\/magiiik.netstory.com.pl\/index.php?rest_route=%2Fwp%2Fv2%2Fproduct_brand&post=8110"},{"taxonomy":"product_cat","embeddable":true,"href":"https:\/\/magiiik.netstory.com.pl\/index.php?rest_route=%2Fwp%2Fv2%2Fproduct_cat&post=8110"},{"taxonomy":"product_tag","embeddable":true,"href":"https:\/\/magiiik.netstory.com.pl\/index.php?rest_route=%2Fwp%2Fv2%2Fproduct_tag&post=8110"}],"curies":[{"name":"wp","href":"https:\/\/api.w.org\/{rel}","templated":true}]}}