{"id":8097,"date":"2025-09-19T13:13:57","date_gmt":"2025-09-19T11:13:57","guid":{"rendered":"https:\/\/magiiik.netstory.com.pl\/produkt\/nawiedzony-pierscionek-download\/"},"modified":"2025-09-19T13:13:57","modified_gmt":"2025-09-19T11:13:57","slug":"nawiedzony-pierscionek-download","status":"publish","type":"product","link":"https:\/\/magiiik.netstory.com.pl\/?product=nawiedzony-pierscionek-download","title":{"rendered":"Nawiedzony Pier\u015bcionek DOWNLOAD"},"content":{"rendered":"<p><span style=\"font-size: 14pt;\"><strong>EFEKT 1<\/strong><\/span><\/p>\n<p><span style=\"font-size: 12pt;\">Po\u017cyczasz od widza pier\u015bcionek i nak\u0142adasz go na palca. Moc\u0105 umys\u0142u sprawiasz, \u017ce pier\u015bcionek przesunie si\u0119 ni\u017cej, b\u0105d\u017a &#8222;zejdzie&#8221; z palca!\u00a0<\/span><\/p>\n<p><strong><span style=\"font-size: 14pt;\">EFEKT 2<\/span><\/strong><\/p>\n<p><span style=\"font-size: 12pt;\">Prosisz widza, aby po\u0142o\u017cy\u0142 na swojej d\u0142oni pier\u015bcionek. Umieszczasz opuszek palca w \u015brodku pier\u015bcionka, a ten automatycznie wskakuje na palca! Mo\u017cesz r\u00f3wnie\u017c sprawi\u0107, aby pier\u015bcionek z powrotem spad\u0142 na d\u0142o\u0144.\u00a0<\/span><\/p>\n<p style=\"text-align: center;\"><span style=\"font-size: 14pt;\"><strong>\u0141ATWE DO WYKONANIA!<\/strong><\/span><\/p>\n<p style=\"text-align: center;\">\u00a0<\/p>\n<p style=\"text-align: center;\"><span style=\"font-size: 14pt;\"><strong><iframe loading=\"lazy\" src=\"\/\/www.youtube.com\/embed\/yyCY6M7hnX4\" width=\"425\" height=\"350\"><\/iframe><\/strong><\/span><\/p>\n<p style=\"text-align: center;\">\u00a0<\/p>\n<p style=\"text-align: center;\">\u00a0<\/p>\n<p style=\"text-align: left;\"><strong><span style=\"font-size: 12pt;\">Polecamy,\u00a0<\/span><\/strong><\/p>\n<p style=\"text-align: left;\"><strong><span style=\"font-size: 12pt;\">magiiik.pl<\/span><\/strong><\/p>\n<p style=\"text-align: left;\">\u00a0<\/p>\n<p style=\"text-align: left;\"><span style=\"font-size: 10pt;\">UWAGA!<\/span><\/p>\n<p style=\"text-align: left;\"><span style=\"font-size: 10pt;\">J\u0119zyk angielski<\/span><\/p>\n<p style=\"text-align: left;\"><span style=\"font-size: 10pt;\">Wersja DOWNLOAD<\/span><\/p>\n<p style=\"text-align: center;\"><span style=\"font-size: 10pt;\">\u00a0<\/span><\/p>\n<p style=\"text-align: center;\"><span style=\"font-size: 10pt;\">\u00a0<\/span><\/p>\n<p><span style=\"font-size: 10pt;\">\u00a0<\/span><\/p>\n","protected":false},"excerpt":{"rendered":"<p><strong>The Haunted Ring by Arnel Renegado<\/strong><\/p>\n","protected":false},"featured_media":8098,"comment_status":"closed","ping_status":"open","template":"","meta":[],"product_brand":[],"product_cat":[55],"product_tag":[],"class_list":{"0":"post-8097","1":"product","2":"type-product","3":"status-publish","4":"has-post-thumbnail","6":"product_cat-ksiazki-dvd-download-downloads","8":"first","9":"instock","10":"purchasable","11":"product-type-simple"},"_links":{"self":[{"href":"https:\/\/magiiik.netstory.com.pl\/index.php?rest_route=\/wp\/v2\/product\/8097","targetHints":{"allow":["GET"]}}],"collection":[{"href":"https:\/\/magiiik.netstory.com.pl\/index.php?rest_route=\/wp\/v2\/product"}],"about":[{"href":"https:\/\/magiiik.netstory.com.pl\/index.php?rest_route=\/wp\/v2\/types\/product"}],"replies":[{"embeddable":true,"href":"https:\/\/magiiik.netstory.com.pl\/index.php?rest_route=%2Fwp%2Fv2%2Fcomments&post=8097"}],"wp:featuredmedia":[{"embeddable":true,"href":"https:\/\/magiiik.netstory.com.pl\/index.php?rest_route=\/wp\/v2\/media\/8098"}],"wp:attachment":[{"href":"https:\/\/magiiik.netstory.com.pl\/index.php?rest_route=%2Fwp%2Fv2%2Fmedia&parent=8097"}],"wp:term":[{"taxonomy":"product_brand","embeddable":true,"href":"https:\/\/magiiik.netstory.com.pl\/index.php?rest_route=%2Fwp%2Fv2%2Fproduct_brand&post=8097"},{"taxonomy":"product_cat","embeddable":true,"href":"https:\/\/magiiik.netstory.com.pl\/index.php?rest_route=%2Fwp%2Fv2%2Fproduct_cat&post=8097"},{"taxonomy":"product_tag","embeddable":true,"href":"https:\/\/magiiik.netstory.com.pl\/index.php?rest_route=%2Fwp%2Fv2%2Fproduct_tag&post=8097"}],"curies":[{"name":"wp","href":"https:\/\/api.w.org\/{rel}","templated":true}]}}