{"id":8076,"date":"2025-09-19T13:13:36","date_gmt":"2025-09-19T11:13:36","guid":{"rendered":"https:\/\/magiiik.netstory.com.pl\/produkt\/flatline-by-jay-sankey-sharpie\/"},"modified":"2025-09-19T13:13:45","modified_gmt":"2025-09-19T11:13:45","slug":"flatline-by-jay-sankey-sharpie","status":"publish","type":"product","link":"https:\/\/magiiik.netstory.com.pl\/?product=flatline-by-jay-sankey-sharpie","title":{"rendered":"Flatline by Jay Sankey (sharpie)"},"content":{"rendered":"<p><em><span style=\"font-size: 12pt;\">&#8222;Jest to jeden z najbardziej genialnych rekwizyt\u00f3w w mikro magii, jaki kiedykolwiek stworzono! Ka\u017cdy chce zbada\u0107 marker. Niekt\u00f3rzy ludzie si\u0119 \u015bmiej\u0105. Niekt\u00f3rzy s\u0105 w szoku! Ale zawsze towarzysz\u0105 im silne emocje!&#8221;<\/span><\/em><br \/><strong>-Jay Sankey<\/strong><\/p>\n<p><strong>W zestawie:<\/strong><\/p>\n<p>&#8211; 56 min. instrukta\u017cowe DVD;<br \/>&#8211; Specjalny marker Sharpie (ka\u017cdy r\u0119cznie wykonany przez \u015bwiatowej s\u0142awy magika <strong>Roy&#8217;a Kueppers&#8217;a<\/strong>);<br \/>&#8211; Oryginalny marker Sharpie.<\/p>\n<p>A\u017c 5 BONUS\u00d3W!<\/p>\n<p><strong style=\"color: #444444; font-size: medium; font-family: 'Segoe UI', Arial, Helvetica, sans-serif;\">1 &#8211; REMARKERABLE<\/strong><\/p>\n<p><strong style=\"color: #444444; font-size: medium; font-family: 'Segoe UI', Arial, Helvetica, sans-serif;\"><strong style=\"font-size: medium;\">2 &#8211; HOT THOUGHT<\/strong><\/strong><\/p>\n<p><strong style=\"color: #444444; font-size: medium; font-family: 'Segoe UI', Arial, Helvetica, sans-serif;\"><strong style=\"font-size: medium;\">3 &#8211; I.Q.TEST<\/strong><\/strong><\/p>\n<p><strong style=\"color: #444444; font-size: medium; font-family: 'Segoe UI', Arial, Helvetica, sans-serif;\"><strong style=\"font-size: medium;\"><strong style=\"font-size: medium;\">4 &#8211; MAGNETIC<\/strong><\/strong><\/strong><\/p>\n<p><strong style=\"color: #444444; font-size: medium; font-family: 'Segoe UI', Arial, Helvetica, sans-serif;\">5 &#8211; CAPTAIN CRUNCH<\/strong><\/p>\n<p>\u00a0<\/p>\n<p style=\"text-align: center;\"><strong style=\"color: #444444; font-size: medium; font-family: 'Segoe UI', Arial, Helvetica, sans-serif;\"><iframe loading=\"lazy\" src=\"\/\/www.youtube.com\/embed\/rLH23LG_-qI\" width=\"425\" height=\"350\"><\/iframe><\/strong><\/p>\n<p>\u00a0<\/p>\n<p><strong style=\"color: #444444; font-size: medium; font-family: 'Segoe UI', Arial, Helvetica, sans-serif;\">Polecamy,<\/strong><\/p>\n<p><strong style=\"color: #444444; font-size: medium; font-family: 'Segoe UI', Arial, Helvetica, sans-serif;\">magiiik.pl<\/strong><\/p>\n<p>\u00a0<\/p>\n","protected":false},"excerpt":{"rendered":"<p><strong>Flatline by Jay Sankey<\/strong><\/p>\n","protected":false},"featured_media":8077,"comment_status":"closed","ping_status":"open","template":"","meta":[],"product_brand":[],"product_cat":[59],"product_tag":[],"class_list":{"0":"post-8076","1":"product","2":"type-product","3":"status-publish","4":"has-post-thumbnail","6":"product_cat-mikro-iluzja-close-up-sharpie-dlugopisy","8":"first","9":"instock","10":"purchasable","11":"product-type-simple"},"_links":{"self":[{"href":"https:\/\/magiiik.netstory.com.pl\/index.php?rest_route=\/wp\/v2\/product\/8076","targetHints":{"allow":["GET"]}}],"collection":[{"href":"https:\/\/magiiik.netstory.com.pl\/index.php?rest_route=\/wp\/v2\/product"}],"about":[{"href":"https:\/\/magiiik.netstory.com.pl\/index.php?rest_route=\/wp\/v2\/types\/product"}],"replies":[{"embeddable":true,"href":"https:\/\/magiiik.netstory.com.pl\/index.php?rest_route=%2Fwp%2Fv2%2Fcomments&post=8076"}],"wp:featuredmedia":[{"embeddable":true,"href":"https:\/\/magiiik.netstory.com.pl\/index.php?rest_route=\/wp\/v2\/media\/8077"}],"wp:attachment":[{"href":"https:\/\/magiiik.netstory.com.pl\/index.php?rest_route=%2Fwp%2Fv2%2Fmedia&parent=8076"}],"wp:term":[{"taxonomy":"product_brand","embeddable":true,"href":"https:\/\/magiiik.netstory.com.pl\/index.php?rest_route=%2Fwp%2Fv2%2Fproduct_brand&post=8076"},{"taxonomy":"product_cat","embeddable":true,"href":"https:\/\/magiiik.netstory.com.pl\/index.php?rest_route=%2Fwp%2Fv2%2Fproduct_cat&post=8076"},{"taxonomy":"product_tag","embeddable":true,"href":"https:\/\/magiiik.netstory.com.pl\/index.php?rest_route=%2Fwp%2Fv2%2Fproduct_tag&post=8076"}],"curies":[{"name":"wp","href":"https:\/\/api.w.org\/{rel}","templated":true}]}}