{"id":7853,"date":"2025-09-19T13:11:59","date_gmt":"2025-09-19T11:11:59","guid":{"rendered":"https:\/\/magiiik.netstory.com.pl\/produkt\/magia-monet-michael-ammar-download\/"},"modified":"2025-09-19T13:11:59","modified_gmt":"2025-09-19T11:11:59","slug":"magia-monet-michael-ammar-download","status":"publish","type":"product","link":"https:\/\/magiiik.netstory.com.pl\/?product=magia-monet-michael-ammar-download","title":{"rendered":"MAGIA MONET &#8211; MICHAEL AMMAR Download"},"content":{"rendered":"<p style=\"text-align: center;\"><span style=\"font-size: large;\"><strong>MAGIA Z MONETAMI &#8211; MICHAEL AMMAR!<\/strong><\/span><\/p>\n<p style=\"text-align: center;\">\u00a0<\/p>\n<p style=\"text-align: center;\"><span style=\"font-size: large;\">\u015awiatowej s\u0142awy, mistrz iluzji, <strong>Michael Ammar<\/strong> w tym filmie daje Ci proste, krok po kroku instrukcje, jak zaskoczy\u0107 wszystkich prostymi trickami z monetami! <\/span><\/p>\n<p style=\"text-align: center;\"><span style=\"font-size: large;\">Zrozumiesz, co i jak robi\u0107 oraz nauczysz si\u0119 wykonywa\u0107 ca\u0142\u0105 mas\u0119 niesamowitych iluzji!\u00a0<\/span><\/p>\n<p style=\"text-align: center;\"><span style=\"font-size: large;\">Ten materia\u0142 r\u00f3\u017cni si\u0119 od innych, bo zawiera teori\u0119, oraz ca\u0142\u0105 gam\u0119 zbli\u017ce\u0144, aby\u015b dok\u0142adnie m\u00f3g\u0142 zrozumie\u0107, DLACZEGO w taki spos\u00f3b wykonywa\u0107 dany trick!<\/span><\/p>\n<p>\u00a0<\/p>\n<p>\u00a0<\/p>\n<p><strong>SPIS TRE\u015aCI:<\/strong><\/p>\n<p>\u00a0<\/p>\n<ul>\n<li><span>Fingerpalm<\/span><\/li>\n<li><span>Classic Palm<\/span><\/li>\n<li><span>Thumbpalm<\/span><\/li>\n<li><span>Getting into Thumbpalm<\/span><\/li>\n<li><span>Back Thumbpalm<\/span><\/li>\n<li><span>Downs Palm<\/span><\/li>\n<li><span>The Back Clip<\/span><\/li>\n<li><span>Finger Clip<\/span><\/li>\n<li><span>Deep Back Clip<\/span><\/li>\n<li><span>A Sure Bet<\/span><\/li>\n<li><span>The Phone Home Pen<\/span><\/li>\n<li><span>Double Your Money<\/span><\/li>\n<li><span>Completely Gone!<\/span><\/li>\n<li><span>What&#8217;s That In Your Ear<\/span><\/li>\n<li><span>Coin from Tie<\/span><\/li>\n<li><span>Tricky Trousers<\/span><\/li>\n<li><span>Natural Lay of the Hand<\/span><\/li>\n<li><span>Simple Take<\/span><\/li>\n<li><span>Simple Put<\/span><\/li>\n<li><span>Schneider Vanish<\/span><\/li>\n<li><span>Le Tourniquet<\/span><\/li>\n<li><span>Reverse French Drop<\/span><\/li>\n<li><span>Classic Fake Transfer<\/span><\/li>\n<li><span>The Slide Vanish<\/span><\/li>\n<li><span>Friction Palm<\/span><\/li>\n<li><span>Spider Vanish<\/span><\/li>\n<li><span>Silver Dollar to Quarters<\/span><\/li>\n<li><span>Half Dollar to 5 Dimes<\/span><\/li>\n<li><span>Coin Thru Table<\/span><\/li>\n<li><span>Simple Coins Across<\/span><\/li>\n<li><span>Misdirection<\/span><\/li>\n<li><span>The Magic Wand<\/span><\/li>\n<li><span>Revolve Load<\/span><\/li>\n<li><span>Thumbpalm Load<\/span><\/li>\n<li><span>Sonic Squeeze<\/span><\/li>\n<li><span>Copper\/Silver Transposition<\/span><\/li>\n<li><span>Produce and Complete Vanish<\/span><\/li>\n<li><span>Timing<\/span><\/li>\n<li><span>Coin to Key<\/span><\/li>\n<li><span>Gone!<\/span><\/li>\n<li><span>1 Minute Coin Vanish<\/span><\/li>\n<li><span>The Thieves, Sheep and the Barn<\/span><\/li>\n<\/ul>\n<div>\u00a0<\/div>\n<div>\u00a0<\/div>\n<div><strong>FILM JEST W WERSJI DO \u015aCI\u0104GNI\u0118CIA!<\/strong><\/div>\n<p>\u00a0<\/p>\n<p>\u00a0<\/p>\n<p><strong>POLECAMY,<\/strong><\/p>\n<p><strong>magiiik.pl<\/strong><\/p>\n<p>\u00a0<\/p>\n<p>\u00a0<\/p>\n<p>\u00a0<\/p>\n","protected":false},"excerpt":{"rendered":"<p><strong>MAGIA MONET &#8211; MICHAEL AMMAR<\/strong><\/p>\n","protected":false},"featured_media":7854,"comment_status":"closed","ping_status":"open","template":"","meta":[],"product_brand":[],"product_cat":[55],"product_tag":[],"class_list":{"0":"post-7853","1":"product","2":"type-product","3":"status-publish","4":"has-post-thumbnail","6":"product_cat-ksiazki-dvd-download-downloads","8":"first","9":"instock","10":"purchasable","11":"product-type-simple"},"_links":{"self":[{"href":"https:\/\/magiiik.netstory.com.pl\/index.php?rest_route=\/wp\/v2\/product\/7853","targetHints":{"allow":["GET"]}}],"collection":[{"href":"https:\/\/magiiik.netstory.com.pl\/index.php?rest_route=\/wp\/v2\/product"}],"about":[{"href":"https:\/\/magiiik.netstory.com.pl\/index.php?rest_route=\/wp\/v2\/types\/product"}],"replies":[{"embeddable":true,"href":"https:\/\/magiiik.netstory.com.pl\/index.php?rest_route=%2Fwp%2Fv2%2Fcomments&post=7853"}],"wp:featuredmedia":[{"embeddable":true,"href":"https:\/\/magiiik.netstory.com.pl\/index.php?rest_route=\/wp\/v2\/media\/7854"}],"wp:attachment":[{"href":"https:\/\/magiiik.netstory.com.pl\/index.php?rest_route=%2Fwp%2Fv2%2Fmedia&parent=7853"}],"wp:term":[{"taxonomy":"product_brand","embeddable":true,"href":"https:\/\/magiiik.netstory.com.pl\/index.php?rest_route=%2Fwp%2Fv2%2Fproduct_brand&post=7853"},{"taxonomy":"product_cat","embeddable":true,"href":"https:\/\/magiiik.netstory.com.pl\/index.php?rest_route=%2Fwp%2Fv2%2Fproduct_cat&post=7853"},{"taxonomy":"product_tag","embeddable":true,"href":"https:\/\/magiiik.netstory.com.pl\/index.php?rest_route=%2Fwp%2Fv2%2Fproduct_tag&post=7853"}],"curies":[{"name":"wp","href":"https:\/\/api.w.org\/{rel}","templated":true}]}}