{"id":7842,"date":"2025-09-19T13:11:19","date_gmt":"2025-09-19T11:11:19","guid":{"rendered":"https:\/\/magiiik.netstory.com.pl\/produkt\/at-the-table-live-lecture-jon-armstrong\/"},"modified":"2025-09-19T13:11:47","modified_gmt":"2025-09-19T11:11:47","slug":"at-the-table-live-lecture-jon-armstrong","status":"publish","type":"product","link":"https:\/\/magiiik.netstory.com.pl\/?product=at-the-table-live-lecture-jon-armstrong","title":{"rendered":"At the Table Live Lecture &#8211; Jon Armstrong"},"content":{"rendered":"<p><span style=\"font-size: large;\"><strong>AT THE TABLE &#8211; JON ARMSTRONG<\/strong><\/span><\/p>\n<p>\u00a0<\/p>\n<p style=\"text-align: center;\"><span style=\"font-size: medium;\"><strong>Jon Armstrong<\/strong> &#8211; wszyscy znaj\u0105 tego fenomenalnego magika i Jego genialny trick\u00a0&#8222;<strong>Tiny Plunger<\/strong>&#8222;.<\/span><\/p>\n<p><span style=\"font-size: medium;\"><br \/><\/span><\/p>\n<p><span style=\"font-size: medium;\">W <strong>At The Table<\/strong>, <strong>Jon Armstrong<\/strong> b\u0119dzie go wykonywa\u0142 i omawia\u0142 w szczeg\u00f3\u0142ach, aby ka\u017cdy dok\u0142adnie m\u00f3g\u0142 zrozumie\u0107 i nauczy\u0107 si\u0119 tego tricku!<\/span><\/p>\n<p><span style=\"font-size: medium;\"><br \/><\/span><\/p>\n<p><span style=\"font-size: medium;\">W tej dwugodzinnej sesji b\u0119dzie opowiada\u0142 o sobie, swoim do\u015bwiadczeniu, ale przede wszystkim nauczy nas wykonywa\u0107 kilka ze swoich najlepszych iluzji, w tym wiele, kt\u00f3rych jeszcze nigdzie nie publikowa\u0142!<\/span><\/p>\n<p style=\"text-align: center;\">\u00a0<\/p>\n<p style=\"text-align: center;\">\u00a0<\/p>\n<p style=\"text-align: center;\"><span style=\"font-size: large;\"><strong>KUP JU\u017b TERAZ bilet i ucz si\u0119 od najlepszych!<\/strong><\/span><\/p>\n<p>\u00a0<\/p>\n<p><span><br \/><\/span><\/p>\n<p><strong><br \/><\/strong><\/p>\n<p><strong><span style=\"font-size: medium;\">POLECAMY i ZAPRASZAMY,<\/span><\/strong><\/p>\n<p><strong><span style=\"font-size: medium;\">magiiik.pl<\/span><\/strong><\/p>\n<p><span><br \/><\/span><\/p>\n<p><strong>UWAGA!<\/strong><\/p>\n<p><span>1. Szkolenie jest w j\u0119zyku angielskim!<\/span><\/p>\n<p><span>2. Na seri\u0119 &#8222;At The Table&#8221; nie obowi\u0105zuje \u017bADEN rabat!<\/span><\/p>\n","protected":false},"excerpt":{"rendered":"<p><strong>AT THE TABLE by Jon Armstrong!<\/strong><\/p>\n","protected":false},"featured_media":7843,"comment_status":"closed","ping_status":"open","template":"","meta":[],"product_brand":[],"product_cat":[50],"product_tag":[],"class_list":{"0":"post-7842","1":"product","2":"type-product","3":"status-publish","4":"has-post-thumbnail","6":"product_cat-ksiazki-dvd-download-downloads-at-the-table","8":"first","9":"instock","10":"purchasable","11":"product-type-simple"},"_links":{"self":[{"href":"https:\/\/magiiik.netstory.com.pl\/index.php?rest_route=\/wp\/v2\/product\/7842","targetHints":{"allow":["GET"]}}],"collection":[{"href":"https:\/\/magiiik.netstory.com.pl\/index.php?rest_route=\/wp\/v2\/product"}],"about":[{"href":"https:\/\/magiiik.netstory.com.pl\/index.php?rest_route=\/wp\/v2\/types\/product"}],"replies":[{"embeddable":true,"href":"https:\/\/magiiik.netstory.com.pl\/index.php?rest_route=%2Fwp%2Fv2%2Fcomments&post=7842"}],"wp:featuredmedia":[{"embeddable":true,"href":"https:\/\/magiiik.netstory.com.pl\/index.php?rest_route=\/wp\/v2\/media\/7843"}],"wp:attachment":[{"href":"https:\/\/magiiik.netstory.com.pl\/index.php?rest_route=%2Fwp%2Fv2%2Fmedia&parent=7842"}],"wp:term":[{"taxonomy":"product_brand","embeddable":true,"href":"https:\/\/magiiik.netstory.com.pl\/index.php?rest_route=%2Fwp%2Fv2%2Fproduct_brand&post=7842"},{"taxonomy":"product_cat","embeddable":true,"href":"https:\/\/magiiik.netstory.com.pl\/index.php?rest_route=%2Fwp%2Fv2%2Fproduct_cat&post=7842"},{"taxonomy":"product_tag","embeddable":true,"href":"https:\/\/magiiik.netstory.com.pl\/index.php?rest_route=%2Fwp%2Fv2%2Fproduct_tag&post=7842"}],"curies":[{"name":"wp","href":"https:\/\/api.w.org\/{rel}","templated":true}]}}