{"id":7829,"date":"2025-09-19T13:11:19","date_gmt":"2025-09-19T11:11:19","guid":{"rendered":"https:\/\/magiiik.netstory.com.pl\/produkt\/at-the-table-live-lecture-jason-england\/"},"modified":"2025-09-19T13:11:39","modified_gmt":"2025-09-19T11:11:39","slug":"at-the-table-live-lecture-jason-england","status":"publish","type":"product","link":"https:\/\/magiiik.netstory.com.pl\/?product=at-the-table-live-lecture-jason-england","title":{"rendered":"At the Table Live Lecture &#8211; Jason England"},"content":{"rendered":"<p><span style=\"font-size: large;\"><strong>AT THE TABLE &#8211; JASON ENGLAND\u00a0<\/strong><\/span><\/p>\n<p>\u00a0<\/p>\n<p style=\"text-align: center;\"><span style=\"font-size: medium;\"><strong>Jason England<\/strong> to ekspert w magii karcianej! O swoim do\u015bwiadczeniu opowie nam w <strong>At The Table<\/strong>!<\/span><\/p>\n<p><span style=\"font-size: medium;\"><br \/><\/span><\/p>\n<p><span style=\"font-size: medium;\">W ci\u0105gu pe\u0142nych 2 godzin b\u0119dziesz m\u00f3g\u0142 usi\u0105\u015b\u0107 <strong>SAM NA SAM<\/strong> z mistrzem, pozna\u0107 Jego filozofi\u0119 sztuczek karcianych i wys\u0142ucha\u0107 ca\u0142\u0105 mas\u0119 porad, jak je wykonywa\u0107 na najwy\u017cszym poziomie!<\/span><\/p>\n<p><span style=\"font-size: medium;\"><br \/><\/span><\/p>\n<p><span style=\"font-size: medium;\">B\u0119dziemy rozmawia\u0107 z <strong>Jason<\/strong>&#8217;em, a w mi\u0119dzy czasie On b\u0119dzie prezentowa\u0142 najbardziej podstawowe i najbardziej profesjonalne ruchy kartami, jak\u00a0Bottom Deal, tabled switches, shuffle controls i wiele innych.\u00a0<\/span><\/p>\n<p><span><br \/><\/span><\/p>\n<p style=\"text-align: center;\"><span style=\"font-size: medium;\"><strong>Je\u015bli zajmujesz si\u0119 trickami z kartami, kochasz karty, to nie mo\u017ce Ci\u0119 omin\u0105\u0107 to niesamowite wydarzenie z jednym z najlepszych mag\u00f3w tego \u015bwiata &#8211; Jason&#8217;em England&#8217;em!<\/strong><\/span><\/p>\n<p>\u00a0<\/p>\n<p>\u00a0<\/p>\n<p style=\"text-align: center;\"><span style=\"font-size: large;\"><strong>Zakup JU\u017b TERAZ bilet, usi\u0105d\u017a wygodnie i ciesz si\u0119 tym niezwyk\u0142ym wydarzeniem w zaciszu Twojego domu!<\/strong><\/span><\/p>\n<p>\u00a0<\/p>\n<p><span><span><br \/><\/span><\/span><\/p>\n<p><span><span><br \/><\/span><\/span><\/p>\n<p><span style=\"font-size: medium;\"><strong>POLECAMY i ZAPRASZAMY,<\/strong><\/span><\/p>\n<p><span style=\"font-size: medium;\"><strong>magiiik.pl<\/strong><\/span><\/p>\n<p><span><br \/><\/span><\/p>\n<p><strong>UWAGA!<\/strong><\/p>\n<p><span>1. Szkolenie jest w j\u0119zyku angielskim!<\/span><\/p>\n<p><span>2. Na seri\u0119 &#8222;At The Table&#8221; nie obowi\u0105zuje \u017bADEN rabat!<\/span><\/p>\n","protected":false},"excerpt":{"rendered":"<p><strong>AT THE TABLE by Jason England!<\/strong><\/p>\n","protected":false},"featured_media":7830,"comment_status":"closed","ping_status":"open","template":"","meta":[],"product_brand":[],"product_cat":[50],"product_tag":[],"class_list":{"0":"post-7829","1":"product","2":"type-product","3":"status-publish","4":"has-post-thumbnail","6":"product_cat-ksiazki-dvd-download-downloads-at-the-table","8":"first","9":"instock","10":"purchasable","11":"product-type-simple"},"_links":{"self":[{"href":"https:\/\/magiiik.netstory.com.pl\/index.php?rest_route=\/wp\/v2\/product\/7829","targetHints":{"allow":["GET"]}}],"collection":[{"href":"https:\/\/magiiik.netstory.com.pl\/index.php?rest_route=\/wp\/v2\/product"}],"about":[{"href":"https:\/\/magiiik.netstory.com.pl\/index.php?rest_route=\/wp\/v2\/types\/product"}],"replies":[{"embeddable":true,"href":"https:\/\/magiiik.netstory.com.pl\/index.php?rest_route=%2Fwp%2Fv2%2Fcomments&post=7829"}],"wp:featuredmedia":[{"embeddable":true,"href":"https:\/\/magiiik.netstory.com.pl\/index.php?rest_route=\/wp\/v2\/media\/7830"}],"wp:attachment":[{"href":"https:\/\/magiiik.netstory.com.pl\/index.php?rest_route=%2Fwp%2Fv2%2Fmedia&parent=7829"}],"wp:term":[{"taxonomy":"product_brand","embeddable":true,"href":"https:\/\/magiiik.netstory.com.pl\/index.php?rest_route=%2Fwp%2Fv2%2Fproduct_brand&post=7829"},{"taxonomy":"product_cat","embeddable":true,"href":"https:\/\/magiiik.netstory.com.pl\/index.php?rest_route=%2Fwp%2Fv2%2Fproduct_cat&post=7829"},{"taxonomy":"product_tag","embeddable":true,"href":"https:\/\/magiiik.netstory.com.pl\/index.php?rest_route=%2Fwp%2Fv2%2Fproduct_tag&post=7829"}],"curies":[{"name":"wp","href":"https:\/\/api.w.org\/{rel}","templated":true}]}}