{"id":7817,"date":"2025-09-19T13:11:19","date_gmt":"2025-09-19T11:11:19","guid":{"rendered":"https:\/\/magiiik.netstory.com.pl\/produkt\/beyond-holely-will-tsai\/"},"modified":"2025-09-19T13:11:32","modified_gmt":"2025-09-19T11:11:32","slug":"beyond-holely-will-tsai","status":"publish","type":"product","link":"https:\/\/magiiik.netstory.com.pl\/?product=beyond-holely-will-tsai","title":{"rendered":"Beyond HOLELY &#8211; Will Tsai"},"content":{"rendered":"<p style=\"text-align: center;\"><span style=\"font-size: large;\"><strong>CO\u015a FANTASTYCZNEGO!<\/strong><\/span><\/p>\n<p style=\"text-align: center;\"><span style=\"font-size: large;\"><strong><br \/><\/strong><\/span><\/p>\n<p style=\"text-align: center;\"><span style=\"font-size: large;\"><strong>D\u0142ugo zapowiadany przez nas w ko\u0144cu jest!!!<\/strong><\/span><\/p>\n<p><span><span><br \/><\/span><\/span><\/p>\n<p style=\"text-align: center;\"><span style=\"font-size: large;\"><strong>Jest to jeden z najlepiej sprzedaj\u0105cych si\u0119 trick\u00f3w na \u015bwiecie!<\/strong><\/span><\/p>\n<p style=\"text-align: center;\"><span style=\"font-size: large;\"><strong>Wcze\u015bniej my\u015bleli\u015bmy, \u017ce takie rzeczy dziej\u0105 si\u0119 tylko w bajkach! \u017beby wykona\u0107 dziur\u0119 w karcie i przesuwa\u0107 otw\u00f3r?! A\u017c do teraz!<\/strong><\/span><\/p>\n<p style=\"text-align: center;\"><span style=\"font-size: large;\"><strong>Will Tsai wymy\u015bli\u0142 ten trick i urzeczywistni\u0142 przesuwaj\u0105ce si\u0119 otwory!<\/strong><\/span><\/p>\n<p>\u00a0<\/p>\n<p style=\"text-align: center;\"><span style=\"font-size: medium;\">Prezentujesz kart\u0119 do gry, b\u0105d\u017a wizyt\u00f3wk\u0119. Widz mo\u017ce j\u0105 podpisa\u0107. Robisz dziurkaczem dziur\u0119 w jednym rogu. Chwytasz t\u0119 dziur\u0119 mocno od spodu kciukiem, z g\u00f3ry palcem wskazuj\u0105cym i&#8230; przesuwasz dziur\u0119 w inne miejsce! Widz mo\u017ce sprawdzi\u0107 kart\u0119 i otrzyma\u0107 j\u0105 na pami\u0105tk\u0119! W tej cz\u0119\u015bci mo\u017cesz r\u00f3wnie\u017c przesuwa\u0107 otw\u00f3r na oczach widza oraz na banknocie, karcie kredytowej i&#8230; przenie\u015b\u0107 go na butelk\u0119 z wod\u0105!!!<\/span><\/p>\n<p>\u00a0<\/p>\n<p style=\"text-align: center;\"><strong>Poni\u017cej filmik prezentuj\u0105cy ten niezwyk\u0142y trick:<\/strong><\/p>\n<p style=\"text-align: center;\"><strong><iframe loading=\"lazy\" src=\"http:\/\/www.youtube.com\/embed\/faABuMIwEgc\" width=\"425\" height=\"350\" frameborder=\"0\"><\/iframe><\/strong><\/p>\n<p style=\"text-align: center;\"><strong><br \/><\/strong><\/p>\n<p style=\"text-align: left;\"><strong>W zestawie:<\/strong><\/p>\n<p style=\"text-align: left;\">&#8211; gimmick;<\/p>\n<p style=\"text-align: left;\">&#8211; DVD instrukta\u017cowe.<\/p>\n","protected":false},"excerpt":{"rendered":"<p><strong>BEYOND HOLELY by Will Tsai!<\/strong><\/p>\n","protected":false},"featured_media":7818,"comment_status":"closed","ping_status":"open","template":"","meta":[],"product_brand":[],"product_cat":[54],"product_tag":[],"class_list":{"0":"post-7817","1":"product","2":"type-product","3":"status-publish","4":"has-post-thumbnail","6":"product_cat-ksiazki-dvd-download-sansminds","8":"first","9":"instock","10":"purchasable","11":"product-type-simple"},"_links":{"self":[{"href":"https:\/\/magiiik.netstory.com.pl\/index.php?rest_route=\/wp\/v2\/product\/7817","targetHints":{"allow":["GET"]}}],"collection":[{"href":"https:\/\/magiiik.netstory.com.pl\/index.php?rest_route=\/wp\/v2\/product"}],"about":[{"href":"https:\/\/magiiik.netstory.com.pl\/index.php?rest_route=\/wp\/v2\/types\/product"}],"replies":[{"embeddable":true,"href":"https:\/\/magiiik.netstory.com.pl\/index.php?rest_route=%2Fwp%2Fv2%2Fcomments&post=7817"}],"wp:featuredmedia":[{"embeddable":true,"href":"https:\/\/magiiik.netstory.com.pl\/index.php?rest_route=\/wp\/v2\/media\/7818"}],"wp:attachment":[{"href":"https:\/\/magiiik.netstory.com.pl\/index.php?rest_route=%2Fwp%2Fv2%2Fmedia&parent=7817"}],"wp:term":[{"taxonomy":"product_brand","embeddable":true,"href":"https:\/\/magiiik.netstory.com.pl\/index.php?rest_route=%2Fwp%2Fv2%2Fproduct_brand&post=7817"},{"taxonomy":"product_cat","embeddable":true,"href":"https:\/\/magiiik.netstory.com.pl\/index.php?rest_route=%2Fwp%2Fv2%2Fproduct_cat&post=7817"},{"taxonomy":"product_tag","embeddable":true,"href":"https:\/\/magiiik.netstory.com.pl\/index.php?rest_route=%2Fwp%2Fv2%2Fproduct_tag&post=7817"}],"curies":[{"name":"wp","href":"https:\/\/api.w.org\/{rel}","templated":true}]}}