{"id":7813,"date":"2025-09-19T13:11:19","date_gmt":"2025-09-19T11:11:19","guid":{"rendered":"https:\/\/magiiik.netstory.com.pl\/produkt\/manoj-bottle\/"},"modified":"2025-09-19T13:11:31","modified_gmt":"2025-09-19T11:11:31","slug":"manoj-bottle","status":"publish","type":"product","link":"https:\/\/magiiik.netstory.com.pl\/?product=manoj-bottle","title":{"rendered":"MANOJ BOTTLE"},"content":{"rendered":"<p style=\"text-align: center;\"><span style=\"font-size: large;\"><strong>MANOJ BOTTLE<\/strong><\/span><\/p>\n<p style=\"text-align: center;\"><span style=\"font-size: large;\"><strong><br \/><\/strong><\/span><\/p>\n<p style=\"text-align: center;\"><span style=\"font-size: medium;\">Spraw, aby przez dno butelki przenikn\u0105\u0142 d\u0142ugopis, pier\u015bcionek, b\u0105d\u017a ka\u017cdy inny ma\u0142y przedmiot!\u00a0<\/span><\/p>\n<p><span style=\"font-size: medium;\"><br \/><\/span><\/p>\n<p><span style=\"font-size: medium;\">Wiemy, \u017ce widzia\u0142e\u015b ca\u0142\u0105 mas\u0119 r\u00f3\u017cnych trick\u00f3w z przenikaniem monety przez butelk\u0119, ale <strong>TYLKO MANOJ BOTTLE<\/strong> jest tak \u0142atwa, praktyczna i ka\u017cdy mo\u017ce j\u0105 sprawdzi\u0107 przed i po wykonanym tricku!<\/span><\/p>\n<p><span style=\"font-size: medium;\"><br \/><\/span><\/p>\n<p><span style=\"font-size: medium;\">Po\u017cyczasz od widza kapsel, monet\u0119, d\u0142ugopis, wszystko mo\u017ce by\u0107 podpisane przez widza, po czym po sprawdzeniu dna butelki, sprawiasz, \u017ce po\u017cyczony przedmiot znajduje si\u0119 w \u015brodku! <strong>Dno butelki mo\u017ce by\u0107 od razu sprawdzone!<\/strong><\/span><\/p>\n<p>\u00a0<\/p>\n<p><span style=\"font-size: medium;\"><strong>Bez duplikat\u00f3w!<\/strong><\/span><\/p>\n<p><span style=\"font-size: medium;\"><strong>Bez magnes\u00f3w!<\/strong><\/span><\/p>\n<p><span style=\"font-size: medium;\"><strong>Bez palmowania!<\/strong><\/span><\/p>\n<p><span style=\"font-size: medium;\"><strong><br \/><\/strong><\/span><\/p>\n<p><span style=\"font-size: medium;\"><strong><iframe loading=\"lazy\" src=\"http:\/\/www.youtube.com\/embed\/kexM39H3A90\" width=\"425\" height=\"350\" style=\"display: block; margin-left: auto; margin-right: auto;\" frameborder=\"0\"><\/iframe><br \/><\/strong><\/span><\/p>\n<p>\u00a0<\/p>\n<p style=\"text-align: center;\">\u00a0<\/p>\n<p>\u00a0<\/p>\n<p><strong>W zestawie:<\/strong><\/p>\n<p><strong>&#8211; gimmick;<\/strong><\/p>\n<p><strong>&#8211; film instrukta\u017cowy na DVD.<\/strong><\/p>\n<p style=\"text-align: left;\"><span style=\"font-size: large;\"><strong><br \/><\/strong><\/span><\/p>\n","protected":false},"excerpt":{"rendered":"<p><strong>MANOJ BOTTLE<\/strong><\/p>\n","protected":false},"featured_media":7814,"comment_status":"closed","ping_status":"open","template":"","meta":[],"product_brand":[],"product_cat":[53],"product_tag":[],"class_list":{"0":"post-7813","1":"product","2":"type-product","3":"status-publish","4":"has-post-thumbnail","6":"product_cat-mikro-iluzja-close-up","8":"first","9":"instock","10":"purchasable","11":"product-type-simple"},"_links":{"self":[{"href":"https:\/\/magiiik.netstory.com.pl\/index.php?rest_route=\/wp\/v2\/product\/7813","targetHints":{"allow":["GET"]}}],"collection":[{"href":"https:\/\/magiiik.netstory.com.pl\/index.php?rest_route=\/wp\/v2\/product"}],"about":[{"href":"https:\/\/magiiik.netstory.com.pl\/index.php?rest_route=\/wp\/v2\/types\/product"}],"replies":[{"embeddable":true,"href":"https:\/\/magiiik.netstory.com.pl\/index.php?rest_route=%2Fwp%2Fv2%2Fcomments&post=7813"}],"wp:featuredmedia":[{"embeddable":true,"href":"https:\/\/magiiik.netstory.com.pl\/index.php?rest_route=\/wp\/v2\/media\/7814"}],"wp:attachment":[{"href":"https:\/\/magiiik.netstory.com.pl\/index.php?rest_route=%2Fwp%2Fv2%2Fmedia&parent=7813"}],"wp:term":[{"taxonomy":"product_brand","embeddable":true,"href":"https:\/\/magiiik.netstory.com.pl\/index.php?rest_route=%2Fwp%2Fv2%2Fproduct_brand&post=7813"},{"taxonomy":"product_cat","embeddable":true,"href":"https:\/\/magiiik.netstory.com.pl\/index.php?rest_route=%2Fwp%2Fv2%2Fproduct_cat&post=7813"},{"taxonomy":"product_tag","embeddable":true,"href":"https:\/\/magiiik.netstory.com.pl\/index.php?rest_route=%2Fwp%2Fv2%2Fproduct_tag&post=7813"}],"curies":[{"name":"wp","href":"https:\/\/api.w.org\/{rel}","templated":true}]}}