{"id":7778,"date":"2025-09-19T13:11:19","date_gmt":"2025-09-19T11:11:19","guid":{"rendered":"https:\/\/magiiik.netstory.com.pl\/produkt\/karty-svengali-bicycle\/"},"modified":"2025-09-19T13:11:19","modified_gmt":"2025-09-19T11:11:19","slug":"karty-svengali-bicycle","status":"publish","type":"product","link":"https:\/\/magiiik.netstory.com.pl\/?product=karty-svengali-bicycle","title":{"rendered":"Karty SVENGALI Bicycle"},"content":{"rendered":"<p style=\"text-align: center;\"><span style=\"font-size: large;\"><strong>Karty Svengali to klasyczne karty ka\u017cdego magiiika!<\/strong><\/span><\/p>\n<p>\u00a0<\/p>\n<p style=\"text-align: center;\"><span style=\"font-size: medium;\">Dzi\u0119ki tej talii mo\u017cesz wykonywa\u0107 ca\u0142\u0105 mas\u0119 niesamowitych efekt\u00f3w, zawsze b\u0119dziesz wiedzia\u0142 jak\u0105 kart\u0119 wybra\u0142 widz, ale co ciekawe mo\u017cesz w mgnieniu oka ca\u0142\u0105 tali\u0119 zamieni\u0107 w kart\u0119, kt\u00f3r\u0105 wybra\u0142 widz!<\/span><\/p>\n<p style=\"text-align: center;\"><strong><span style=\"font-size: medium;\">Zobacz film!<\/span><\/strong><\/p>\n<p style=\"text-align: center;\"><strong><span style=\"font-size: medium;\">\u00a0<\/span><\/strong><\/p>\n<p style=\"text-align: center;\"><strong><span style=\"font-size: medium;\"><iframe loading=\"lazy\" src=\"http:\/\/www.youtube.com\/embed\/tJJtlK_t8Zc\" width=\"425\" height=\"350\" frameborder=\"0\"><\/iframe><br \/><\/span><\/strong><\/p>\n<p style=\"text-align: center;\">\u00a0<\/p>\n<p style=\"text-align: center;\"><strong>ORYGINALNE KARTY BICYCLE!<\/strong><\/p>\n","protected":false},"excerpt":{"rendered":"<p><strong>SVENGALI DECK BICYCLE<\/strong><\/p>\n","protected":false},"featured_media":7779,"comment_status":"closed","ping_status":"open","template":"","meta":[],"product_brand":[],"product_cat":[51],"product_tag":[],"class_list":{"0":"post-7778","1":"product","2":"type-product","3":"status-publish","4":"has-post-thumbnail","6":"product_cat-mikro-iluzja-close-up-karty-trickowe","8":"first","9":"instock","10":"purchasable","11":"product-type-simple"},"_links":{"self":[{"href":"https:\/\/magiiik.netstory.com.pl\/index.php?rest_route=\/wp\/v2\/product\/7778","targetHints":{"allow":["GET"]}}],"collection":[{"href":"https:\/\/magiiik.netstory.com.pl\/index.php?rest_route=\/wp\/v2\/product"}],"about":[{"href":"https:\/\/magiiik.netstory.com.pl\/index.php?rest_route=\/wp\/v2\/types\/product"}],"replies":[{"embeddable":true,"href":"https:\/\/magiiik.netstory.com.pl\/index.php?rest_route=%2Fwp%2Fv2%2Fcomments&post=7778"}],"wp:featuredmedia":[{"embeddable":true,"href":"https:\/\/magiiik.netstory.com.pl\/index.php?rest_route=\/wp\/v2\/media\/7779"}],"wp:attachment":[{"href":"https:\/\/magiiik.netstory.com.pl\/index.php?rest_route=%2Fwp%2Fv2%2Fmedia&parent=7778"}],"wp:term":[{"taxonomy":"product_brand","embeddable":true,"href":"https:\/\/magiiik.netstory.com.pl\/index.php?rest_route=%2Fwp%2Fv2%2Fproduct_brand&post=7778"},{"taxonomy":"product_cat","embeddable":true,"href":"https:\/\/magiiik.netstory.com.pl\/index.php?rest_route=%2Fwp%2Fv2%2Fproduct_cat&post=7778"},{"taxonomy":"product_tag","embeddable":true,"href":"https:\/\/magiiik.netstory.com.pl\/index.php?rest_route=%2Fwp%2Fv2%2Fproduct_tag&post=7778"}],"curies":[{"name":"wp","href":"https:\/\/api.w.org\/{rel}","templated":true}]}}