{"id":7772,"date":"2025-09-19T13:10:40","date_gmt":"2025-09-19T11:10:40","guid":{"rendered":"https:\/\/magiiik.netstory.com.pl\/produkt\/color-changing-silks-by-uday\/"},"modified":"2025-09-19T13:11:12","modified_gmt":"2025-09-19T11:11:12","slug":"color-changing-silks-by-uday","status":"publish","type":"product","link":"https:\/\/magiiik.netstory.com.pl\/?product=color-changing-silks-by-uday","title":{"rendered":"Color Changing Silks by Uday"},"content":{"rendered":"<p style=\"text-align: center;\"><span style=\"font-size: large;\"><strong>Klasyczny trick, ale robi wra\u017cenie! Idealnie nadaje si\u0119 do repertuaru z chustami oraz do pokaz\u00f3w dla dzieci!<\/strong><\/span><\/p>\n<p style=\"text-align: center;\"><span style=\"font-size: large;\"><strong><br \/><\/strong><\/span><\/p>\n<p style=\"text-align: center;\"><span style=\"font-size: large;\"><strong><iframe loading=\"lazy\" src=\"http:\/\/www.youtube.com\/embed\/HshMXtwfkp0\" width=\"425\" height=\"350\" frameborder=\"0\"><\/iframe><br \/><\/strong><\/span><\/p>\n<p><span><span><br \/><\/span><\/span><\/p>\n<p>\u00a0<\/p>\n<p><span><span><br \/><\/span><\/span><\/p>\n<p><strong>W zestawie otrzymujesz:<\/strong><\/p>\n<p><span>&#8211; chusty 15&#8243;;<\/span><\/p>\n<p><span>&#8211; instrukcj\u0119 w j\u0119zyku angielskim<\/span><\/p>\n","protected":false},"excerpt":{"rendered":"<p><strong>Color Changing Silks by Uday<\/strong><\/p>\n","protected":false},"featured_media":7773,"comment_status":"closed","ping_status":"open","template":"","meta":[],"product_brand":[],"product_cat":[38],"product_tag":[],"class_list":{"0":"post-7772","1":"product","2":"type-product","3":"status-publish","4":"has-post-thumbnail","6":"product_cat-akcesoria-silks-chusty","8":"first","9":"instock","10":"purchasable","11":"product-type-simple"},"_links":{"self":[{"href":"https:\/\/magiiik.netstory.com.pl\/index.php?rest_route=\/wp\/v2\/product\/7772","targetHints":{"allow":["GET"]}}],"collection":[{"href":"https:\/\/magiiik.netstory.com.pl\/index.php?rest_route=\/wp\/v2\/product"}],"about":[{"href":"https:\/\/magiiik.netstory.com.pl\/index.php?rest_route=\/wp\/v2\/types\/product"}],"replies":[{"embeddable":true,"href":"https:\/\/magiiik.netstory.com.pl\/index.php?rest_route=%2Fwp%2Fv2%2Fcomments&post=7772"}],"wp:featuredmedia":[{"embeddable":true,"href":"https:\/\/magiiik.netstory.com.pl\/index.php?rest_route=\/wp\/v2\/media\/7773"}],"wp:attachment":[{"href":"https:\/\/magiiik.netstory.com.pl\/index.php?rest_route=%2Fwp%2Fv2%2Fmedia&parent=7772"}],"wp:term":[{"taxonomy":"product_brand","embeddable":true,"href":"https:\/\/magiiik.netstory.com.pl\/index.php?rest_route=%2Fwp%2Fv2%2Fproduct_brand&post=7772"},{"taxonomy":"product_cat","embeddable":true,"href":"https:\/\/magiiik.netstory.com.pl\/index.php?rest_route=%2Fwp%2Fv2%2Fproduct_cat&post=7772"},{"taxonomy":"product_tag","embeddable":true,"href":"https:\/\/magiiik.netstory.com.pl\/index.php?rest_route=%2Fwp%2Fv2%2Fproduct_tag&post=7772"}],"curies":[{"name":"wp","href":"https:\/\/api.w.org\/{rel}","templated":true}]}}