{"id":7714,"date":"2025-09-19T13:10:40","date_gmt":"2025-09-19T11:10:40","guid":{"rendered":"https:\/\/magiiik.netstory.com.pl\/produkt\/essentials-in-magic-cups-and-balls-dvd\/"},"modified":"2025-09-19T13:10:40","modified_gmt":"2025-09-19T11:10:40","slug":"essentials-in-magic-cups-and-balls-dvd","status":"publish","type":"product","link":"https:\/\/magiiik.netstory.com.pl\/?product=essentials-in-magic-cups-and-balls-dvd","title":{"rendered":"Essentials in Magic &#8211; Cups and Balls DVD"},"content":{"rendered":"<p style=\"text-align: center;\"><span style=\"font-size: large;\"><strong>To niezwyk\u0142e DVD pomo\u017ce Ci sta\u0107 si\u0119 profesjonalist\u0105 w sztukach z Kubkami i Pi\u0142eczkami!<\/strong><\/span><\/p>\n<p style=\"text-align: center;\"><span style=\"font-size: large;\"><strong><br \/><\/strong><\/span><\/p>\n<p style=\"text-align: left;\"><span style=\"font-size: medium;\"><strong>W tym DVD poznasz sekrety:<\/strong><\/span><\/p>\n<p style=\"text-align: center;\">\u00a0<\/p>\n<ul>\n<li><span style=\"font-size: small;\">A Basic Routine<\/span><\/li>\n<li><span style=\"font-size: small;\">The One Ahead Principle<\/span><\/li>\n<li><span style=\"font-size: small;\">Ball Variations<\/span><\/li>\n<li><span style=\"font-size: small;\">The Magic Wand<\/span><\/li>\n<li><span style=\"font-size: small;\">Wand Variations<\/span><\/li>\n<li><span style=\"font-size: small;\">Slightly Advanced (Sleights)<\/span><\/li>\n<li><span style=\"font-size: small;\">The Little Finger Hook<\/span><\/li>\n<li><span style=\"font-size: small;\">False Transfers<\/span><\/li>\n<li><span style=\"font-size: small;\">Wiele, wiele innych.<\/span><\/li>\n<\/ul>\n<div><span style=\"font-size: small;\"><br \/><\/span><\/div>\n<div><span style=\"font-size: small;\">Kolekcja <strong>&#8222;Essentials in Magic&#8221;<\/strong> Cups and Balls daje mo\u017cliwo\u015b\u0107 spotkania si\u0119 jeden na jeden z Daryl&#8217;em. Znany i szanowany jako jeden z najlepszych nauczycieli na \u015bwiecie w sztuce iluzji. Daryl w tym filmie jest Twoim osobistym mentorem i w jasny, \u0142atwy do zrozumienia spos\u00f3b pomaga rozwija\u0107 umiej\u0119tno\u015bci i techniki nigdy wcze\u015bniej nie publikowane.<\/span><\/div>\n<div><span style=\"font-size: small;\"><br \/><\/span><\/div>\n<div><strong><span style=\"font-size: small;\">POLECAMY!<\/span><\/strong><\/div>\n<div><strong><span style=\"font-size: small;\">magiiik.pl<\/span><\/strong><\/div>\n<p style=\"text-align: center;\"><span style=\"font-size: medium;\"><strong><br \/><\/strong><\/span><\/p>\n","protected":false},"excerpt":{"rendered":"<p><strong>Cups and Balls DVD!<\/strong><\/p>\n","protected":false},"featured_media":7715,"comment_status":"closed","ping_status":"open","template":"","meta":[],"product_brand":[],"product_cat":[47],"product_tag":[],"class_list":{"0":"post-7714","1":"product","2":"type-product","3":"status-publish","4":"has-post-thumbnail","6":"product_cat-ksiazki-dvd-download-filmy-dvd","8":"first","9":"instock","10":"purchasable","11":"product-type-simple"},"_links":{"self":[{"href":"https:\/\/magiiik.netstory.com.pl\/index.php?rest_route=\/wp\/v2\/product\/7714","targetHints":{"allow":["GET"]}}],"collection":[{"href":"https:\/\/magiiik.netstory.com.pl\/index.php?rest_route=\/wp\/v2\/product"}],"about":[{"href":"https:\/\/magiiik.netstory.com.pl\/index.php?rest_route=\/wp\/v2\/types\/product"}],"replies":[{"embeddable":true,"href":"https:\/\/magiiik.netstory.com.pl\/index.php?rest_route=%2Fwp%2Fv2%2Fcomments&post=7714"}],"wp:featuredmedia":[{"embeddable":true,"href":"https:\/\/magiiik.netstory.com.pl\/index.php?rest_route=\/wp\/v2\/media\/7715"}],"wp:attachment":[{"href":"https:\/\/magiiik.netstory.com.pl\/index.php?rest_route=%2Fwp%2Fv2%2Fmedia&parent=7714"}],"wp:term":[{"taxonomy":"product_brand","embeddable":true,"href":"https:\/\/magiiik.netstory.com.pl\/index.php?rest_route=%2Fwp%2Fv2%2Fproduct_brand&post=7714"},{"taxonomy":"product_cat","embeddable":true,"href":"https:\/\/magiiik.netstory.com.pl\/index.php?rest_route=%2Fwp%2Fv2%2Fproduct_cat&post=7714"},{"taxonomy":"product_tag","embeddable":true,"href":"https:\/\/magiiik.netstory.com.pl\/index.php?rest_route=%2Fwp%2Fv2%2Fproduct_tag&post=7714"}],"curies":[{"name":"wp","href":"https:\/\/api.w.org\/{rel}","templated":true}]}}