{"id":7700,"date":"2025-09-19T13:10:07","date_gmt":"2025-09-19T11:10:07","guid":{"rendered":"https:\/\/magiiik.netstory.com.pl\/produkt\/zestaw-dvd-gabczaki\/"},"modified":"2025-09-19T13:10:31","modified_gmt":"2025-09-19T11:10:31","slug":"zestaw-dvd-gabczaki","status":"publish","type":"product","link":"https:\/\/magiiik.netstory.com.pl\/?product=zestaw-dvd-gabczaki","title":{"rendered":"ZESTAW DVD + G\u0104BCZAKI!"},"content":{"rendered":"<p style=\"text-align: center;\"><span style=\"font-size: small;\"><strong>Ten zestaw magiiicznych narz\u0119dzi zawiera wszystko, czego potrzebujesz: gimmick, g\u0105bczaki (4 szt. pi\u0142eczki 4 cm., kr\u00f3liczek, 2 kr\u0105\u017cki z g\u0105bki), niewidzialna portmonetka i DVD &#8211; 2 godz. film z instrukcjami Steve&#8217;a Darci &#8211; &#8222;Najszybsze R\u0119ce na \u015bwiecie&#8221;!<\/strong><\/span><\/p>\n<p><span style=\"font-size: small;\"><strong> Jest to ostateczny zbi\u00f3r najbardziej spektakularnych trick\u00f3w z g\u0105bczakami, procedur, chwyt\u00f3w i porad dla wszystkich, na r\u00f3\u017cnych poziomach umiej\u0119tno\u015bci. Niekt\u00f3rych z nich nie ma na \u017cadnym innym DVD!<\/strong><\/span><\/p>\n<p>\u00a0<\/p>\n<p><span style=\"font-size: small;\"><strong>Go\u015bcie Specjalni: George Schindler, David Ginn, Dan Garrett, Pat Page, Gary Darwin, Frank Zak, i Albert Goshman.<\/strong><\/span><\/p>\n<p>\u00a0<\/p>\n<p><span style=\"font-size: large;\"><strong>POLECAMY!<\/strong><\/span><\/p>\n<p><span style=\"font-size: large;\"><strong>magiiik.pl<\/strong><\/span><\/p>\n<p>\u00a0<\/p>\n","protected":false},"excerpt":{"rendered":"<p><strong>ZESTAW &#8211; DVD + G\u0104BCZAKI!<\/strong><\/p>\n","protected":false},"featured_media":7701,"comment_status":"closed","ping_status":"open","template":"","meta":[],"product_brand":[],"product_cat":[47],"product_tag":[],"class_list":{"0":"post-7700","1":"product","2":"type-product","3":"status-publish","4":"has-post-thumbnail","6":"product_cat-ksiazki-dvd-download-filmy-dvd","8":"first","9":"instock","10":"purchasable","11":"product-type-simple"},"_links":{"self":[{"href":"https:\/\/magiiik.netstory.com.pl\/index.php?rest_route=\/wp\/v2\/product\/7700","targetHints":{"allow":["GET"]}}],"collection":[{"href":"https:\/\/magiiik.netstory.com.pl\/index.php?rest_route=\/wp\/v2\/product"}],"about":[{"href":"https:\/\/magiiik.netstory.com.pl\/index.php?rest_route=\/wp\/v2\/types\/product"}],"replies":[{"embeddable":true,"href":"https:\/\/magiiik.netstory.com.pl\/index.php?rest_route=%2Fwp%2Fv2%2Fcomments&post=7700"}],"wp:featuredmedia":[{"embeddable":true,"href":"https:\/\/magiiik.netstory.com.pl\/index.php?rest_route=\/wp\/v2\/media\/7701"}],"wp:attachment":[{"href":"https:\/\/magiiik.netstory.com.pl\/index.php?rest_route=%2Fwp%2Fv2%2Fmedia&parent=7700"}],"wp:term":[{"taxonomy":"product_brand","embeddable":true,"href":"https:\/\/magiiik.netstory.com.pl\/index.php?rest_route=%2Fwp%2Fv2%2Fproduct_brand&post=7700"},{"taxonomy":"product_cat","embeddable":true,"href":"https:\/\/magiiik.netstory.com.pl\/index.php?rest_route=%2Fwp%2Fv2%2Fproduct_cat&post=7700"},{"taxonomy":"product_tag","embeddable":true,"href":"https:\/\/magiiik.netstory.com.pl\/index.php?rest_route=%2Fwp%2Fv2%2Fproduct_tag&post=7700"}],"curies":[{"name":"wp","href":"https:\/\/api.w.org\/{rel}","templated":true}]}}