{"id":7614,"date":"2025-09-19T13:09:02","date_gmt":"2025-09-19T11:09:02","guid":{"rendered":"https:\/\/magiiik.netstory.com.pl\/produkt\/wow\/"},"modified":"2025-09-19T13:09:50","modified_gmt":"2025-09-19T11:09:50","slug":"wow","status":"publish","type":"product","link":"https:\/\/magiiik.netstory.com.pl\/?product=wow","title":{"rendered":"WOW"},"content":{"rendered":"<p style=\"text-align: center;\"><strong><span style=\"font-size: 12pt; font-family: arial, helvetica, sans-serif;\">\u00a0Jeden z lepiej sprzedaj\u0105cych si\u0119 rekwizyt\u00f3w w naszym sklepie!<\/span><\/strong><\/p>\n<p style=\"text-align: center;\"><span style=\"background-color: #ff0000;\"><strong><span style=\"font-size: 12pt; font-family: arial, helvetica, sans-serif;\">DAWNO NIEDOST\u0118PNY &#8211; POWRACA!<\/span><\/strong><\/span><\/p>\n<p style=\"text-align: center;\"><span style=\"font-size: 12pt; font-family: arial, helvetica, sans-serif;\">Iluzjonista prezentuje prze\u017aroczyst\u0105 ramk\u0119 i tali\u0119 kart. Widz wybiera jedn\u0105 kart\u0119 i podpisuje si\u0119 na niej. Magik wk\u0142ada kart\u0119 z powrotem do talii. Wybiera jedn\u0105, przypadkow\u0105 z nich. Wsuwa do ramki i ka\u017cdy mo\u017ce dok\u0142adnie zobaczy\u0107, jaka to karta. Teraz wystarczy kilka magicznych ruch\u00f3w i ku zaskoczeniu wszystkich karta przemienia si\u0119 w kart\u0119 wybran\u0105 i podpisan\u0105 przez widza.<\/span><\/p>\n<p style=\"text-align: center;\"><span style=\"font-size: 12pt; font-family: arial, helvetica, sans-serif;\"><iframe loading=\"lazy\" src=\"\/\/www.youtube.com\/embed\/pFzaKAGPzh4\" width=\"500\" height=\"300\"><\/iframe><\/span><\/p>\n<p style=\"text-align: center;\">\u00a0<\/p>\n<p style=\"text-align: center;\"><span style=\"font-size: 10pt;\">*Film prezentuje now\u0105 wersj\u0119 tricku WOW, dost\u0119pn\u0105 r\u00f3nie\u017c w naszym sklepie:\u00a0<a href=\"https:\/\/magiiik.netstory.com.pl\/1\">http:\/\/www.magiiik.pl\/pl\/p\/WOW-2.0-Face-Down-Version-and-DVD-by-Masuda-\/1113<\/a><\/span><\/p>\n<p style=\"text-align: center;\"><span style=\"background-color: #ffff00;\"><strong><span style=\"font-size: 12pt; font-family: arial, helvetica, sans-serif;\">Jeden z mocniejszych efekt\u00f3w karcianych.<\/span><\/strong><\/span><\/p>\n<p style=\"text-align: center;\"><strong><span style=\"font-size: 12pt; font-family: arial, helvetica, sans-serif;\">Polecamy,<\/span><\/strong><\/p>\n<p style=\"text-align: center;\"><strong><span style=\"font-size: 12pt; font-family: arial, helvetica, sans-serif;\">magiiik.pl<\/span><\/strong><\/p>\n","protected":false},"excerpt":{"rendered":"<p><strong>WOW!<\/strong><\/p>\n","protected":false},"featured_media":7615,"comment_status":"closed","ping_status":"open","template":"","meta":[],"product_brand":[],"product_cat":[41],"product_tag":[],"class_list":{"0":"post-7614","1":"product","2":"type-product","3":"status-publish","4":"has-post-thumbnail","6":"product_cat-mikro-iluzja-close-up-efekty-z-kartami","8":"first","9":"instock","10":"purchasable","11":"product-type-simple"},"_links":{"self":[{"href":"https:\/\/magiiik.netstory.com.pl\/index.php?rest_route=\/wp\/v2\/product\/7614","targetHints":{"allow":["GET"]}}],"collection":[{"href":"https:\/\/magiiik.netstory.com.pl\/index.php?rest_route=\/wp\/v2\/product"}],"about":[{"href":"https:\/\/magiiik.netstory.com.pl\/index.php?rest_route=\/wp\/v2\/types\/product"}],"replies":[{"embeddable":true,"href":"https:\/\/magiiik.netstory.com.pl\/index.php?rest_route=%2Fwp%2Fv2%2Fcomments&post=7614"}],"wp:featuredmedia":[{"embeddable":true,"href":"https:\/\/magiiik.netstory.com.pl\/index.php?rest_route=\/wp\/v2\/media\/7615"}],"wp:attachment":[{"href":"https:\/\/magiiik.netstory.com.pl\/index.php?rest_route=%2Fwp%2Fv2%2Fmedia&parent=7614"}],"wp:term":[{"taxonomy":"product_brand","embeddable":true,"href":"https:\/\/magiiik.netstory.com.pl\/index.php?rest_route=%2Fwp%2Fv2%2Fproduct_brand&post=7614"},{"taxonomy":"product_cat","embeddable":true,"href":"https:\/\/magiiik.netstory.com.pl\/index.php?rest_route=%2Fwp%2Fv2%2Fproduct_cat&post=7614"},{"taxonomy":"product_tag","embeddable":true,"href":"https:\/\/magiiik.netstory.com.pl\/index.php?rest_route=%2Fwp%2Fv2%2Fproduct_tag&post=7614"}],"curies":[{"name":"wp","href":"https:\/\/api.w.org\/{rel}","templated":true}]}}