{"id":11704,"date":"2025-09-19T13:57:36","date_gmt":"2025-09-19T11:57:36","guid":{"rendered":"https:\/\/magiiik.netstory.com.pl\/produkt\/ink-by-bond-pen-ms-magic-trick\/"},"modified":"2025-09-19T13:57:54","modified_gmt":"2025-09-19T11:57:54","slug":"ink-by-bond-pen-ms-magic-trick","status":"publish","type":"product","link":"https:\/\/magiiik.netstory.com.pl\/?product=ink-by-bond-pen-ms-magic-trick","title":{"rendered":"Ink by Bond, Pen &#038; MS Magic &#8211; Trick"},"content":{"rendered":"<div style=\"text-align: center;\">\u00a0<span class=\"Y2IQFc\" lang=\"pl\">Wyobra\u017a sobie, \u017ce mo\u017cesz kontrolowa\u0107 przep\u0142yw cieczy jak superbohater &#8211; tak by to wygl\u0105da\u0142o. <\/span><\/div>\n<div style=\"text-align: center;\"><span class=\"Y2IQFc\" lang=\"pl\">Pokazujesz kilka kart ESP i prosisz widza o wybranie jednej z nich. <\/span><\/div>\n<div style=\"text-align: center;\"><span class=\"Y2IQFc\" lang=\"pl\">Nast\u0119pnie upu\u015b\u0107 kilka kropel atramentu na kawa\u0142ek bia\u0142ej kartki. <\/span><\/div>\n<div style=\"text-align: center;\">Na Twoj\u0105 komend\u0119 atrament zaczyna si\u0119 porusza\u0107 i formowa\u0107 wybrany symbol ESP,<\/div>\n<div style=\"text-align: center;\">po czym mo\u017cesz przekaza\u0107 kart\u0119 swojemu widzowi, aby natychmiast j\u0105 zbada\u0142.<\/div>\n<div style=\"text-align: right;\">\u00a0<\/div>\n<div style=\"text-align: center;\">Dzi\u0119ki INK mo\u017cesz zostawi\u0107 kart\u0119 swojemu widzowi jako wyj\u0105tkow\u0105 pami\u0105tk\u0119.<\/div>\n<div style=\"text-align: center;\">Ta magia jest idealna do wykonywania zbli\u017ce\u0144 w salonach, wyst\u0119pach telewizyjnych i w mediach spo\u0142eczno\u015bciowych.<\/div>\n<div style=\"text-align: center;\">Niezwykle wizualna i magiczna nowa mini-iluzja.<\/div>\n<div style=\"text-align: center;\">\u00a0<\/div>\n<div style=\"text-align: center;\">To jest Ink.<\/div>\n<div style=\"text-align: center;\">\u00a0<\/div>\n<div style=\"text-align: center;\"><iframe loading=\"lazy\" title=\"YouTube video player\" src=\"\/\/www.youtube.com\/embed\/QkSW6I3fzak\" width=\"560\" height=\"315\" frameborder=\"0\" allowfullscreen=\"allowfullscreen\"><\/iframe><\/div>\n","protected":false},"excerpt":{"rendered":"<p>\u00a0Wyobra\u017a sobie, \u017ce mo\u017cesz kontrolowa\u0107 przep\u0142yw cieczy jak superbohater &#8211; tak by to wygl\u0105da\u0142o. Pokazujesz kilka kart ESP i prosisz widza o wybranie jednej z nich. Nast\u0119pnie upu\u015b\u0107 kilka kropel&#8230;<\/p>\n","protected":false},"featured_media":11705,"comment_status":"closed","ping_status":"open","template":"","meta":[],"product_brand":[],"product_cat":[24],"product_tag":[],"class_list":{"0":"post-11704","1":"product","2":"type-product","3":"status-publish","4":"has-post-thumbnail","6":"product_cat-mentalizm","8":"first","9":"instock","10":"purchasable","11":"product-type-simple"},"_links":{"self":[{"href":"https:\/\/magiiik.netstory.com.pl\/index.php?rest_route=\/wp\/v2\/product\/11704","targetHints":{"allow":["GET"]}}],"collection":[{"href":"https:\/\/magiiik.netstory.com.pl\/index.php?rest_route=\/wp\/v2\/product"}],"about":[{"href":"https:\/\/magiiik.netstory.com.pl\/index.php?rest_route=\/wp\/v2\/types\/product"}],"replies":[{"embeddable":true,"href":"https:\/\/magiiik.netstory.com.pl\/index.php?rest_route=%2Fwp%2Fv2%2Fcomments&post=11704"}],"wp:featuredmedia":[{"embeddable":true,"href":"https:\/\/magiiik.netstory.com.pl\/index.php?rest_route=\/wp\/v2\/media\/11705"}],"wp:attachment":[{"href":"https:\/\/magiiik.netstory.com.pl\/index.php?rest_route=%2Fwp%2Fv2%2Fmedia&parent=11704"}],"wp:term":[{"taxonomy":"product_brand","embeddable":true,"href":"https:\/\/magiiik.netstory.com.pl\/index.php?rest_route=%2Fwp%2Fv2%2Fproduct_brand&post=11704"},{"taxonomy":"product_cat","embeddable":true,"href":"https:\/\/magiiik.netstory.com.pl\/index.php?rest_route=%2Fwp%2Fv2%2Fproduct_cat&post=11704"},{"taxonomy":"product_tag","embeddable":true,"href":"https:\/\/magiiik.netstory.com.pl\/index.php?rest_route=%2Fwp%2Fv2%2Fproduct_tag&post=11704"}],"curies":[{"name":"wp","href":"https:\/\/api.w.org\/{rel}","templated":true}]}}