{"id":11590,"date":"2025-09-19T13:55:09","date_gmt":"2025-09-19T11:55:09","guid":{"rendered":"https:\/\/magiiik.netstory.com.pl\/produkt\/bounce-no-bounce-balls\/"},"modified":"2025-09-19T13:55:48","modified_gmt":"2025-09-19T11:55:48","slug":"bounce-no-bounce-balls","status":"publish","type":"product","link":"https:\/\/magiiik.netstory.com.pl\/?product=bounce-no-bounce-balls","title":{"rendered":"Bounce no Bounce Balls"},"content":{"rendered":"<div class=\"auto-hide-last-sibling-br paragraph_9dc5f paragraph-element\" style=\"text-align: center;\">Nie ma nic lepszego ni\u017c dodanie \u015bmiechu do wyst\u0119pu.<\/div>\n<div class=\"auto-hide-last-sibling-br paragraph_9dc5f paragraph-element\" style=\"text-align: center;\">Dzi\u0119ki pi\u0142kom \u201eBounce no bounce\u201d, b\u0119dziesz m\u00f3g\u0142 doda\u0107 troch\u0119 lekko\u015bci i zabawy do swojej magii.<\/div>\n<div class=\"auto-hide-last-sibling-br paragraph_9dc5f paragraph-element\" style=\"text-align: center;\">BNBB mog\u0105 by\u0107 u\u017cywane jako element komediowy lub co\u015b nieco bardziej powa\u017cnego, gdzie jeste\u015b w stanie kontrolowa\u0107 prawa fizyki.<\/div>\n<p style=\"text-align: center;\">\u00a0<\/p>\n<div class=\"auto-hide-last-sibling-br paragraph_9dc5f paragraph-element\" style=\"text-align: center;\">Prezentacje s\u0105 nieograniczone i jedynym ograniczeniem jest Twoja wyobra\u017ania.<\/div>\n<div class=\"auto-hide-last-sibling-br paragraph_9dc5f paragraph-element\" style=\"text-align: center;\">BNBB idealnie mieszcz\u0105 si\u0119 w kieszeni, gotowe do pokazania niecodziennego efektu w ka\u017cdej chwili.<\/div>\n<p style=\"text-align: center;\">\u00a0<\/p>\n<div class=\"auto-hide-last-sibling-br paragraph_9dc5f paragraph-element\" style=\"text-align: center;\">Zestaw zawiera 2 specjalne pi\u0142ki oraz instrukcje online!<\/div>\n<div class=\"auto-hide-last-sibling-br paragraph_9dc5f paragraph-element\" style=\"text-align: center;\">\u00a0<\/div>\n<div class=\"auto-hide-last-sibling-br paragraph_9dc5f paragraph-element\" style=\"text-align: center;\"><iframe loading=\"lazy\" title=\"YouTube video player\" src=\"\/\/www.youtube.com\/embed\/gk0nmSE5N6I\" width=\"560\" height=\"315\" frameborder=\"0\" allowfullscreen=\"allowfullscreen\"><\/iframe><\/div>\n","protected":false},"excerpt":{"rendered":"<p>Nie ma nic lepszego ni\u017c dodanie \u015bmiechu do wyst\u0119pu. Dzi\u0119ki pi\u0142kom \u201eBounce no bounce\u201d, b\u0119dziesz m\u00f3g\u0142 doda\u0107 troch\u0119 lekko\u015bci i zabawy do swojej magii. BNBB mog\u0105 by\u0107 u\u017cywane jako element&#8230;<\/p>\n","protected":false},"featured_media":11591,"comment_status":"closed","ping_status":"open","template":"","meta":[],"product_brand":[],"product_cat":[52],"product_tag":[],"class_list":{"0":"post-11590","1":"product","2":"type-product","3":"status-publish","4":"has-post-thumbnail","6":"product_cat-akcesoria-gagi-zarty","8":"first","9":"instock","10":"purchasable","11":"product-type-simple"},"_links":{"self":[{"href":"https:\/\/magiiik.netstory.com.pl\/index.php?rest_route=\/wp\/v2\/product\/11590","targetHints":{"allow":["GET"]}}],"collection":[{"href":"https:\/\/magiiik.netstory.com.pl\/index.php?rest_route=\/wp\/v2\/product"}],"about":[{"href":"https:\/\/magiiik.netstory.com.pl\/index.php?rest_route=\/wp\/v2\/types\/product"}],"replies":[{"embeddable":true,"href":"https:\/\/magiiik.netstory.com.pl\/index.php?rest_route=%2Fwp%2Fv2%2Fcomments&post=11590"}],"wp:featuredmedia":[{"embeddable":true,"href":"https:\/\/magiiik.netstory.com.pl\/index.php?rest_route=\/wp\/v2\/media\/11591"}],"wp:attachment":[{"href":"https:\/\/magiiik.netstory.com.pl\/index.php?rest_route=%2Fwp%2Fv2%2Fmedia&parent=11590"}],"wp:term":[{"taxonomy":"product_brand","embeddable":true,"href":"https:\/\/magiiik.netstory.com.pl\/index.php?rest_route=%2Fwp%2Fv2%2Fproduct_brand&post=11590"},{"taxonomy":"product_cat","embeddable":true,"href":"https:\/\/magiiik.netstory.com.pl\/index.php?rest_route=%2Fwp%2Fv2%2Fproduct_cat&post=11590"},{"taxonomy":"product_tag","embeddable":true,"href":"https:\/\/magiiik.netstory.com.pl\/index.php?rest_route=%2Fwp%2Fv2%2Fproduct_tag&post=11590"}],"curies":[{"name":"wp","href":"https:\/\/api.w.org\/{rel}","templated":true}]}}