{"id":11527,"date":"2025-09-19T13:53:43","date_gmt":"2025-09-19T11:53:43","guid":{"rendered":"https:\/\/magiiik.netstory.com.pl\/produkt\/skynet-project-by-marc-lavelle\/"},"modified":"2025-09-19T13:54:31","modified_gmt":"2025-09-19T11:54:31","slug":"skynet-project-by-marc-lavelle","status":"publish","type":"product","link":"https:\/\/magiiik.netstory.com.pl\/?product=skynet-project-by-marc-lavelle","title":{"rendered":"Skynet Project by Marc Lavelle"},"content":{"rendered":"<div class=\"auto-hide-last-sibling-br paragraph_9dc5f paragraph-element\" style=\"text-align: center;\">W sztuce karcianej, wolny wyb\u00f3r cz\u0119sto jest iluzj\u0105, ale dla magik\u00f3w ta iluzja jest \u0142atwa do prze\u0142amania.<\/div>\n<div class=\"auto-hide-last-sibling-br paragraph_9dc5f paragraph-element\" style=\"text-align: center;\">\u00a0<\/div>\n<div class=\"auto-hide-last-sibling-br paragraph_9dc5f paragraph-element\" style=\"text-align: center;\">Projekt Skynet Marca Lavelle&#8217;a to ostateczne narz\u0119dzie dla magik\u00f3w, kt\u00f3re pozwala wprowadzi\u0107 dowolnie wybran\u0105 lub pomy\u015blan\u0105 kart\u0119 do gry, cicho i potajemnie.<\/div>\n<div class=\"auto-hide-last-sibling-br paragraph_9dc5f paragraph-element\" style=\"text-align: center;\">To \u0142atwy do zarz\u0105dzania system indeksowania, kt\u00f3ry daje u\u017cytkownikowi 100% nieograniczony dost\u0119p do ka\u017cdej karty w talii, kiedykolwiek i gdziekolwiek tego potrzebuje!<\/div>\n<div class=\"auto-hide-last-sibling-br paragraph_9dc5f paragraph-element\" style=\"text-align: center;\">\u00a0<\/div>\n<div class=\"auto-hide-last-sibling-br paragraph_9dc5f paragraph-element\" style=\"text-align: center;\">Po prostu prosisz widza, aby pomy\u015bla\u0142 o dowolnej karcie. I zanim zd\u0105\u017cysz doko\u0144czy\u0107 zdanie &#8222;czy by\u0142 jaki\u015b pow\u00f3d, dla kt\u00f3rego wybra\u0142e\u015b t\u0119 kart\u0119?&#8221;, ich pomy\u015blana karta cicho czeka w twojej d\u0142oni,<\/div>\n<div class=\"auto-hide-last-sibling-br paragraph_9dc5f paragraph-element\" style=\"text-align: center;\">gotowa do ujawnienia za pomoc\u0105 dowolnej metody, kt\u00f3r\u0105 masz w swoim arsenale.<\/div>\n<div class=\"auto-hide-last-sibling-br paragraph_9dc5f paragraph-element\" style=\"text-align: center;\">\u00a0<\/div>\n<div class=\"auto-hide-last-sibling-br paragraph_9dc5f paragraph-element\" style=\"text-align: center;\">Nie trzeba przeszukiwa\u0107 talii, aby znale\u017a\u0107 ich kart\u0119,<\/div>\n<div class=\"auto-hide-last-sibling-br paragraph_9dc5f paragraph-element\" style=\"text-align: center;\">\u00a0<\/div>\n<div class=\"auto-hide-last-sibling-br paragraph_9dc5f paragraph-element\" style=\"text-align: center;\">Projekt Skynet jest zdecydowanie naj\u0142atwiejszym pe\u0142nym systemem indeksowania dost\u0119pnym na rynku. Jest dos\u0142ownie tak \u0142atwy jak liczenie do 1,2,3. (Naprawd\u0119, liczenie do 3 jest cz\u0119\u015bci\u0105 metody). Nie wymaga pracy pami\u0119ciowej, a co najwa\u017cniejsze, w przeciwie\u0144stwie do wielu innych system\u00f3w indeksowania, Projekt Skynet Marca Lavelle&#8217;a nie wymaga miejsca w kieszeni.<\/div>\n<ul class=\"auto-hide-last-sibling-br\">\n<li>\u0141atwy do nauki<\/li>\n<li>\u0141atwy w u\u017cyciu<\/li>\n<li>Resetuje si\u0119 w kilka sekund<\/li>\n<li>Nie wymaga miejsca w kieszeni<\/li>\n<li>Zawiera charakterystyczny opener Marca Lavelle&#8217;a<\/li>\n<li>Dyskretny i cichy<\/li>\n<li>Niewidoczny dla widz\u00f3w<\/li>\n<li>Bez przymusu czy ogranicze\u0144 jakiegokolwiek rodzaju<\/li>\n<li>Dodaje kolejn\u0105 warstw\u0119 oszustwa do rutyn, kt\u00f3re ju\u017c wykonujesz<\/li>\n<li>\u017badne oszustwa ani cienkie karty nie s\u0105 potrzebne &#8211; wszystkie karty s\u0105 standardowe i mog\u0105 by\u0107 natychmiast sprawdzone lub rozdane<\/li>\n<li>Dzia\u0142a z ka\u017cd\u0105 tali\u0105<\/li>\n<\/ul>\n<p>\u00a0<\/p>\n<div class=\"auto-hide-last-sibling-br paragraph_9dc5f paragraph-element\" style=\"text-align: center;\"><strong>Uruchom system Skynet i oszukaj nawet najbardziej wymagaj\u0105cych widz\u00f3w.<\/strong><\/div>\n<div class=\"auto-hide-last-sibling-br paragraph_9dc5f paragraph-element\" style=\"text-align: center;\">\u00a0<\/div>\n<p style=\"text-align: center;\">\u00a0<\/p>\n<p style=\"text-align: center;\">\u00a0<\/p>\n<p style=\"text-align: center;\"><iframe loading=\"lazy\" title=\"YouTube video player\" src=\"\/\/www.youtube.com\/embed\/XPnZ7uJaqZ0\" width=\"560\" height=\"315\" frameborder=\"0\" allowfullscreen=\"allowfullscreen\"><\/iframe><\/p>\n","protected":false},"excerpt":{"rendered":"<p>W sztuce karcianej, wolny wyb\u00f3r cz\u0119sto jest iluzj\u0105, ale dla magik\u00f3w ta iluzja jest \u0142atwa do prze\u0142amania. \u00a0 Projekt Skynet Marca Lavelle&#8217;a to ostateczne narz\u0119dzie dla magik\u00f3w, kt\u00f3re pozwala wprowadzi\u0107&#8230;<\/p>\n","protected":false},"featured_media":11528,"comment_status":"closed","ping_status":"open","template":"","meta":[],"product_brand":[],"product_cat":[41],"product_tag":[],"class_list":{"0":"post-11527","1":"product","2":"type-product","3":"status-publish","4":"has-post-thumbnail","6":"product_cat-mikro-iluzja-close-up-efekty-z-kartami","8":"first","9":"instock","10":"purchasable","11":"product-type-simple"},"_links":{"self":[{"href":"https:\/\/magiiik.netstory.com.pl\/index.php?rest_route=\/wp\/v2\/product\/11527","targetHints":{"allow":["GET"]}}],"collection":[{"href":"https:\/\/magiiik.netstory.com.pl\/index.php?rest_route=\/wp\/v2\/product"}],"about":[{"href":"https:\/\/magiiik.netstory.com.pl\/index.php?rest_route=\/wp\/v2\/types\/product"}],"replies":[{"embeddable":true,"href":"https:\/\/magiiik.netstory.com.pl\/index.php?rest_route=%2Fwp%2Fv2%2Fcomments&post=11527"}],"wp:featuredmedia":[{"embeddable":true,"href":"https:\/\/magiiik.netstory.com.pl\/index.php?rest_route=\/wp\/v2\/media\/11528"}],"wp:attachment":[{"href":"https:\/\/magiiik.netstory.com.pl\/index.php?rest_route=%2Fwp%2Fv2%2Fmedia&parent=11527"}],"wp:term":[{"taxonomy":"product_brand","embeddable":true,"href":"https:\/\/magiiik.netstory.com.pl\/index.php?rest_route=%2Fwp%2Fv2%2Fproduct_brand&post=11527"},{"taxonomy":"product_cat","embeddable":true,"href":"https:\/\/magiiik.netstory.com.pl\/index.php?rest_route=%2Fwp%2Fv2%2Fproduct_cat&post=11527"},{"taxonomy":"product_tag","embeddable":true,"href":"https:\/\/magiiik.netstory.com.pl\/index.php?rest_route=%2Fwp%2Fv2%2Fproduct_tag&post=11527"}],"curies":[{"name":"wp","href":"https:\/\/api.w.org\/{rel}","templated":true}]}}