{"id":11523,"date":"2025-09-19T13:53:43","date_gmt":"2025-09-19T11:53:43","guid":{"rendered":"https:\/\/magiiik.netstory.com.pl\/produkt\/control-by-darryl-vanamburg\/"},"modified":"2025-09-19T13:54:24","modified_gmt":"2025-09-19T11:54:24","slug":"control-by-darryl-vanamburg","status":"publish","type":"product","link":"https:\/\/magiiik.netstory.com.pl\/?product=control-by-darryl-vanamburg","title":{"rendered":"Control by Darryl Vanamburg"},"content":{"rendered":"<div class=\"auto-hide-last-sibling-br paragraph_9dc5f paragraph-element\" style=\"text-align: center;\">Z genialnego umys\u0142u Darryla Vanamburga pochodzi zwodniczo prosty system, kt\u00f3ry daje ci moc \u0142amania praw fizyki!<\/div>\n<p style=\"text-align: center;\">Dzi\u0119ki CONTROL zyskujesz zdolno\u015b\u0107 do manipulowania ma\u0142ymi, codziennymi przedmiotami w nowy i niemo\u017cliwy spos\u00f3b!<\/p>\n<p style=\"text-align: center;\">Przenikaj cia\u0142o sta\u0142e przez cia\u0142o sta\u0142e, przeno\u015b przedmiot z jednego miejsca na drugie, a nawet bez wysi\u0142ku poruszaj przedmiotem, nie dotykaj\u0105c go, u\u017cywaj\u0105c jedynie si\u0142y woli!<\/p>\n<p style=\"text-align: center;\">To kompletny arsena\u0142 rutyn, pomys\u0142\u00f3w i rekwizyt\u00f3w, kt\u00f3re pozwol\u0105 ci posun\u0105\u0107 twoj\u0105 magi\u0119 naprz\u00f3d i absolutnie zaskoczy\u0107 widz\u00f3w!<\/p>\n<p style=\"text-align: center;\">\u00a0<\/p>\n<div class=\"auto-hide-last-sibling-br paragraph_9dc5f paragraph-element\" style=\"text-align: center;\"><strong>Co otrzymujesz z CONTROL:<\/strong><\/div>\n<p style=\"text-align: center;\">Ponad 9 efekt\u00f3w na pocz\u0105tek!<\/p>\n<p style=\"text-align: center;\">Precyzyjnie wykonane rekwizyty, kt\u00f3re daj\u0105 ci elastyczno\u015b\u0107 w kontrolowaniu szerokiej gamy przedmiot\u00f3w<\/p>\n<p style=\"text-align: center;\">Zwodnicze rutyny i efekty stworzone przez Gregory&#8217;ego Wilsona i Davida Gripenwaldta<\/p>\n<p style=\"text-align: center;\">Ponad 2 godziny fachowych instrukcji!<\/p>\n<p style=\"text-align: center;\">Niesamowita zdolno\u015b\u0107 telekinetycznej manipulacji banknotami, s\u0142omkami, kartami, papierosami, kubkami, kamieniami, d\u0142ugopisami i wieloma innymi!<\/p>\n<p style=\"text-align: center;\">Jeden z narz\u0119dzi w twoim arsenale zosta\u0142 zainspirowany przez klasyczny rekwizyt Enigma Nicholasa Nightsa.<\/p>\n<p style=\"text-align: center;\">\u00a0<\/p>\n<div class=\"auto-hide-last-sibling-br paragraph_9dc5f paragraph-element\" style=\"text-align: center;\"><strong>Wykorzystaj swoj\u0105 wewn\u0119trzn\u0105 moc z CONTROL.<\/strong><\/div>\n<div class=\"auto-hide-last-sibling-br paragraph_9dc5f paragraph-element\" style=\"text-align: center;\">\u00a0<\/div>\n<div class=\"auto-hide-last-sibling-br paragraph_9dc5f paragraph-element\" style=\"text-align: center;\"><strong><iframe loading=\"lazy\" title=\"YouTube video player\" src=\"\/\/www.youtube.com\/embed\/Lp2G8fpTW_k\" width=\"560\" height=\"315\" frameborder=\"0\" allowfullscreen=\"allowfullscreen\"><\/iframe><\/strong><\/div>\n","protected":false},"excerpt":{"rendered":"<p>Z genialnego umys\u0142u Darryla Vanamburga pochodzi zwodniczo prosty system, kt\u00f3ry daje ci moc \u0142amania praw fizyki! Dzi\u0119ki CONTROL zyskujesz zdolno\u015b\u0107 do manipulowania ma\u0142ymi, codziennymi przedmiotami w nowy i niemo\u017cliwy spos\u00f3b!&#8230;<\/p>\n","protected":false},"featured_media":11524,"comment_status":"closed","ping_status":"open","template":"","meta":[],"product_brand":[],"product_cat":[34],"product_tag":[],"class_list":{"0":"post-11523","1":"product","2":"type-product","3":"status-publish","4":"has-post-thumbnail","6":"product_cat-mikro-iluzja-close-up-inne","8":"first","9":"instock","10":"purchasable","11":"product-type-simple"},"_links":{"self":[{"href":"https:\/\/magiiik.netstory.com.pl\/index.php?rest_route=\/wp\/v2\/product\/11523","targetHints":{"allow":["GET"]}}],"collection":[{"href":"https:\/\/magiiik.netstory.com.pl\/index.php?rest_route=\/wp\/v2\/product"}],"about":[{"href":"https:\/\/magiiik.netstory.com.pl\/index.php?rest_route=\/wp\/v2\/types\/product"}],"replies":[{"embeddable":true,"href":"https:\/\/magiiik.netstory.com.pl\/index.php?rest_route=%2Fwp%2Fv2%2Fcomments&post=11523"}],"wp:featuredmedia":[{"embeddable":true,"href":"https:\/\/magiiik.netstory.com.pl\/index.php?rest_route=\/wp\/v2\/media\/11524"}],"wp:attachment":[{"href":"https:\/\/magiiik.netstory.com.pl\/index.php?rest_route=%2Fwp%2Fv2%2Fmedia&parent=11523"}],"wp:term":[{"taxonomy":"product_brand","embeddable":true,"href":"https:\/\/magiiik.netstory.com.pl\/index.php?rest_route=%2Fwp%2Fv2%2Fproduct_brand&post=11523"},{"taxonomy":"product_cat","embeddable":true,"href":"https:\/\/magiiik.netstory.com.pl\/index.php?rest_route=%2Fwp%2Fv2%2Fproduct_cat&post=11523"},{"taxonomy":"product_tag","embeddable":true,"href":"https:\/\/magiiik.netstory.com.pl\/index.php?rest_route=%2Fwp%2Fv2%2Fproduct_tag&post=11523"}],"curies":[{"name":"wp","href":"https:\/\/api.w.org\/{rel}","templated":true}]}}