{"id":11498,"date":"2025-09-19T13:53:43","date_gmt":"2025-09-19T11:53:43","guid":{"rendered":"https:\/\/magiiik.netstory.com.pl\/produkt\/the-haunted-deck-pro-blue-by-yim-carpenter-wong\/"},"modified":"2025-09-19T13:53:53","modified_gmt":"2025-09-19T11:53:53","slug":"the-haunted-deck-pro-blue-by-yim-carpenter-wong","status":"publish","type":"product","link":"https:\/\/magiiik.netstory.com.pl\/?product=the-haunted-deck-pro-blue-by-yim-carpenter-wong","title":{"rendered":"The Haunted Deck PRO Blue by Yim &#038; Carpenter Wong &#8211;"},"content":{"rendered":"<div class=\"auto-hide-last-sibling-br paragraph_9dc5f paragraph-element\" style=\"text-align: center;\">Haunted Deck to jeden z najsilniejszych efekt\u00f3w karcianych, jakie mo\u017cesz wykona\u0107 &#8211; je\u015bli mo\u017cesz swobodnie tasowa\u0107 tali\u0119, rozk\u0142ada\u0107 j\u0105, rozsypywa\u0107 karty, a nast\u0119pnie po\u0142o\u017cy\u0107 j\u0105 na stole dla zaskakuj\u0105cego momentu.<\/div>\n<p style=\"text-align: center;\">Dla tych, kt\u00f3rzy kochaj\u0105 ten efekt i chc\u0105 wersji, kt\u00f3ra pozwala na du\u017c\u0105 swobod\u0119 w manipulacji tali\u0105, oraz zawiera mechaniczny rekwizyt, kt\u00f3ry wymaga jedynie naci\u015bni\u0119cia przycisku, prezentujemy:<\/p>\n<p style=\"text-align: center;\"><strong>Haunted Deck PRO &#8211; najcie\u0144szy, mechaniczny rekwizyt do Haunted Deck!<\/strong><\/p>\n<p style=\"text-align: center;\">\u00a0<\/p>\n<div class=\"auto-hide-last-sibling-br paragraph_9dc5f paragraph-element\" style=\"text-align: center;\">Ten rekwizyt wygl\u0105da i dzia\u0142a dok\u0142adnie jak po\u0142owa talii kart Bicycle! Mo\u017cesz nawet przetasowa\u0107 karty! Dodaj do niego kolejne 15 normalnych kart, aby uzyska\u0107 &#8222;normaln\u0105&#8221; tali\u0119, kt\u00f3r\u0105 mo\u017cesz swobodnie manipulowa\u0107.<\/div>\n<p style=\"text-align: center;\">Bardzo precyzyjny silnik wykona ca\u0142\u0105 prac\u0119 za Ciebie.<\/p>\n<p style=\"text-align: center;\">Po raz pierwszy taki silnik zosta\u0142 u\u017cyty w tego typu efekcie.<\/p>\n<p style=\"text-align: center;\">Mo\u017cemy r\u00f3wnie\u017c zagwarantowa\u0107, \u017ce jest to najcichszy, oparty na silniku rekwizyt do Haunted Deck na \u015bwiecie.<\/p>\n<p style=\"text-align: center;\">\u00a0<\/p>\n<div class=\"auto-hide-last-sibling-br paragraph_9dc5f paragraph-element\" style=\"text-align: center;\">Pilot jest ma\u0142y, \u0142atwy do przenoszenia i posiada magnetyczny element.<\/div>\n<div class=\"auto-hide-last-sibling-br paragraph_9dc5f paragraph-element\" style=\"text-align: center;\">To jest Haunted Deck PRO &#8211; realistyczny, niezawodny, bez \u017cadnych element\u00f3w, kt\u00f3re mog\u0105 si\u0119 zepsu\u0107.<\/div>\n<div class=\"auto-hide-last-sibling-br paragraph_9dc5f paragraph-element\" style=\"text-align: center;\">Wszystkie ryzykowne aspekty Haunted Deck zosta\u0142y usuni\u0119te, pozostawiaj\u0105c Ci najsilniejszy efekt karciany.<\/div>\n<div class=\"auto-hide-last-sibling-br paragraph_9dc5f paragraph-element\" style=\"text-align: center;\">\u00a0<\/div>\n<div class=\"auto-hide-last-sibling-br paragraph_9dc5f paragraph-element\" style=\"text-align: center;\"><iframe loading=\"lazy\" title=\"YouTube video player\" src=\"\/\/www.youtube.com\/embed\/eqDs718utcQ\" width=\"560\" height=\"315\" frameborder=\"0\" allowfullscreen=\"allowfullscreen\"><\/iframe><\/div>\n","protected":false},"excerpt":{"rendered":"<p>Haunted Deck to jeden z najsilniejszych efekt\u00f3w karcianych, jakie mo\u017cesz wykona\u0107 &#8211; je\u015bli mo\u017cesz swobodnie tasowa\u0107 tali\u0119, rozk\u0142ada\u0107 j\u0105, rozsypywa\u0107 karty, a nast\u0119pnie po\u0142o\u017cy\u0107 j\u0105 na stole dla zaskakuj\u0105cego momentu&#8230;.<\/p>\n","protected":false},"featured_media":11499,"comment_status":"closed","ping_status":"open","template":"","meta":[],"product_brand":[],"product_cat":[41],"product_tag":[],"class_list":{"0":"post-11498","1":"product","2":"type-product","3":"status-publish","4":"has-post-thumbnail","6":"product_cat-mikro-iluzja-close-up-efekty-z-kartami","8":"first","9":"instock","10":"purchasable","11":"product-type-simple"},"_links":{"self":[{"href":"https:\/\/magiiik.netstory.com.pl\/index.php?rest_route=\/wp\/v2\/product\/11498","targetHints":{"allow":["GET"]}}],"collection":[{"href":"https:\/\/magiiik.netstory.com.pl\/index.php?rest_route=\/wp\/v2\/product"}],"about":[{"href":"https:\/\/magiiik.netstory.com.pl\/index.php?rest_route=\/wp\/v2\/types\/product"}],"replies":[{"embeddable":true,"href":"https:\/\/magiiik.netstory.com.pl\/index.php?rest_route=%2Fwp%2Fv2%2Fcomments&post=11498"}],"wp:featuredmedia":[{"embeddable":true,"href":"https:\/\/magiiik.netstory.com.pl\/index.php?rest_route=\/wp\/v2\/media\/11499"}],"wp:attachment":[{"href":"https:\/\/magiiik.netstory.com.pl\/index.php?rest_route=%2Fwp%2Fv2%2Fmedia&parent=11498"}],"wp:term":[{"taxonomy":"product_brand","embeddable":true,"href":"https:\/\/magiiik.netstory.com.pl\/index.php?rest_route=%2Fwp%2Fv2%2Fproduct_brand&post=11498"},{"taxonomy":"product_cat","embeddable":true,"href":"https:\/\/magiiik.netstory.com.pl\/index.php?rest_route=%2Fwp%2Fv2%2Fproduct_cat&post=11498"},{"taxonomy":"product_tag","embeddable":true,"href":"https:\/\/magiiik.netstory.com.pl\/index.php?rest_route=%2Fwp%2Fv2%2Fproduct_tag&post=11498"}],"curies":[{"name":"wp","href":"https:\/\/api.w.org\/{rel}","templated":true}]}}