{"id":11492,"date":"2025-09-19T13:53:43","date_gmt":"2025-09-19T11:53:43","guid":{"rendered":"https:\/\/magiiik.netstory.com.pl\/produkt\/spirit-fire-clip-by-tcc-conan-liu\/"},"modified":"2025-09-19T13:53:48","modified_gmt":"2025-09-19T11:53:48","slug":"spirit-fire-clip-by-tcc-conan-liu","status":"publish","type":"product","link":"https:\/\/magiiik.netstory.com.pl\/?product=spirit-fire-clip-by-tcc-conan-liu","title":{"rendered":"SPIRIT FIRE CLIP by TCC &#038; CONAN LIU"},"content":{"rendered":"<div class=\"auto-hide-last-sibling-br paragraph_9dc5f paragraph-element\" style=\"text-align: center;\">Dym i ogie\u0144 nie tylko sprawiaj\u0105, \u017ce magia staje si\u0119 bardziej atrakcyjna wizualnie,<\/div>\n<div class=\"auto-hide-last-sibling-br paragraph_9dc5f paragraph-element\" style=\"text-align: center;\">ale tak\u017ce zwi\u0119kszaj\u0105 stymulacj\u0119 i stopie\u0144 tajemniczo\u015bci,<\/div>\n<div class=\"auto-hide-last-sibling-br paragraph_9dc5f paragraph-element\" style=\"text-align: center;\">znacz\u0105co podnosz\u0105c oczekiwania i zainteresowanie publiczno\u015bci magi\u0105.<\/div>\n<p style=\"text-align: center;\">Mo\u017cesz u\u017cy\u0107 tego urz\u0105dzenia do bezpiecznego i niezawodnego generowania p\u0142omieni w dowolnym momencie.<\/p>\n<p style=\"text-align: center;\">\u00a0<\/p>\n<div class=\"auto-hide-last-sibling-br paragraph_9dc5f paragraph-element\" style=\"text-align: center;\">TCC i Conan Liu z dum\u0105 prezentuj\u0105 Spirit Fire Clip.<\/div>\n<div class=\"auto-hide-last-sibling-br paragraph_9dc5f paragraph-element\" style=\"text-align: center;\">Mo\u017cesz u\u017cy\u0107 tego urz\u0105dzenia do bezpiecznego i niezawodnego generowania ognia w niemal ka\u017cdej sytuacji.<\/div>\n<div class=\"auto-hide-last-sibling-br paragraph_9dc5f paragraph-element\" style=\"text-align: center;\">Mo\u017ce by\u0107 u\u017cywane jako samodzielny efekt: pirokineza, czytanie my\u015bli, niewidzialny dotyk, manipulacja cieniem, cofanie czasu, itp. Mo\u017ce by\u0107 tak\u017ce u\u017cywane w dowolnej z Twoich istniej\u0105cych rutyn.<\/div>\n<div class=\"auto-hide-last-sibling-br paragraph_9dc5f paragraph-element\" style=\"text-align: center;\">\u00a0<\/div>\n<div class=\"auto-hide-last-sibling-br paragraph_9dc5f paragraph-element\" style=\"text-align: center;\">G\u0142\u00f3wny efekt:<\/div>\n<div class=\"auto-hide-last-sibling-br paragraph_9dc5f paragraph-element\" style=\"text-align: center;\">Na przyk\u0142ad: moneta lub karta podpisana przez\u00a0widza jest zawini\u0119ta w kawa\u0142ek papieru i umieszczona w Spirit Fire Clip.<\/div>\n<div class=\"auto-hide-last-sibling-br paragraph_9dc5f paragraph-element\" style=\"text-align: center;\">Bez dotykania, mo\u017cesz zapali\u0107 j\u0105 za pomoc\u0105 si\u0142y umys\u0142u, a ona ca\u0142kowicie znika.<\/div>\n<div class=\"auto-hide-last-sibling-br paragraph_9dc5f paragraph-element\" style=\"text-align: center;\">Nast\u0119pnie podpisana przez publiczno\u015b\u0107 moneta lub karta znajduje si\u0119 w niemo\u017cliwej lokalizacji (pe\u0142na rutyna jest do\u0142\u0105czona).<\/div>\n<div class=\"auto-hide-last-sibling-br paragraph_9dc5f paragraph-element\" style=\"text-align: center;\">Wizualny efekt p\u0142omienia i niemo\u017cliwa transpozycja sprawi\u0105, \u017ce wra\u017cenie to pozostanie w pami\u0119ci publiczno\u015bci na d\u0142ugo.<\/div>\n<p style=\"text-align: center;\">\u00a0<\/p>\n<div class=\"auto-hide-last-sibling-br paragraph_9dc5f paragraph-element\" style=\"text-align: center;\">Urz\u0105dzenie jest trwa\u0142e, ma elegancki wygl\u0105d, jest przeno\u015bne i lekkie, proste w resetowaniu i widoczne z 360 stopni podczas wyst\u0119pu.\u00a0<\/div>\n<p style=\"text-align: center;\">Zestaw zawiera:<\/p>\n<div class=\"auto-hide-last-sibling-br paragraph_9dc5f paragraph-element\" style=\"text-align: center;\">1x Spirit Fire Clip<br class=\"container_21264 wrapper_661ac undefined\" \/>1x pilot zdalnego sterowania<br class=\"container_21264 wrapper_661ac undefined\" \/>1x internetowy tutorial wideo autorstwa Conana Liu<\/div>\n<div class=\"auto-hide-last-sibling-br paragraph_9dc5f paragraph-element\" style=\"text-align: center;\">\u00a0<\/div>\n<div class=\"auto-hide-last-sibling-br paragraph_9dc5f paragraph-element\" style=\"text-align: center;\"><iframe loading=\"lazy\" title=\"YouTube video player\" src=\"\/\/www.youtube.com\/embed\/3JZe-W5kb_c\" width=\"560\" height=\"315\" frameborder=\"0\" allowfullscreen=\"allowfullscreen\"><\/iframe><\/div>\n","protected":false},"excerpt":{"rendered":"<p>Dym i ogie\u0144 nie tylko sprawiaj\u0105, \u017ce magia staje si\u0119 bardziej atrakcyjna wizualnie, ale tak\u017ce zwi\u0119kszaj\u0105 stymulacj\u0119 i stopie\u0144 tajemniczo\u015bci, znacz\u0105co podnosz\u0105c oczekiwania i zainteresowanie publiczno\u015bci magi\u0105. Mo\u017cesz u\u017cy\u0107 tego&#8230;<\/p>\n","protected":false},"featured_media":11493,"comment_status":"closed","ping_status":"open","template":"","meta":[],"product_brand":[],"product_cat":[23],"product_tag":[],"class_list":{"0":"post-11492","1":"product","2":"type-product","3":"status-publish","4":"has-post-thumbnail","6":"product_cat-ogien-produkty-flash","8":"first","9":"instock","10":"purchasable","11":"product-type-simple"},"_links":{"self":[{"href":"https:\/\/magiiik.netstory.com.pl\/index.php?rest_route=\/wp\/v2\/product\/11492","targetHints":{"allow":["GET"]}}],"collection":[{"href":"https:\/\/magiiik.netstory.com.pl\/index.php?rest_route=\/wp\/v2\/product"}],"about":[{"href":"https:\/\/magiiik.netstory.com.pl\/index.php?rest_route=\/wp\/v2\/types\/product"}],"replies":[{"embeddable":true,"href":"https:\/\/magiiik.netstory.com.pl\/index.php?rest_route=%2Fwp%2Fv2%2Fcomments&post=11492"}],"wp:featuredmedia":[{"embeddable":true,"href":"https:\/\/magiiik.netstory.com.pl\/index.php?rest_route=\/wp\/v2\/media\/11493"}],"wp:attachment":[{"href":"https:\/\/magiiik.netstory.com.pl\/index.php?rest_route=%2Fwp%2Fv2%2Fmedia&parent=11492"}],"wp:term":[{"taxonomy":"product_brand","embeddable":true,"href":"https:\/\/magiiik.netstory.com.pl\/index.php?rest_route=%2Fwp%2Fv2%2Fproduct_brand&post=11492"},{"taxonomy":"product_cat","embeddable":true,"href":"https:\/\/magiiik.netstory.com.pl\/index.php?rest_route=%2Fwp%2Fv2%2Fproduct_cat&post=11492"},{"taxonomy":"product_tag","embeddable":true,"href":"https:\/\/magiiik.netstory.com.pl\/index.php?rest_route=%2Fwp%2Fv2%2Fproduct_tag&post=11492"}],"curies":[{"name":"wp","href":"https:\/\/api.w.org\/{rel}","templated":true}]}}