{"id":11484,"date":"2025-09-19T13:53:34","date_gmt":"2025-09-19T11:53:34","guid":{"rendered":"https:\/\/magiiik.netstory.com.pl\/produkt\/paletowy-biznes\/"},"modified":"2025-09-19T13:53:36","modified_gmt":"2025-09-19T11:53:36","slug":"paletowy-biznes","status":"publish","type":"product","link":"https:\/\/magiiik.netstory.com.pl\/?product=paletowy-biznes","title":{"rendered":"Paletowy Biznes"},"content":{"rendered":"<p style=\"text-align: center;\"><span style=\"font-size: 12pt; font-family: verdana, geneva, sans-serif;\"><strong>CHCESZ DOROBI\u0106 CZY ZA\u0141O\u017bY\u0106 ALTERNATYWNY BIZNES?<\/strong><\/span><\/p>\n<p style=\"text-align: center;\"><span style=\"font-size: 12pt; font-family: verdana, geneva, sans-serif;\">Odkryj Now\u0105 \u015acie\u017ck\u0119 Biznesow\u0105 z Kursem Online -&#8222;PALETOWY BIZNES&#8221;<\/span><\/p>\n<p style=\"text-align: center;\"><span style=\"font-size: 12pt; font-family: verdana, geneva, sans-serif;\">Czy marzysz o biznesie, kt\u00f3ry pozwoli Ci osi\u0105gn\u0105\u0107 niezale\u017cno\u015b\u0107 finansow\u0105 i elastyczno\u015b\u0107 zawodow\u0105? Nasz kurs online &#8222;PALETOWY BIZNES&#8221; oferuje Ci niezwyk\u0142\u0105 szans\u0119 na rozpocz\u0119cie tej podr\u00f3\u017cy ju\u017c dzi\u015b!<\/span><\/p>\n<p style=\"text-align: center;\"><strong><span style=\"font-size: 12pt; font-family: verdana, geneva, sans-serif;\">Nie wa\u017cne czy chcesz tylko dorobi\u0107 czy za\u0142o\u017cy\u0107 dobrze prosperuj\u0105cy biznes:<\/span><\/strong><\/p>\n<p style=\"text-align: center;\"><span style=\"font-size: 12pt; font-family: verdana, geneva, sans-serif;\">Ten kurs jest dla ka\u017cdego!<\/span><\/p>\n<p style=\"text-align: center;\"><span style=\"font-size: 12pt; font-family: verdana, geneva, sans-serif;\">Dlaczego?\u00a0<\/span><\/p>\n<p style=\"text-align: center;\"><span style=\"font-size: 12pt; font-family: verdana, geneva, sans-serif;\">Dzi\u0119ki temu kursowi otrzymasz kompleksowe szkolenie, kt\u00f3re krok po kroku poka\u017ce Ci, jak za\u0142o\u017cy\u0107 i rozwija\u0107 dochodowy biznes oparty na kupowaniu palet ze zwrot\u00f3w i sprzeda\u017cy ich towar\u00f3w. <\/span><\/p>\n<p style=\"text-align: center;\"><span style=\"font-size: 12pt; font-family: verdana, geneva, sans-serif;\">Niezale\u017cnie od tego, czy dopiero zaczynasz swoj\u0105 przygod\u0119 z przedsi\u0119biorczo\u015bci\u0105, <\/span><span style=\"font-size: 12pt; font-family: verdana, geneva, sans-serif;\">czy te\u017c poszukujesz nowych sposob\u00f3w na zwi\u0119kszenie swojego dochodu &#8211; ten kurs jest dla Ciebie!<\/span><\/p>\n<p style=\"text-align: center;\"><span style=\"font-size: 12pt; font-family: verdana, geneva, sans-serif;\">Co zyskasz, uczestnicz\u0105c w kursie <strong>&#8222;PALETOWY BIZNES&#8221;<\/strong>? <\/span><\/p>\n<p style=\"text-align: center;\"><span style=\"font-size: 12pt; font-family: verdana, geneva, sans-serif;\">PO PIERWSZE:\u00a0zdob\u0119dziesz wiedz\u0119 i umiej\u0119tno\u015bci potrzebne do skutecznego prowadzenia tego rodzaju biznesu.<\/span><\/p>\n<p style=\"text-align: center;\"><span style=\"font-size: 12pt; font-family: verdana, geneva, sans-serif;\">Kurs zosta\u0142 u\u0142o\u017cony od A do Z, aby przeprowadzi\u0107 Ci\u0119 przez kolejne kroki budowania Twojego \u017ar\u00f3d\u0142a dochodu,<\/span><\/p>\n<p style=\"text-align: center;\">jak znale\u017a\u0107 dostawc\u00f3w, jak ocenia\u0107 jako\u015b\u0107 towar\u00f3w, jak zbudowa\u0107 sie\u0107 klient\u00f3w oraz jak maksymalizowa\u0107 zyski.<\/p>\n<p style=\"text-align: center;\"><span style=\"font-size: 12pt; font-family: verdana, geneva, sans-serif;\">W \u015brodku znajdziesz r\u00f3wnie\u017c podzia\u0142 na kategorie wedle tego ile chcesz zarabia\u0107:<\/span><\/p>\n<p style=\"text-align: center;\"><span style=\"font-size: 12pt; font-family: verdana, geneva, sans-serif;\">1.000 &#8211; 5.000 &#8211; 10.000 &#8211; powy\u017cej 10.000 (miesi\u0119cznie)<\/span><\/p>\n<p style=\"text-align: center;\"><span style=\"font-size: 12pt; font-family: verdana, geneva, sans-serif;\">To pi\u0119kny biznes, w kt\u00f3rym zyski uzale\u017cnione s\u0105 od Twojego zaanga\u017cowania <\/span><\/p>\n<p style=\"text-align: center;\"><strong><span style=\"font-size: 12pt; font-family: verdana, geneva, sans-serif;\">&#8211; to Ty decydujesz na ile si\u0119\u00a0<\/span><span style=\"font-size: 12pt; font-family: verdana, geneva, sans-serif;\">zaanga\u017cujesz i ile chcesz zarabia\u0107!<\/span><\/strong><\/p>\n<p style=\"text-align: center;\">\u00a0<\/p>\n<p style=\"text-align: center;\"><span style=\"font-size: 12pt; font-family: verdana, geneva, sans-serif;\">PO DRUGIE: b\u0119dziesz mia\u0142 dost\u0119p do wsparcia i mentorstwa od do\u015bwiadczonych przedsi\u0119biorc\u00f3w, kt\u00f3rzy sami odnie\u015bli sukces w tej bran\u017cy. <\/span><\/p>\n<p style=\"text-align: center;\"><span style=\"font-size: 12pt; font-family: verdana, geneva, sans-serif;\">Dzi\u0119ki ich praktycznym wskaz\u00f3wkom i poradom b\u0119dziesz m\u00f3g\u0142 unikn\u0105\u0107 pu\u0142apek i b\u0142\u0119d\u00f3w, <\/span><\/p>\n<p style=\"text-align: center;\"><span style=\"font-size: 12pt; font-family: verdana, geneva, sans-serif;\">kt\u00f3re mog\u0105 wyst\u0105pi\u0107 na pocz\u0105tku Twojej drogi biznesowej.<\/span><\/p>\n<p style=\"text-align: center;\">\u00a0<\/p>\n<p style=\"text-align: center;\"><span style=\"font-size: 12pt; font-family: verdana, geneva, sans-serif;\">PO TRZECIE: Dostajesz wszystko na tacy &#8211; nie musisz my\u015ble\u0107, zastanawia\u0107 si\u0119 i kombinowa\u0107.<\/span><\/p>\n<p style=\"text-align: center;\"><span style=\"font-size: 12pt; font-family: verdana, geneva, sans-serif;\">Co wi\u0119cej unikniesz b\u0142\u0119d\u00f3w, kt\u00f3re s\u0105 nieuniknione na pocz\u0105tku drogi!<\/span><\/p>\n<p style=\"text-align: center;\">\u00a0<\/p>\n<p style=\"text-align: center;\"><span style=\"font-size: 12pt; font-family: verdana, geneva, sans-serif;\">To moment, w kt\u00f3rym opr\u00f3cz wydawania na zakupy, dodatkowo zaczniesz na nich zarabia\u0107!<\/span><\/p>\n<p style=\"text-align: center;\">\u00a0<\/p>\n<p style=\"text-align: center;\"><strong><span style=\"font-size: 12pt; font-family: verdana, geneva, sans-serif;\">PRZEDSPRZEDA\u017b!<\/span><\/strong><\/p>\n<p style=\"text-align: center;\"><strong><span style=\"font-size: 12pt; font-family: verdana, geneva, sans-serif;\">Kurs jest w przedsprzeda\u017cy.<\/span><\/strong><\/p>\n<p style=\"text-align: center;\"><strong><span style=\"font-size: 12pt; font-family: verdana, geneva, sans-serif;\">Dost\u0119p do kursu zostanie uruchomiony na pocz\u0105tku lipca,<\/span><\/strong><\/p>\n<p style=\"text-align: center;\"><strong><span style=\"font-size: 12pt; font-family: verdana, geneva, sans-serif;\">natomiast dzi\u0119ki przedsprzeda\u017cy TY mo\u017cesz zyska\u0107 jeszcze wi\u0119cej!<\/span><\/strong><\/p>\n<p style=\"text-align: center;\"><span style=\"font-size: 12pt; font-family: verdana, geneva, sans-serif;\">Dost\u0119p do grupy wsparcia<\/span><\/p>\n<p style=\"text-align: center;\"><span style=\"text-decoration: underline;\"><span style=\"font-size: 12pt; font-family: verdana, geneva, sans-serif;\">Cena ni\u017csza o 1.000z\u0142 !<\/span><\/span><\/p>\n<p style=\"text-align: center;\"><span style=\"font-family: verdana, geneva, sans-serif;\"><span style=\"font-size: 16px;\">Dodatkowe filmy niepublikowane nigdzie indziej<\/span><\/span><\/p>\n<p style=\"text-align: center;\"><span style=\"font-family: verdana, geneva, sans-serif;\"><span style=\"font-size: 16px;\">I wiele innych dodatk\u00f3w!<\/span><\/span><\/p>\n<p style=\"text-align: center;\">\u00a0<\/p>\n<p style=\"text-align: center;\"><strong><span style=\"font-family: verdana, geneva, sans-serif;\"><span style=\"font-size: 16px;\">To niewielka inwestycja, kt\u00f3ra zwr\u00f3ci Ci si\u0119 wielokrotnie!<\/span><\/span><\/strong><\/p>\n<p style=\"text-align: center;\"><strong><span style=\"font-family: verdana, geneva, sans-serif;\"><span style=\"font-size: 16px;\">Po zakupie kursu &#8211; spodziewaj si\u0119 telefonu ode mnie \ud83d\ude42<\/span><\/span><\/strong><\/p>\n<p style=\"text-align: center;\"><strong><span style=\"font-family: verdana, geneva, sans-serif;\"><span style=\"font-size: 16px;\"><img loading=\"lazy\" decoding=\"async\" src=\"\/userdata\/public\/assets\/\/440957513_2104927049880499_4098898285814348071_n.jpg\" alt=\"\" width=\"570\" height=\"429\" \/><\/span><\/span><\/strong><\/p>\n","protected":false},"excerpt":{"rendered":"<p>CHCESZ DOROBI\u0106 CZY ZA\u0141O\u017bY\u0106 ALTERNATYWNY BIZNES? Odkryj Now\u0105 \u015acie\u017ck\u0119 Biznesow\u0105 z Kursem Online -&#8222;PALETOWY BIZNES&#8221; Czy marzysz o biznesie, kt\u00f3ry pozwoli Ci osi\u0105gn\u0105\u0107 niezale\u017cno\u015b\u0107 finansow\u0105 i elastyczno\u015b\u0107 zawodow\u0105? Nasz kurs&#8230;<\/p>\n","protected":false},"featured_media":11485,"comment_status":"closed","ping_status":"open","template":"","meta":[],"product_brand":[],"product_cat":[31],"product_tag":[],"class_list":{"0":"post-11484","1":"product","2":"type-product","3":"status-publish","4":"has-post-thumbnail","6":"product_cat-na-specjalne-zamowienie","8":"first","9":"instock","10":"purchasable","11":"product-type-simple"},"_links":{"self":[{"href":"https:\/\/magiiik.netstory.com.pl\/index.php?rest_route=\/wp\/v2\/product\/11484","targetHints":{"allow":["GET"]}}],"collection":[{"href":"https:\/\/magiiik.netstory.com.pl\/index.php?rest_route=\/wp\/v2\/product"}],"about":[{"href":"https:\/\/magiiik.netstory.com.pl\/index.php?rest_route=\/wp\/v2\/types\/product"}],"replies":[{"embeddable":true,"href":"https:\/\/magiiik.netstory.com.pl\/index.php?rest_route=%2Fwp%2Fv2%2Fcomments&post=11484"}],"wp:featuredmedia":[{"embeddable":true,"href":"https:\/\/magiiik.netstory.com.pl\/index.php?rest_route=\/wp\/v2\/media\/11485"}],"wp:attachment":[{"href":"https:\/\/magiiik.netstory.com.pl\/index.php?rest_route=%2Fwp%2Fv2%2Fmedia&parent=11484"}],"wp:term":[{"taxonomy":"product_brand","embeddable":true,"href":"https:\/\/magiiik.netstory.com.pl\/index.php?rest_route=%2Fwp%2Fv2%2Fproduct_brand&post=11484"},{"taxonomy":"product_cat","embeddable":true,"href":"https:\/\/magiiik.netstory.com.pl\/index.php?rest_route=%2Fwp%2Fv2%2Fproduct_cat&post=11484"},{"taxonomy":"product_tag","embeddable":true,"href":"https:\/\/magiiik.netstory.com.pl\/index.php?rest_route=%2Fwp%2Fv2%2Fproduct_tag&post=11484"}],"curies":[{"name":"wp","href":"https:\/\/api.w.org\/{rel}","templated":true}]}}