{"id":11447,"date":"2025-09-19T13:53:03","date_gmt":"2025-09-19T11:53:03","guid":{"rendered":"https:\/\/magiiik.netstory.com.pl\/produkt\/easy-money-black-wallet\/"},"modified":"2025-09-19T13:53:10","modified_gmt":"2025-09-19T11:53:10","slug":"easy-money-black-wallet","status":"publish","type":"product","link":"https:\/\/magiiik.netstory.com.pl\/?product=easy-money-black-wallet","title":{"rendered":"Easy Money Black Wallet"},"content":{"rendered":"<div class=\"default-style\" style=\"text-align: center;\">Klasyk w\u015br\u00f3d klasyk\u00f3w, Power Pickpocket Toma Burgoona by\u0142 pot\u0119\u017cnym efektem<\/div>\n<div class=\"default-style\" style=\"text-align: center;\">w arsenale wielu iluzjonist\u00f3w w ci\u0105gu ostatnich kilku dekad.<\/div>\n<div class=\"default-style\" style=\"text-align: center;\">\u00a0<\/div>\n<div class=\"default-style\" style=\"text-align: center;\">Dzi\u0119ki b\u0142ogos\u0142awie\u0144stwu Toma Spencer Kennard przedstawia teraz kolejn\u0105 ods\u0142on\u0119 tego solidnego kawa\u0142ka wizualnej magii<\/div>\n<div class=\"default-style\" style=\"text-align: center;\">\u2014 EASY MONEY.<\/div>\n<div class=\"default-style\" style=\"text-align: center;\">\u00a0<\/div>\n<div class=\"default-style\" style=\"text-align: center;\">EASY MONEY Nie tylko zawiera wszystkie wizualne momenty orygina\u0142u,<\/div>\n<div class=\"default-style\" style=\"text-align: center;\">ale jest r\u00f3wnie\u017c stworzony z my\u015bl\u0105 o magii z bliska &#8211; a dla przeci\u0119tnego widza portfel<\/div>\n<div class=\"default-style\" style=\"text-align: center;\">Easy Money wydaje si\u0119 by\u0107 codziennym zwyk\u0142ym portfelem, kt\u00f3ry mo\u017ce stworzy\u0107 pot\u0119\u017cne efekty wizualne!<\/div>\n<div class=\"default-style\" style=\"text-align: center;\">\u00a0<\/div>\n<div class=\"default-style\" style=\"text-align: center;\">Efekt sprawia, \u017ce portfel pojawia si\u0119, znika, teleportuje, a nawet pojawia z najbardziej nieoczekiwanych miejsc.<\/div>\n<div class=\"default-style\" style=\"text-align: center;\">Wygl\u0105da na to, \u017ce portfele pojawiaj\u0105 si\u0119 znik\u0105d!<\/div>\n<div class=\"default-style\" style=\"text-align: center;\">\u00a0<\/div>\n<div class=\"default-style\" style=\"text-align: center;\">Instrukcje wideo obejmuj\u0105 wszystko, co musisz wiedzie\u0107 o portfelu i rutyny,<\/div>\n<div class=\"default-style\" style=\"text-align: center;\">kt\u00f3re zadowol\u0105 zar\u00f3wno amator\u00f3w, jak i profesjonalnych magik\u00f3w.<\/div>\n<div class=\"default-style\" style=\"text-align: center;\">\u00a0<\/div>\n<div class=\"default-style\" style=\"text-align: center;\">To szybkie, zabawne i \u0141ATWE! Je\u015bli lubisz wizualn\u0105 magi\u0119, kt\u00f3ra dos\u0142ownie pakuje si\u0119 p\u0142asko i gra na du\u017c\u0105 skal\u0119,<\/div>\n<div class=\"default-style\" style=\"text-align: center;\">to Easy Money autorstwa Spencera Kennarda jest dla Ciebie!<\/div>\n<div class=\"default-style\" style=\"text-align: center;\">\u00a0<\/div>\n<div class=\"default-style\" style=\"text-align: center;\"><iframe loading=\"lazy\" title=\"YouTube video player\" src=\"\/\/www.youtube.com\/embed\/CUbN3z2gvUU\" width=\"560\" height=\"315\" frameborder=\"0\" allowfullscreen=\"allowfullscreen\"><\/iframe><\/div>\n<div class=\"default-style\" style=\"text-align: center;\">\u00a0<\/div>\n<div class=\"default-style\" style=\"text-align: center;\"><em><span class=\"Y2IQFc\" lang=\"pl\">\u201eEasy Money\u201d\u00a0wygl\u0105da jak zwyk\u0142y portfel nawet z bliska. <\/span><\/em><\/div>\n<div class=\"default-style\" style=\"text-align: center;\"><em><span class=\"Y2IQFc\" lang=\"pl\">Wysokiej jako\u015bci demonstracja i film instrukta\u017cowy przedstawia Javiera Fuemayora z Murphy&#8217;s Magic, <\/span><\/em><\/div>\n<div class=\"default-style\" style=\"text-align: center;\"><span class=\"Y2IQFc\" lang=\"pl\"><em>kt\u00f3ry wykonuje \u015bwietn\u0105 robot\u0119, wyst\u0119puj\u0105c i nauczaj\u0105c. Moje ulubione rutyny, kt\u00f3rych nauczam, to \u201eWallet Through Table\u201d u oraz \u201eWallet, Inside a Wallet, Inside a Wallet\u201d, kt\u00f3ry uwa\u017cam za zabawny, niecodzienny i magiczny\u201d<\/em>. <strong>-Mark Phillips, magazyn Genii<\/strong><\/span><\/div>\n<div class=\"default-style\" style=\"text-align: center;\">\u00a0<\/div>\n<div class=\"default-style\" style=\"text-align: center;\"><span class=\"Y2IQFc\" lang=\"pl\"><strong>POLECAMY<\/strong><\/span><\/div>\n<div class=\"default-style\" style=\"text-align: center;\">\u00a0<\/div>\n<div class=\"default-style\" style=\"text-align: center;\"><span class=\"Y2IQFc\" lang=\"pl\"><strong><img loading=\"lazy\" decoding=\"async\" src=\"\/userdata\/public\/assets\/Nowe zdj\u0119cia\/Logo_raster_lowres.png\" alt=\"\" width=\"285\" height=\"308\" \/><\/strong><\/span><\/div>\n","protected":false},"excerpt":{"rendered":"<p>Klasyk w\u015br\u00f3d klasyk\u00f3w, Power Pickpocket Toma Burgoona by\u0142 pot\u0119\u017cnym efektem w arsenale wielu iluzjonist\u00f3w w ci\u0105gu ostatnich kilku dekad. \u00a0 Dzi\u0119ki b\u0142ogos\u0142awie\u0144stwu Toma Spencer Kennard przedstawia teraz kolejn\u0105 ods\u0142on\u0119 tego&#8230;<\/p>\n","protected":false},"featured_media":11448,"comment_status":"closed","ping_status":"open","template":"","meta":[],"product_brand":[],"product_cat":[34],"product_tag":[],"class_list":{"0":"post-11447","1":"product","2":"type-product","3":"status-publish","4":"has-post-thumbnail","6":"product_cat-mikro-iluzja-close-up-inne","8":"first","9":"instock","10":"purchasable","11":"product-type-simple"},"_links":{"self":[{"href":"https:\/\/magiiik.netstory.com.pl\/index.php?rest_route=\/wp\/v2\/product\/11447","targetHints":{"allow":["GET"]}}],"collection":[{"href":"https:\/\/magiiik.netstory.com.pl\/index.php?rest_route=\/wp\/v2\/product"}],"about":[{"href":"https:\/\/magiiik.netstory.com.pl\/index.php?rest_route=\/wp\/v2\/types\/product"}],"replies":[{"embeddable":true,"href":"https:\/\/magiiik.netstory.com.pl\/index.php?rest_route=%2Fwp%2Fv2%2Fcomments&post=11447"}],"wp:featuredmedia":[{"embeddable":true,"href":"https:\/\/magiiik.netstory.com.pl\/index.php?rest_route=\/wp\/v2\/media\/11448"}],"wp:attachment":[{"href":"https:\/\/magiiik.netstory.com.pl\/index.php?rest_route=%2Fwp%2Fv2%2Fmedia&parent=11447"}],"wp:term":[{"taxonomy":"product_brand","embeddable":true,"href":"https:\/\/magiiik.netstory.com.pl\/index.php?rest_route=%2Fwp%2Fv2%2Fproduct_brand&post=11447"},{"taxonomy":"product_cat","embeddable":true,"href":"https:\/\/magiiik.netstory.com.pl\/index.php?rest_route=%2Fwp%2Fv2%2Fproduct_cat&post=11447"},{"taxonomy":"product_tag","embeddable":true,"href":"https:\/\/magiiik.netstory.com.pl\/index.php?rest_route=%2Fwp%2Fv2%2Fproduct_tag&post=11447"}],"curies":[{"name":"wp","href":"https:\/\/api.w.org\/{rel}","templated":true}]}}