{"id":11385,"date":"2025-09-19T13:51:07","date_gmt":"2025-09-19T11:51:07","guid":{"rendered":"https:\/\/magiiik.netstory.com.pl\/produkt\/celebrity-scorch-halloween-and-horror\/"},"modified":"2025-09-19T13:52:16","modified_gmt":"2025-09-19T11:52:16","slug":"celebrity-scorch-halloween-and-horror","status":"publish","type":"product","link":"https:\/\/magiiik.netstory.com.pl\/?product=celebrity-scorch-halloween-and-horror","title":{"rendered":"Celebrity Scorch (Halloween and Horror)"},"content":{"rendered":"<div style=\"text-align: center;\"><span class=\"Y2IQFc\" lang=\"pl\">Mo\u017cesz sprawi\u0107, by wizerunek tych kultowych gwiazd horroru pojawi\u0142 si\u0119 na odwrocie KA\u017bDEJ pustej, podpisanej karty! <\/span><\/div>\n<div style=\"text-align: center;\">\u00a0<\/div>\n<div style=\"text-align: center;\">Nawet na Twojej w\u0142asnej wizyt\u00f3wce.<\/div>\n<div style=\"text-align: center;\">\u00a0<\/div>\n<div style=\"text-align: center;\">Edycja Celebrity Scorch Horror to POT\u0118\u017bNY kawa\u0142ek magii wizualnej, kt\u00f3ry\u00a0nokautuje widz\u00f3w.<\/div>\n<div style=\"text-align: center;\">\u00a0<\/div>\n<div style=\"text-align: center;\"><strong>Obejrzyj wideo a zrozumiesz, \u017ce jest to efekt, kt\u00f3rego nie mo\u017ce zabrakn\u0105\u0107 w Twoim arsenale!<\/strong><\/div>\n<div style=\"text-align: center;\">\u00a0<\/div>\n<div style=\"text-align: center;\"><strong><iframe loading=\"lazy\" title=\"YouTube video player\" src=\"\/\/www.youtube.com\/embed\/6xKEB5PRpKA\" width=\"560\" height=\"315\" frameborder=\"0\" allowfullscreen=\"allowfullscreen\"><\/iframe><\/strong><\/div>\n<div style=\"text-align: center;\">\u00a0<\/div>\n<div style=\"text-align: center;\">\u00a0<\/div>\n","protected":false},"excerpt":{"rendered":"<p>Mo\u017cesz sprawi\u0107, by wizerunek tych kultowych gwiazd horroru pojawi\u0142 si\u0119 na odwrocie KA\u017bDEJ pustej, podpisanej karty! \u00a0 Nawet na Twojej w\u0142asnej wizyt\u00f3wce. \u00a0 Edycja Celebrity Scorch Horror to POT\u0118\u017bNY kawa\u0142ek&#8230;<\/p>\n","protected":false},"featured_media":11386,"comment_status":"closed","ping_status":"open","template":"","meta":[],"product_brand":[],"product_cat":[41],"product_tag":[],"class_list":{"0":"post-11385","1":"product","2":"type-product","3":"status-publish","4":"has-post-thumbnail","6":"product_cat-mikro-iluzja-close-up-efekty-z-kartami","8":"first","9":"instock","10":"purchasable","11":"product-type-simple"},"_links":{"self":[{"href":"https:\/\/magiiik.netstory.com.pl\/index.php?rest_route=\/wp\/v2\/product\/11385","targetHints":{"allow":["GET"]}}],"collection":[{"href":"https:\/\/magiiik.netstory.com.pl\/index.php?rest_route=\/wp\/v2\/product"}],"about":[{"href":"https:\/\/magiiik.netstory.com.pl\/index.php?rest_route=\/wp\/v2\/types\/product"}],"replies":[{"embeddable":true,"href":"https:\/\/magiiik.netstory.com.pl\/index.php?rest_route=%2Fwp%2Fv2%2Fcomments&post=11385"}],"wp:featuredmedia":[{"embeddable":true,"href":"https:\/\/magiiik.netstory.com.pl\/index.php?rest_route=\/wp\/v2\/media\/11386"}],"wp:attachment":[{"href":"https:\/\/magiiik.netstory.com.pl\/index.php?rest_route=%2Fwp%2Fv2%2Fmedia&parent=11385"}],"wp:term":[{"taxonomy":"product_brand","embeddable":true,"href":"https:\/\/magiiik.netstory.com.pl\/index.php?rest_route=%2Fwp%2Fv2%2Fproduct_brand&post=11385"},{"taxonomy":"product_cat","embeddable":true,"href":"https:\/\/magiiik.netstory.com.pl\/index.php?rest_route=%2Fwp%2Fv2%2Fproduct_cat&post=11385"},{"taxonomy":"product_tag","embeddable":true,"href":"https:\/\/magiiik.netstory.com.pl\/index.php?rest_route=%2Fwp%2Fv2%2Fproduct_tag&post=11385"}],"curies":[{"name":"wp","href":"https:\/\/api.w.org\/{rel}","templated":true}]}}